{"id":775604,"date":"2025-09-11T06:27:34","date_gmt":"2025-09-11T03:27:34","guid":{"rendered":"https:\/\/roveyayinevi.com.tr\/index.php\/urun\/hayattan-yansimalar\/"},"modified":"2026-03-12T03:37:49","modified_gmt":"2026-03-12T00:37:49","slug":"hayattan-yansimalar","status":"publish","type":"product","link":"https:\/\/roveyayinevi.com.tr\/index.php\/urun\/hayattan-yansimalar\/","title":{"rendered":"Hayattan Yans\u0131malar"},"content":{"rendered":"<p>Sana g\u00f6re g\u00fcne\u015f do\u011fmayacakt\u0131, Ay \u0131\u015f\u0131\u011f\u0131 bile olmayacakt\u0131, Kilit vuracakt\u0131n d\u00fc\u015f\u00fcncelere Kimseler huzur bulamayacakt\u0131.   Sen hep mutlu olacakt\u0131n biz de\u011fil, Sen hep kral olacakt\u0131n biz sefil. Kilit vuracakt\u0131n d\u00fc\u015f\u00fcncelere Hakim olacakt\u0131n t\u00fcm gecelere. <\/p>\n","protected":false},"excerpt":{"rendered":"<p>Sana g\u00f6re g\u00fcne\u015f do\u011fmayacakt\u0131, Ay \u0131\u015f\u0131\u011f\u0131 bile olmayacakt\u0131, Kilit vuracakt\u0131n d\u00fc\u015f\u00fcncelere Kimseler huzur bulamayacakt\u0131. Sen hep mutlu olacakt\u0131n biz de\u011fil, Sen hep kral olacakt\u0131n biz sefil.<span class=\"excerpt-hellip\"> [\u2026]<\/span><\/p>\n","protected":false},"featured_media":0,"template":"","meta":{"_monsterinsights_skip_tracking":false,"_monsterinsights_sitenote_active":false,"_monsterinsights_sitenote_note":"","_monsterinsights_sitenote_category":0},"product_brand":[],"product_cat":[12291,12509],"product_tag":[],"class_list":{"0":"post-775604","1":"product","2":"type-product","3":"status-publish","5":"product_cat-edebiyat","6":"product_cat-siir","7":"pa_cilt-ciltsiz","8":"pa_tur-kitap","9":"pa_yayinevi-kirmizi-cati-yayinlari","10":"pa_yazar-mustafa-yildiz","12":"first","13":"instock","14":"sale","15":"shipping-taxable","16":"purchasable","17":"product-type-simple"},"_links":{"self":[{"href":"https:\/\/roveyayinevi.com.tr\/index.php\/wp-json\/wp\/v2\/product\/775604","targetHints":{"allow":["GET"]}}],"collection":[{"href":"https:\/\/roveyayinevi.com.tr\/index.php\/wp-json\/wp\/v2\/product"}],"about":[{"href":"https:\/\/roveyayinevi.com.tr\/index.php\/wp-json\/wp\/v2\/types\/product"}],"wp:attachment":[{"href":"https:\/\/roveyayinevi.com.tr\/index.php\/wp-json\/wp\/v2\/media?parent=775604"}],"wp:term":[{"taxonomy":"product_brand","embeddable":true,"href":"https:\/\/roveyayinevi.com.tr\/index.php\/wp-json\/wp\/v2\/product_brand?post=775604"},{"taxonomy":"product_cat","embeddable":true,"href":"https:\/\/roveyayinevi.com.tr\/index.php\/wp-json\/wp\/v2\/product_cat?post=775604"},{"taxonomy":"product_tag","embeddable":true,"href":"https:\/\/roveyayinevi.com.tr\/index.php\/wp-json\/wp\/v2\/product_tag?post=775604"}],"curies":[{"name":"wp","href":"https:\/\/api.w.org\/{rel}","templated":true}]}}