{"id":775603,"date":"2025-09-11T06:26:42","date_gmt":"2025-09-11T03:26:42","guid":{"rendered":"https:\/\/roveyayinevi.com.tr\/index.php\/urun\/tukuruk\/"},"modified":"2026-03-12T03:37:46","modified_gmt":"2026-03-12T00:37:46","slug":"tukuruk","status":"publish","type":"product","link":"https:\/\/roveyayinevi.com.tr\/index.php\/urun\/tukuruk\/","title":{"rendered":"T\u00fck\u00fcr\u00fck"},"content":{"rendered":"<p>Her c\u00fcmle, a\u011fza dolmu\u015f bir \u00f6fkenin, bir kahkahan\u0131n bazen de bir hakaretin izinde do\u011fdu.\u201d T\u00fck\u00fcr\u00fck Aforizmalar, dilin s\u0131n\u0131rlar\u0131nda gezinen, nezaket ile kabal\u0131\u011f\u0131n tam ortas\u0131nda dans eden sars\u0131c\u0131 aforizmalardan olu\u015fuyor. Bu eser, yazar\u0131n\u0131n i\u00e7 sesinden d\u0131\u015f d\u00fcnyaya savrulan c\u00fcmlelerin k\u0131sa, keskin ve \u00e7o\u011fu zaman rahats\u0131z edici yank\u0131lar\u0131yla dolu. Modern edebiyat\u0131n s\u0131n\u0131rlar\u0131n\u0131 zorlayan, d\u00fc\u015f\u00fcnceyle t\u00fck\u00fcr\u00fck aras\u0131nda keskin bir ba\u011f kuran T\u00fck\u00fcr\u00fck Aforizmalar, okuru rahats\u0131z etmekten \u00e7ekinmeyen bir aforizma kitab\u0131. Her sayfas\u0131nda ironiyle sarsan, toplumsal ikiy\u00fczl\u00fcl\u00fc\u011fe, bireysel maskelere ve modern hayat\u0131n abs\u00fcrtl\u00fc\u011f\u00fcne cesurca ayna tutan bu eser; edebi t\u00fck\u00fcr\u00fc\u011f\u00fcn\u00fc tam da y\u00fcz\u00fcm\u00fcze savuruyor.   Misalen, &#8212; \u201cBirazc\u0131k yer a\u00e7abilirseniz ki\u015fili\u011fim oturacak.\u201d \u201cKap\u0131ya kadar ge\u00e7irmi\u015fsin \u00e7\u0131kmamak ay\u0131p olurdu.\u201d \u201cBeni ruhsuz hale getiren herkes bu halimden \u015fikayet\u00e7i.\u201d \u201cMarsta su arayan insan, Afrika\u2019ya su g\u00f6t\u00fcremiyor.\u201d &#8212;    Neden T\u00fck\u00fcr\u00fck? \u2714 Aforizma tutkunlar\u0131 i\u00e7in s\u0131ra d\u0131\u015f\u0131 bir ses \u2714 Karanl\u0131k mizah ile felsefenin tuhaf bile\u015fimi \u2714 Herkeste ortak bir salg\u0131 <\/p>\n","protected":false},"excerpt":{"rendered":"<p>Her c\u00fcmle, a\u011fza dolmu\u015f bir \u00f6fkenin, bir kahkahan\u0131n bazen de bir hakaretin izinde do\u011fdu.\u201d T\u00fck\u00fcr\u00fck Aforizmalar, dilin s\u0131n\u0131rlar\u0131nda gezinen, nezaket ile kabal\u0131\u011f\u0131n tam ortas\u0131nda dans eden<span class=\"excerpt-hellip\"> [\u2026]<\/span><\/p>\n","protected":false},"featured_media":0,"template":"","meta":{"_monsterinsights_skip_tracking":false,"_monsterinsights_sitenote_active":false,"_monsterinsights_sitenote_note":"","_monsterinsights_sitenote_category":0},"product_brand":[],"product_cat":[75065,12291],"product_tag":[],"class_list":{"0":"post-775603","1":"product","2":"type-product","3":"status-publish","5":"product_cat-aforizmalar","6":"product_cat-edebiyat","7":"pa_cilt-ciltsiz","8":"pa_tur-kitap","9":"pa_yayinevi-kirmizi-cati-yayinlari","10":"pa_yazar-mustafa-onur-ustaoglu","12":"first","13":"instock","14":"sale","15":"shipping-taxable","16":"purchasable","17":"product-type-simple"},"_links":{"self":[{"href":"https:\/\/roveyayinevi.com.tr\/index.php\/wp-json\/wp\/v2\/product\/775603","targetHints":{"allow":["GET"]}}],"collection":[{"href":"https:\/\/roveyayinevi.com.tr\/index.php\/wp-json\/wp\/v2\/product"}],"about":[{"href":"https:\/\/roveyayinevi.com.tr\/index.php\/wp-json\/wp\/v2\/types\/product"}],"wp:attachment":[{"href":"https:\/\/roveyayinevi.com.tr\/index.php\/wp-json\/wp\/v2\/media?parent=775603"}],"wp:term":[{"taxonomy":"product_brand","embeddable":true,"href":"https:\/\/roveyayinevi.com.tr\/index.php\/wp-json\/wp\/v2\/product_brand?post=775603"},{"taxonomy":"product_cat","embeddable":true,"href":"https:\/\/roveyayinevi.com.tr\/index.php\/wp-json\/wp\/v2\/product_cat?post=775603"},{"taxonomy":"product_tag","embeddable":true,"href":"https:\/\/roveyayinevi.com.tr\/index.php\/wp-json\/wp\/v2\/product_tag?post=775603"}],"curies":[{"name":"wp","href":"https:\/\/api.w.org\/{rel}","templated":true}]}}