{"id":775599,"date":"2025-09-11T05:21:09","date_gmt":"2025-09-11T02:21:09","guid":{"rendered":"https:\/\/roveyayinevi.com.tr\/index.php\/urun\/dis-hekimliginde-kullanilan-tanimlar-terimler-ve-aciklamalari\/"},"modified":"2026-04-15T03:28:35","modified_gmt":"2026-04-15T00:28:35","slug":"dis-hekimliginde-kullanilan-tanimlar-terimler-ve-aciklamalari","status":"publish","type":"product","link":"https:\/\/roveyayinevi.com.tr\/index.php\/urun\/dis-hekimliginde-kullanilan-tanimlar-terimler-ve-aciklamalari\/","title":{"rendered":"Di\u015f Hekimli\u011finde Kullan\u0131lan Tan\u0131mlar, Terimler ve A\u00e7\u0131klamalar\u0131"},"content":{"rendered":"<p>Di\u015f Hekimli\u011finde Kullan\u0131lan Tan\u0131mlar, Terimler ve A\u00e7\u0131klamalar\u0131 di\u015f hekimli\u011finin t\u00fcm disiplinlerini kapsayan temel bilgileri i\u00e7erir. Di\u015f hekimli\u011fi mesle\u011fi bile\u015fenleri, di\u015f hekimli\u011fi fak\u00fclteleri \u00f6\u011frencileri, yard\u0131mc\u0131 sa\u011fl\u0131k personeli ve akademisyenlerin yararlanabilece\u011fi bir kitap niteli\u011findedir. Di\u015f hekimli\u011fi mesle\u011fine ilk ad\u0131m\u0131n\u0131 atan \u00f6\u011frencilerimizin h\u0131zl\u0131 ve kolayl\u0131kla ula\u015fabilece\u011fi, beklentilerini kar\u015f\u0131layabilece\u011fi ve meslekte en s\u0131k kullan\u0131lan bilgileri kapsar. Bu s\u00f6zl\u00fck ile meslek i\u00e7erisinde ayn\u0131 dilden konu\u015fmam\u0131z\u0131 sa\u011flayacak temel bilgileri okuyucuya sunmak hedeflenir. Bug\u00fcne kadar yap\u0131lan bir\u00e7ok Di\u015f Hekimli\u011finde Uzmanl\u0131k E\u011fitimi Giri\u015f S\u0131nav\u0131 (DUS) sorular\u0131n\u0131 i\u00e7ermesi ile s\u0131nava haz\u0131rl\u0131kta spot bilgiler sunar. Di\u015f hekimli\u011fi mesle\u011fine haz\u0131rlanan ve mesle\u011fini icra eden t\u00fcm okuyucular\u0131na faydal\u0131 olmas\u0131 dile\u011fiyle\u2026<\/p>\n","protected":false},"excerpt":{"rendered":"<p>Di\u015f Hekimli\u011finde Kullan\u0131lan Tan\u0131mlar, Terimler ve A\u00e7\u0131klamalar\u0131 di\u015f hekimli\u011finin t\u00fcm disiplinlerini kapsayan temel bilgileri i\u00e7erir. Di\u015f hekimli\u011fi mesle\u011fi bile\u015fenleri, di\u015f hekimli\u011fi fak\u00fclteleri \u00f6\u011frencileri, yard\u0131mc\u0131 sa\u011fl\u0131k personeli<span class=\"excerpt-hellip\"> [\u2026]<\/span><\/p>\n","protected":false},"featured_media":0,"template":"","meta":{"_monsterinsights_skip_tracking":false,"_monsterinsights_sitenote_active":false,"_monsterinsights_sitenote_note":"","_monsterinsights_sitenote_category":0},"product_brand":[],"product_cat":[13365],"product_tag":[],"class_list":{"0":"post-775599","1":"product","2":"type-product","3":"status-publish","5":"product_cat-saglik","6":"pa_cilt-ciltsiz","7":"pa_tur-kitap","8":"pa_yayinevi-kapadokya-universitesi-yayinlari","9":"pa_yazar-serdar-sutcu","11":"first","12":"instock","13":"sale","14":"shipping-taxable","15":"purchasable","16":"product-type-simple"},"_links":{"self":[{"href":"https:\/\/roveyayinevi.com.tr\/index.php\/wp-json\/wp\/v2\/product\/775599","targetHints":{"allow":["GET"]}}],"collection":[{"href":"https:\/\/roveyayinevi.com.tr\/index.php\/wp-json\/wp\/v2\/product"}],"about":[{"href":"https:\/\/roveyayinevi.com.tr\/index.php\/wp-json\/wp\/v2\/types\/product"}],"wp:attachment":[{"href":"https:\/\/roveyayinevi.com.tr\/index.php\/wp-json\/wp\/v2\/media?parent=775599"}],"wp:term":[{"taxonomy":"product_brand","embeddable":true,"href":"https:\/\/roveyayinevi.com.tr\/index.php\/wp-json\/wp\/v2\/product_brand?post=775599"},{"taxonomy":"product_cat","embeddable":true,"href":"https:\/\/roveyayinevi.com.tr\/index.php\/wp-json\/wp\/v2\/product_cat?post=775599"},{"taxonomy":"product_tag","embeddable":true,"href":"https:\/\/roveyayinevi.com.tr\/index.php\/wp-json\/wp\/v2\/product_tag?post=775599"}],"curies":[{"name":"wp","href":"https:\/\/api.w.org\/{rel}","templated":true}]}}