{"id":775572,"date":"2025-09-11T00:30:58","date_gmt":"2025-09-10T21:30:58","guid":{"rendered":"https:\/\/roveyayinevi.com.tr\/index.php\/urun\/kul-5\/"},"modified":"2026-04-16T02:26:18","modified_gmt":"2026-04-15T23:26:18","slug":"kul-5","status":"publish","type":"product","link":"https:\/\/roveyayinevi.com.tr\/index.php\/urun\/kul-5\/","title":{"rendered":"K\u00fcl"},"content":{"rendered":"<p>Kader \u00f6nceden belirlendi. Y\u00f6netim taraf\u0131ndan s\u0131k\u0131ca kontrol ediliyor. De\u011fi\u015ftirilemez.Madden Sumner bir Mor olarak do\u011fdu.Sistemin en y\u00fcksek halkas\u0131.Kaderi Yediler Bakan\u0131 olmak.Dax halkan\u0131n alt taban\u0131 olan K\u00fcl, bir Renksiz. Kaderinde ger\u00e7ekle\u015ftirmesi gereken hi\u00e7bir \u015fey yok. Buna ra\u011fmen hayat\u0131ndan vazge\u00e7mi\u015f de\u011fil. Stat\u00fcs\u00fcn\u00fcn onu tan\u0131mlamas\u0131na izin vermeyecek.Dax ve Madden\u2019\u0131n yollar\u0131, \u00f6zg\u00fcrl\u00fcklerini kazanmak i\u00e7in verecekleri m\u00fccadelede hi\u00e7 beklemedikleri bir \u015fekilde birle\u015fecek.Peki, kaderleri i\u00e7in sava\u015fmaya ger\u00e7ekten haz\u0131rlar m\u0131?<\/p>\n","protected":false},"excerpt":{"rendered":"<p>Kader \u00f6nceden belirlendi. Y\u00f6netim taraf\u0131ndan s\u0131k\u0131ca kontrol ediliyor. De\u011fi\u015ftirilemez.Madden Sumner bir Mor olarak do\u011fdu.Sistemin en y\u00fcksek halkas\u0131.Kaderi Yediler Bakan\u0131 olmak.Dax halkan\u0131n alt taban\u0131 olan K\u00fcl, bir<span class=\"excerpt-hellip\"> [\u2026]<\/span><\/p>\n","protected":false},"featured_media":0,"template":"","meta":{"_monsterinsights_skip_tracking":false,"_monsterinsights_sitenote_active":false,"_monsterinsights_sitenote_note":"","_monsterinsights_sitenote_category":0},"product_brand":[],"product_cat":[12291,12711],"product_tag":[],"class_list":{"0":"post-775572","1":"product","2":"type-product","3":"status-publish","5":"product_cat-edebiyat","6":"product_cat-roman-oyku","7":"pa_cilt-ciltsiz","8":"pa_tur-kitap","9":"pa_yayinevi-marti-yayinlari","10":"pa_yazar-darci-manley","12":"first","13":"instock","14":"sale","15":"shipping-taxable","16":"purchasable","17":"product-type-simple"},"_links":{"self":[{"href":"https:\/\/roveyayinevi.com.tr\/index.php\/wp-json\/wp\/v2\/product\/775572","targetHints":{"allow":["GET"]}}],"collection":[{"href":"https:\/\/roveyayinevi.com.tr\/index.php\/wp-json\/wp\/v2\/product"}],"about":[{"href":"https:\/\/roveyayinevi.com.tr\/index.php\/wp-json\/wp\/v2\/types\/product"}],"wp:attachment":[{"href":"https:\/\/roveyayinevi.com.tr\/index.php\/wp-json\/wp\/v2\/media?parent=775572"}],"wp:term":[{"taxonomy":"product_brand","embeddable":true,"href":"https:\/\/roveyayinevi.com.tr\/index.php\/wp-json\/wp\/v2\/product_brand?post=775572"},{"taxonomy":"product_cat","embeddable":true,"href":"https:\/\/roveyayinevi.com.tr\/index.php\/wp-json\/wp\/v2\/product_cat?post=775572"},{"taxonomy":"product_tag","embeddable":true,"href":"https:\/\/roveyayinevi.com.tr\/index.php\/wp-json\/wp\/v2\/product_tag?post=775572"}],"curies":[{"name":"wp","href":"https:\/\/api.w.org\/{rel}","templated":true}]}}