{"id":775560,"date":"2025-09-10T23:24:04","date_gmt":"2025-09-10T20:24:04","guid":{"rendered":"https:\/\/roveyayinevi.com.tr\/index.php\/urun\/eksilinanin-hayret-verici-maceralari-2-mucize-beklerken\/"},"modified":"2026-04-16T02:16:25","modified_gmt":"2026-04-15T23:16:25","slug":"eksilinanin-hayret-verici-maceralari-2-mucize-beklerken","status":"publish","type":"product","link":"https:\/\/roveyayinevi.com.tr\/index.php\/urun\/eksilinanin-hayret-verici-maceralari-2-mucize-beklerken\/","title":{"rendered":"Ek\u015filina&#8217;n\u0131n Hayret Verici Maceralar\u0131 2: Mucize Beklerken"},"content":{"rendered":"<p>Tahrip g\u00fcc\u00fc y\u00fcksek, feci ak\u0131ll\u0131, acayip patlay\u0131c\u0131, \u00e7\u0131lg\u0131n k\u0131z\u0131m\u0131z Eki\u015filina geri d\u00f6nd\u00fc!D\u00f6rt ayr\u0131 ad\u0131, iki kaplumba\u011fas\u0131 ve bir de yak\u0131n dostu olan on iki ya\u015f\u0131ndaki prensesimiz Ek\u015filina, hayret verici maceralar\u0131n\u0131n ilkinde, &#8220;y\u0131k\u0131k d\u00f6k\u00fck krall\u0131\u011f\u0131n\u0131&#8221; yeniden fethetmenin pe\u015fine d\u00fc\u015f\u00fcyordu. Al\u0131\u015f\u0131lmad\u0131k derecede \u00e7arp\u0131c\u0131 ve s\u0131n\u0131rs\u0131z ser\u00fcvenlerinin ikincisinde ise b\u00fcy\u00fck bir mucizeyi beklemeye koyuluyor.Ek\u015filina Klara Lilith Schmitt, Ek\u015fimistan\u2019dan kopmaya yeni yeni uyum sa\u011flamaya \u00e7al\u0131\u015f\u0131rken, annesinin hastal\u0131\u011f\u0131yla art\u0131k daha bir ha\u015f\u0131r ne\u015fir. \u00c2n\u0131 ka\u00e7\u0131rmamaya ve her \u015feyi annesiyle ya\u015famaya \u00e7abalayan kahraman\u0131m\u0131z\u0131 yine ek\u015fili\u011fi diz boyuna \u00e7\u0131karaca\u011f\u0131 g\u00fcnler bekliyor. Zor anlar birbirini kovalarken, annesinin tedavi s\u00fcrecinde ya\u015fad\u0131\u011f\u0131 s\u0131k\u0131nt\u0131lara bir de maddi olanaks\u0131zl\u0131klar ekleniyor. Neyse ki dostumuzun, \u201cYa\u015fam bir tavakekidir\u201d felsefesini benimseyen Peynir Generali bir b\u00fcy\u00fckbabas\u0131 ve harika dostlar\u0131 var da kar\u015f\u0131la\u015ft\u0131\u011f\u0131 sorunlarla ba\u015f edebilecek g\u00fcc\u00fc buluyor. \u00dcstelik bu sefer \u00e7ok \u00f6zel tarifli bir dondurmayla, k\u00f6\u015feyi d\u00f6nmesi i\u015ften bile de\u011fil!Hayat\u0131n ger\u00e7ekleriyle m\u00fccadele etmeye \u00e7al\u0131\u015fan Ek\u015filina, serinin ikinci halkas\u0131nda \u00e7ok daha cesur, \u00e7ok daha umutlu hareket ediyor. Belki de en \u00f6nemlisi, \u00f6fkesini kontrol alt\u0131na alabildi\u011fi takdirde g\u00fcc\u00fcn\u00fcn ve iradesinin nerelere kadar ula\u015fabilece\u011fini ke\u015ffediyor. Kendisinden beklenmeyecek bir olgunluk sergileyerek babas\u0131yla aras\u0131ndaki buzlar\u0131 eritmek i\u00e7in k\u00fc\u00e7\u00fck ad\u0131mlar atamaya ba\u015flayan Ek\u015filina, her ge\u00e7en g\u00fcn biraz daha b\u00fcy\u00fcyor&#8230;\u00d6d\u00fcll\u00fc gen\u00e7 Alman yazar Finn-Ole Heinrich\u2019in, \u00e7a\u011fda\u015f d\u00fcnya edebiyat\u0131na kazand\u0131rd\u0131\u011f\u0131 bu e\u011flenceli serinin ikinci maceras\u0131nda, Ek\u015filina, hayata ve ac\u0131mas\u0131z oyunlar\u0131na kafa tutarak umuda sar\u0131lmay\u0131 \u00f6\u011freniyor. R\u00e1n Flygenring&#8217;in stilize edilmi\u015f \u00e7izimleri, yazar\u0131n \u00f6zg\u00fcn hik\u00e2yesi, mizah yetene\u011fi ve g\u00fc\u00e7l\u00fc kurgusuyla b\u00fct\u00fcnle\u015ferek okurlar\u0131n g\u00f6z\u00fcnde ye\u015fil bir d\u00fcnya resmediyor.Ek\u015fi prensesimiz ka\u00e7\u0131n\u0131lmaz sonun fark\u0131na varm\u0131\u015f olsa da, ger\u00e7ek bir aile dayan\u0131\u015fmas\u0131na \u00f6nayak olarak b\u00fcy\u00fck bir mucizeyi beklemeye koyuluyor\u2026\u00c7ocuklar\u0131n yan\u0131 s\u0131ra yeti\u015fkin okurlar taraf\u0131ndan da ilgiyle okunabilecek \u201cEk\u015filina\u2019n\u0131n Hayret Verici Maceralar\u0131\u201d, \u00fczerinde durdu\u011fu temalar, s\u0131ra d\u0131\u015f\u0131 karakter tiplemeleri, ilham verici hik\u00e2yesiyle de\u011fi\u015fik okuma perspektifleri sunuyor. Ad\u0131na yara\u015f\u0131r d\u00fczeyde, e\u015fsiz benzersiz, al\u0131\u015f\u0131lmad\u0131k derecede \u00e7arp\u0131c\u0131, s\u0131n\u0131rs\u0131z mucizevi bir d\u00fcnyan\u0131n kap\u0131lar\u0131n\u0131 aralayan Ek\u015filina, hayatta ne olursa olsun cesaretimizi ve umudumuzu asla yitirmememiz gerekti\u011fini an\u0131msat\u0131yor.Unutmay\u0131n, kimi m\u00fccadeleler Don Ki\u015fot\u2019unkinden bile beyhude olabilir. Yeter ki Ek\u015filina\u2019n\u0131n da \u00e7abalad\u0131\u011f\u0131 gibi hayat\u0131 kabullenmeyi ve elinizdekilerle mutlu olmay\u0131 \u00f6\u011frenin\u2026<\/p>\n","protected":false},"excerpt":{"rendered":"<p>Tahrip g\u00fcc\u00fc y\u00fcksek, feci ak\u0131ll\u0131, acayip patlay\u0131c\u0131, \u00e7\u0131lg\u0131n k\u0131z\u0131m\u0131z Eki\u015filina geri d\u00f6nd\u00fc!D\u00f6rt ayr\u0131 ad\u0131, iki kaplumba\u011fas\u0131 ve bir de yak\u0131n dostu olan on iki ya\u015f\u0131ndaki prensesimiz<span class=\"excerpt-hellip\"> [\u2026]<\/span><\/p>\n","protected":false},"featured_media":0,"template":"","meta":{"_monsterinsights_skip_tracking":false,"_monsterinsights_sitenote_active":false,"_monsterinsights_sitenote_note":"","_monsterinsights_sitenote_category":0},"product_brand":[],"product_cat":[12275,12274],"product_tag":[],"class_list":{"0":"post-775560","1":"product","2":"type-product","3":"status-publish","5":"product_cat-6-12-yas-kitaplari","6":"product_cat-cocuk-ve-genclik-kitaplari","7":"pa_cilt-ciltsiz","8":"pa_tur-kitap","9":"pa_yayinevi-tudem-yayinlari","10":"pa_yazar-finn-ole-heinrich","12":"first","13":"instock","14":"sale","15":"shipping-taxable","16":"purchasable","17":"product-type-simple"},"_links":{"self":[{"href":"https:\/\/roveyayinevi.com.tr\/index.php\/wp-json\/wp\/v2\/product\/775560","targetHints":{"allow":["GET"]}}],"collection":[{"href":"https:\/\/roveyayinevi.com.tr\/index.php\/wp-json\/wp\/v2\/product"}],"about":[{"href":"https:\/\/roveyayinevi.com.tr\/index.php\/wp-json\/wp\/v2\/types\/product"}],"wp:attachment":[{"href":"https:\/\/roveyayinevi.com.tr\/index.php\/wp-json\/wp\/v2\/media?parent=775560"}],"wp:term":[{"taxonomy":"product_brand","embeddable":true,"href":"https:\/\/roveyayinevi.com.tr\/index.php\/wp-json\/wp\/v2\/product_brand?post=775560"},{"taxonomy":"product_cat","embeddable":true,"href":"https:\/\/roveyayinevi.com.tr\/index.php\/wp-json\/wp\/v2\/product_cat?post=775560"},{"taxonomy":"product_tag","embeddable":true,"href":"https:\/\/roveyayinevi.com.tr\/index.php\/wp-json\/wp\/v2\/product_tag?post=775560"}],"curies":[{"name":"wp","href":"https:\/\/api.w.org\/{rel}","templated":true}]}}