{"id":775537,"date":"2025-09-10T13:26:54","date_gmt":"2025-09-10T10:26:54","guid":{"rendered":"https:\/\/roveyayinevi.com.tr\/index.php\/urun\/acik-hava-maceralari-kitabim-eglenceli-fikir-ve-etkinliklerle-dogayi-kesfet\/"},"modified":"2026-04-15T03:42:28","modified_gmt":"2026-04-15T00:42:28","slug":"acik-hava-maceralari-kitabim-eglenceli-fikir-ve-etkinliklerle-dogayi-kesfet","status":"publish","type":"product","link":"https:\/\/roveyayinevi.com.tr\/index.php\/urun\/acik-hava-maceralari-kitabim-eglenceli-fikir-ve-etkinliklerle-dogayi-kesfet\/","title":{"rendered":"A\u00e7\u0131k Hava Maceralar\u0131 Kitab\u0131m &#8211; E\u011flenceli Fikir ve Etkinliklerle Do\u011fay\u0131 Ke\u015ffet!"},"content":{"rendered":"<p>E\u011flence dolu kitab\u0131nla a\u00e7\u0131k hava maceralar\u0131na haz\u0131rlan! Bu kitapta, heyecanl\u0131 bir\u00e7ok etkinlik \u00f6nerisinin yan\u0131 s\u0131ra a\u00e7\u0131k havaya \u00e7\u0131kt\u0131\u011f\u0131nda sana yard\u0131mc\u0131 olacak bolca ipucu ve do\u011fayla ilgili faydal\u0131 bilgiler var. Kitab\u0131n sayfalar\u0131n\u0131 \u00e7evirirken harita okumay\u0131, pusula yapmay\u0131, \u00e7ad\u0131r kurmay\u0131 ve daha bir\u00e7ok \u015feyi \u00f6\u011frenebilirsin. \u0130ngiliz Kraliyet Bah\u00e7ecilik Derne\u011fi\u2019nin bah\u00e7elerinden ilham alarak haz\u0131rlanan her sayfada, do\u011fadaki bitkilerle hayvanlar\u0131 en iyi \u015fekilde tan\u0131man\u0131 sa\u011flayacak fikirler bulabilirsin. <\/p>\n","protected":false},"excerpt":{"rendered":"<p>E\u011flence dolu kitab\u0131nla a\u00e7\u0131k hava maceralar\u0131na haz\u0131rlan! Bu kitapta, heyecanl\u0131 bir\u00e7ok etkinlik \u00f6nerisinin yan\u0131 s\u0131ra a\u00e7\u0131k havaya \u00e7\u0131kt\u0131\u011f\u0131nda sana yard\u0131mc\u0131 olacak bolca ipucu ve do\u011fayla ilgili<span class=\"excerpt-hellip\"> [\u2026]<\/span><\/p>\n","protected":false},"featured_media":0,"template":"","meta":{"_monsterinsights_skip_tracking":false,"_monsterinsights_sitenote_active":false,"_monsterinsights_sitenote_note":"","_monsterinsights_sitenote_category":0},"product_brand":[],"product_cat":[12274,15842],"product_tag":[],"class_list":{"0":"post-775537","1":"product","2":"type-product","3":"status-publish","5":"product_cat-cocuk-ve-genclik-kitaplari","6":"product_cat-egitici-kitaplar","7":"pa_cilt-ciltsiz","8":"pa_tur-kitap","9":"pa_yayinevi-is-bankasi-kultur-yayinlari","10":"pa_yazar-emily-hibbs","12":"first","13":"instock","14":"sale","15":"shipping-taxable","16":"purchasable","17":"product-type-simple"},"_links":{"self":[{"href":"https:\/\/roveyayinevi.com.tr\/index.php\/wp-json\/wp\/v2\/product\/775537","targetHints":{"allow":["GET"]}}],"collection":[{"href":"https:\/\/roveyayinevi.com.tr\/index.php\/wp-json\/wp\/v2\/product"}],"about":[{"href":"https:\/\/roveyayinevi.com.tr\/index.php\/wp-json\/wp\/v2\/types\/product"}],"wp:attachment":[{"href":"https:\/\/roveyayinevi.com.tr\/index.php\/wp-json\/wp\/v2\/media?parent=775537"}],"wp:term":[{"taxonomy":"product_brand","embeddable":true,"href":"https:\/\/roveyayinevi.com.tr\/index.php\/wp-json\/wp\/v2\/product_brand?post=775537"},{"taxonomy":"product_cat","embeddable":true,"href":"https:\/\/roveyayinevi.com.tr\/index.php\/wp-json\/wp\/v2\/product_cat?post=775537"},{"taxonomy":"product_tag","embeddable":true,"href":"https:\/\/roveyayinevi.com.tr\/index.php\/wp-json\/wp\/v2\/product_tag?post=775537"}],"curies":[{"name":"wp","href":"https:\/\/api.w.org\/{rel}","templated":true}]}}