{"id":775522,"date":"2025-09-10T13:26:30","date_gmt":"2025-09-10T10:26:30","guid":{"rendered":"https:\/\/roveyayinevi.com.tr\/index.php\/urun\/evliya-celebi-seyahatnamesi-2-kitap-gunumuz-turkcesiyle\/"},"modified":"2026-04-15T03:42:28","modified_gmt":"2026-04-15T00:42:28","slug":"evliya-celebi-seyahatnamesi-2-kitap-gunumuz-turkcesiyle","status":"publish","type":"product","link":"https:\/\/roveyayinevi.com.tr\/index.php\/urun\/evliya-celebi-seyahatnamesi-2-kitap-gunumuz-turkcesiyle\/","title":{"rendered":"Evliya \u00c7elebi Seyahatnamesi 2.Kitap &#8211; G\u00fcn\u00fcm\u00fcz T\u00fcrk\u00e7esiyle"},"content":{"rendered":"<p>Evliy\u00e2 \u00c7elebi Seyahatn\u00e2mesi&#8217;nin ikinci cildi \u0130stanbul&#8217;dan Mudanya&#8217;ya deniz yoluyla ger\u00e7ekle\u015ftirilen k\u0131sa fakat \u00e7ok g\u00fczel hik\u00e2ye edilmi\u015f bir yolculukla ba\u015flar. Eski payitaht Bursa&#8217;dan sonra Bolu \u00fczerinden Karadeniz k\u0131y\u0131lar\u0131ndaki Trabzon ba\u015fta olmak \u00fczere b\u00fcy\u00fckl\u00fc k\u00fc\u00e7\u00fckl\u00fc belli ba\u015fl\u0131 \u015fehirlere; Erzurum yoluyla \u0130ran&#8217;a Kafkasya&#8217;ya, K\u0131r\u0131m ve Girit&#8217;e uzanan sava\u015flar, i\u00e7 \u00e7eki\u015fmeler ve \u00f6zellikle Kafkas \u015fehirleri ve halklar\u0131yla ilgili \u00e7ok ilgin\u00e7 tespitlerle dolu bir d\u00f6nemin hik\u00e2yesi anlat\u0131lmaktad\u0131r.<\/p>\n","protected":false},"excerpt":{"rendered":"<p>Evliy\u00e2 \u00c7elebi Seyahatn\u00e2mesi&#8217;nin ikinci cildi \u0130stanbul&#8217;dan Mudanya&#8217;ya deniz yoluyla ger\u00e7ekle\u015ftirilen k\u0131sa fakat \u00e7ok g\u00fczel hik\u00e2ye edilmi\u015f bir yolculukla ba\u015flar. Eski payitaht Bursa&#8217;dan sonra Bolu \u00fczerinden Karadeniz<span class=\"excerpt-hellip\"> [\u2026]<\/span><\/p>\n","protected":false},"featured_media":0,"template":"","meta":{"_monsterinsights_skip_tracking":false,"_monsterinsights_sitenote_active":false,"_monsterinsights_sitenote_note":"","_monsterinsights_sitenote_category":0},"product_brand":[],"product_cat":[12304],"product_tag":[],"class_list":{"0":"post-775522","1":"product","2":"type-product","3":"status-publish","5":"product_cat-tarih","6":"pa_cilt-ciltsiz","7":"pa_tur-kitap","8":"pa_yayinevi-yeditepe-yayinevi","9":"pa_yazar-evliya-celebi","11":"first","12":"instock","13":"sale","14":"shipping-taxable","15":"purchasable","16":"product-type-simple"},"_links":{"self":[{"href":"https:\/\/roveyayinevi.com.tr\/index.php\/wp-json\/wp\/v2\/product\/775522","targetHints":{"allow":["GET"]}}],"collection":[{"href":"https:\/\/roveyayinevi.com.tr\/index.php\/wp-json\/wp\/v2\/product"}],"about":[{"href":"https:\/\/roveyayinevi.com.tr\/index.php\/wp-json\/wp\/v2\/types\/product"}],"wp:attachment":[{"href":"https:\/\/roveyayinevi.com.tr\/index.php\/wp-json\/wp\/v2\/media?parent=775522"}],"wp:term":[{"taxonomy":"product_brand","embeddable":true,"href":"https:\/\/roveyayinevi.com.tr\/index.php\/wp-json\/wp\/v2\/product_brand?post=775522"},{"taxonomy":"product_cat","embeddable":true,"href":"https:\/\/roveyayinevi.com.tr\/index.php\/wp-json\/wp\/v2\/product_cat?post=775522"},{"taxonomy":"product_tag","embeddable":true,"href":"https:\/\/roveyayinevi.com.tr\/index.php\/wp-json\/wp\/v2\/product_tag?post=775522"}],"curies":[{"name":"wp","href":"https:\/\/api.w.org\/{rel}","templated":true}]}}