{"id":775520,"date":"2025-09-10T13:26:27","date_gmt":"2025-09-10T10:26:27","guid":{"rendered":"https:\/\/roveyayinevi.com.tr\/index.php\/urun\/evliya-celebi-seyahatnamesi-3-kitap-gunumuz-turkcesiyle\/"},"modified":"2026-04-15T03:42:28","modified_gmt":"2026-04-15T00:42:28","slug":"evliya-celebi-seyahatnamesi-3-kitap-gunumuz-turkcesiyle","status":"publish","type":"product","link":"https:\/\/roveyayinevi.com.tr\/index.php\/urun\/evliya-celebi-seyahatnamesi-3-kitap-gunumuz-turkcesiyle\/","title":{"rendered":"Evliya \u00c7elebi Seyahatnamesi 3.Kitap &#8211; G\u00fcn\u00fcm\u00fcz T\u00fcrk\u00e7esiyle"},"content":{"rendered":"<p>Evliy\u00e2 \u00c7elebi Seyahatn\u00e2mesi&#8217;nin \u00fc\u00e7\u00fcnc\u00fc cildinde Anadolu, Arabistan ve Rumeli \u00fc\u00e7geninde yapt\u0131\u011f\u0131 geziler, ya\u015fad\u0131\u011f\u0131 ilgin\u00e7 olaylar, anlat\u0131lmaya de\u011fer yerler, \u015fa\u015f\u0131las\u0131 ve tad\u0131na doyulmaz g\u00fczelliklerle \u00f6r\u00fcyor kozas\u0131n\u0131. \u0130ki eski T\u00fcrk payitaht\u0131 Konya ve Edirne bu cildin g\u00f6zdesi gibi. Bu iki \u015fehir i\u00e7in kaleme al\u0131nm\u0131\u015f k\u00fc\u00e7\u00fck birer monografi bu b\u00f6l\u00fcmler i\u00e7ermektedir. \u0130stanbul&#8217;dan \u015eam&#8217;a (\u0130znik, Eski\u015fehir, Konya, Karaman, Payas, Antakya, Hama, Humus, \u015eam&#8230;), \u015eam&#8217;dan \u0130stanbul&#8217;a (Haleb, Urfa, Mara\u015f, Kayseri, Aksaray, Sivas, Harput, Zile, \u00c7ank\u0131r\u0131, Kastamonu, \u0130stanbul) ve buradan Rumeli&#8217;ye (Silistre, Filibe, Sofya, Edirne&#8230;) gidi\u015f geli\u015flerini, yer yer ki\u015fisel y\u00f6nler de katarak anlatan Evliy\u00e2 \u00c7elebi, ayn\u0131 zamanda tarihe, tarihsel olaylara tan\u0131kl\u0131k da ediyor. <\/p>\n","protected":false},"excerpt":{"rendered":"<p>Evliy\u00e2 \u00c7elebi Seyahatn\u00e2mesi&#8217;nin \u00fc\u00e7\u00fcnc\u00fc cildinde Anadolu, Arabistan ve Rumeli \u00fc\u00e7geninde yapt\u0131\u011f\u0131 geziler, ya\u015fad\u0131\u011f\u0131 ilgin\u00e7 olaylar, anlat\u0131lmaya de\u011fer yerler, \u015fa\u015f\u0131las\u0131 ve tad\u0131na doyulmaz g\u00fczelliklerle \u00f6r\u00fcyor kozas\u0131n\u0131. \u0130ki<span class=\"excerpt-hellip\"> [\u2026]<\/span><\/p>\n","protected":false},"featured_media":0,"template":"","meta":{"_monsterinsights_skip_tracking":false,"_monsterinsights_sitenote_active":false,"_monsterinsights_sitenote_note":"","_monsterinsights_sitenote_category":0},"product_brand":[],"product_cat":[12304],"product_tag":[],"class_list":{"0":"post-775520","1":"product","2":"type-product","3":"status-publish","5":"product_cat-tarih","6":"pa_cilt-ciltsiz","7":"pa_tur-kitap","8":"pa_yayinevi-yeditepe-yayinevi","9":"pa_yazar-evliya-celebi","11":"first","12":"instock","13":"sale","14":"shipping-taxable","15":"purchasable","16":"product-type-simple"},"_links":{"self":[{"href":"https:\/\/roveyayinevi.com.tr\/index.php\/wp-json\/wp\/v2\/product\/775520","targetHints":{"allow":["GET"]}}],"collection":[{"href":"https:\/\/roveyayinevi.com.tr\/index.php\/wp-json\/wp\/v2\/product"}],"about":[{"href":"https:\/\/roveyayinevi.com.tr\/index.php\/wp-json\/wp\/v2\/types\/product"}],"wp:attachment":[{"href":"https:\/\/roveyayinevi.com.tr\/index.php\/wp-json\/wp\/v2\/media?parent=775520"}],"wp:term":[{"taxonomy":"product_brand","embeddable":true,"href":"https:\/\/roveyayinevi.com.tr\/index.php\/wp-json\/wp\/v2\/product_brand?post=775520"},{"taxonomy":"product_cat","embeddable":true,"href":"https:\/\/roveyayinevi.com.tr\/index.php\/wp-json\/wp\/v2\/product_cat?post=775520"},{"taxonomy":"product_tag","embeddable":true,"href":"https:\/\/roveyayinevi.com.tr\/index.php\/wp-json\/wp\/v2\/product_tag?post=775520"}],"curies":[{"name":"wp","href":"https:\/\/api.w.org\/{rel}","templated":true}]}}