{"id":775512,"date":"2025-09-10T13:26:07","date_gmt":"2025-09-10T10:26:07","guid":{"rendered":"https:\/\/roveyayinevi.com.tr\/index.php\/urun\/bayrak-kimde-kaldi\/"},"modified":"2026-01-28T04:04:16","modified_gmt":"2026-01-28T01:04:16","slug":"bayrak-kimde-kaldi","status":"publish","type":"product","link":"https:\/\/roveyayinevi.com.tr\/index.php\/urun\/bayrak-kimde-kaldi\/","title":{"rendered":"Bayrak Kimde Kald\u0131?"},"content":{"rendered":"<p>Bayrak, sadece bir kuma\u015f par\u00e7as\u0131 m\u0131yd\u0131 ger\u00e7ekten? Yoksa her dalgaland\u0131\u011f\u0131nda bir milletin onuru, ge\u00e7mi\u015fi ve gelece\u011fi miydi? D\u00f6rd\u00fcnc\u00fc s\u0131n\u0131f \u00f6\u011frencisi Mehmet\u2019e verilen basit bir \u00f6dev, onu hayal bile edemeyece\u011fi bir yolculu\u011fa \u00e7\u0131kar\u0131r. Bir r\u00fcyada, ge\u00e7mi\u015fin kahramanlar\u0131yla tan\u0131\u015f\u0131r: S\u00fct\u00e7\u00fc \u0130mam, Nene Hatun, \u015eahin Bey, \u015eerife Bac\u0131 ve daha niceleri&#8230; Her biri ona tek bir sorunun cevab\u0131n\u0131 g\u00f6sterir: \u201cBayrak kimde kald\u0131?\u201d Bu kitap, \u00e7ocuklara sadece tarihi de\u011fil, ayn\u0131 zamanda vatan sevgisini, cesareti ve emanete sahip \u00e7\u0131kman\u0131n \u00f6nemini anlat\u0131yor. Ve sonunda Mehmet, hepimizin y\u00fcre\u011finde yank\u0131lanan o cevab\u0131 buluyor: \u201cBayrak bende kald\u0131. Bende, sende, hepimizde\u2026\u201d <\/p>\n","protected":false},"excerpt":{"rendered":"<p>Bayrak, sadece bir kuma\u015f par\u00e7as\u0131 m\u0131yd\u0131 ger\u00e7ekten? Yoksa her dalgaland\u0131\u011f\u0131nda bir milletin onuru, ge\u00e7mi\u015fi ve gelece\u011fi miydi? D\u00f6rd\u00fcnc\u00fc s\u0131n\u0131f \u00f6\u011frencisi Mehmet\u2019e verilen basit bir \u00f6dev, onu<span class=\"excerpt-hellip\"> [\u2026]<\/span><\/p>\n","protected":false},"featured_media":0,"template":"","meta":{"_monsterinsights_skip_tracking":false,"_monsterinsights_sitenote_active":false,"_monsterinsights_sitenote_note":"","_monsterinsights_sitenote_category":0},"product_brand":[],"product_cat":[12274,12284],"product_tag":[],"class_list":{"0":"post-775512","1":"product","2":"type-product","3":"status-publish","5":"product_cat-cocuk-ve-genclik-kitaplari","6":"product_cat-hikayeler","7":"pa_cilt-ciltsiz","8":"pa_tur-kitap","9":"pa_yayinevi-aile-yayinlari","10":"pa_yazar-betul-guler-dastan","12":"first","13":"instock","14":"sale","15":"shipping-taxable","16":"purchasable","17":"product-type-simple"},"_links":{"self":[{"href":"https:\/\/roveyayinevi.com.tr\/index.php\/wp-json\/wp\/v2\/product\/775512","targetHints":{"allow":["GET"]}}],"collection":[{"href":"https:\/\/roveyayinevi.com.tr\/index.php\/wp-json\/wp\/v2\/product"}],"about":[{"href":"https:\/\/roveyayinevi.com.tr\/index.php\/wp-json\/wp\/v2\/types\/product"}],"wp:attachment":[{"href":"https:\/\/roveyayinevi.com.tr\/index.php\/wp-json\/wp\/v2\/media?parent=775512"}],"wp:term":[{"taxonomy":"product_brand","embeddable":true,"href":"https:\/\/roveyayinevi.com.tr\/index.php\/wp-json\/wp\/v2\/product_brand?post=775512"},{"taxonomy":"product_cat","embeddable":true,"href":"https:\/\/roveyayinevi.com.tr\/index.php\/wp-json\/wp\/v2\/product_cat?post=775512"},{"taxonomy":"product_tag","embeddable":true,"href":"https:\/\/roveyayinevi.com.tr\/index.php\/wp-json\/wp\/v2\/product_tag?post=775512"}],"curies":[{"name":"wp","href":"https:\/\/api.w.org\/{rel}","templated":true}]}}