{"id":775493,"date":"2025-09-10T11:54:21","date_gmt":"2025-09-10T08:54:21","guid":{"rendered":"https:\/\/roveyayinevi.com.tr\/index.php\/urun\/dunyayi-kurtaran-kitap\/"},"modified":"2026-04-16T03:13:32","modified_gmt":"2026-04-16T00:13:32","slug":"dunyayi-kurtaran-kitap","status":"publish","type":"product","link":"https:\/\/roveyayinevi.com.tr\/index.php\/urun\/dunyayi-kurtaran-kitap\/","title":{"rendered":"D\u00fcnyay\u0131 Kurtaran Kitap"},"content":{"rendered":"<p>Benekli Sahaf\u2019ta Bahad\u0131r ve Asude\u2019yi \u00e7ok gizemli bir kitap bekliyor. Bu kitap, di\u011fer kitaplara hi\u00e7 ama hi\u00e7 benzemiyor. Kitab\u0131n s\u0131rlar\u0131na eri\u015fmek i\u00e7in onu saat tam sekiz oldu\u011funda a\u00e7malar\u0131 gerek! D\u00fcnyay\u0131 Kurtaran Kitap, iyili\u011fin ve sevginin g\u00fcc\u00fc \u00fczerine heyecan dolu bir hik\u00e2ye\u2026<\/p>\n","protected":false},"excerpt":{"rendered":"<p>Benekli Sahaf\u2019ta Bahad\u0131r ve Asude\u2019yi \u00e7ok gizemli bir kitap bekliyor. Bu kitap, di\u011fer kitaplara hi\u00e7 ama hi\u00e7 benzemiyor. Kitab\u0131n s\u0131rlar\u0131na eri\u015fmek i\u00e7in onu saat tam sekiz<span class=\"excerpt-hellip\"> [\u2026]<\/span><\/p>\n","protected":false},"featured_media":0,"template":"","meta":{"_monsterinsights_skip_tracking":false,"_monsterinsights_sitenote_active":false,"_monsterinsights_sitenote_note":"","_monsterinsights_sitenote_category":0},"product_brand":[],"product_cat":[12274,12284],"product_tag":[],"class_list":{"0":"post-775493","1":"product","2":"type-product","3":"status-publish","5":"product_cat-cocuk-ve-genclik-kitaplari","6":"product_cat-hikayeler","7":"pa_cilt-ciltsiz","8":"pa_tur-kitap","9":"pa_yayinevi-ketebe-yayinlari","10":"pa_yazar-abdullah-dide-senturk","12":"first","13":"instock","14":"sale","15":"shipping-taxable","16":"purchasable","17":"product-type-simple"},"_links":{"self":[{"href":"https:\/\/roveyayinevi.com.tr\/index.php\/wp-json\/wp\/v2\/product\/775493","targetHints":{"allow":["GET"]}}],"collection":[{"href":"https:\/\/roveyayinevi.com.tr\/index.php\/wp-json\/wp\/v2\/product"}],"about":[{"href":"https:\/\/roveyayinevi.com.tr\/index.php\/wp-json\/wp\/v2\/types\/product"}],"wp:attachment":[{"href":"https:\/\/roveyayinevi.com.tr\/index.php\/wp-json\/wp\/v2\/media?parent=775493"}],"wp:term":[{"taxonomy":"product_brand","embeddable":true,"href":"https:\/\/roveyayinevi.com.tr\/index.php\/wp-json\/wp\/v2\/product_brand?post=775493"},{"taxonomy":"product_cat","embeddable":true,"href":"https:\/\/roveyayinevi.com.tr\/index.php\/wp-json\/wp\/v2\/product_cat?post=775493"},{"taxonomy":"product_tag","embeddable":true,"href":"https:\/\/roveyayinevi.com.tr\/index.php\/wp-json\/wp\/v2\/product_tag?post=775493"}],"curies":[{"name":"wp","href":"https:\/\/api.w.org\/{rel}","templated":true}]}}