{"id":775485,"date":"2025-09-10T10:14:46","date_gmt":"2025-09-10T07:14:46","guid":{"rendered":"https:\/\/roveyayinevi.com.tr\/index.php\/urun\/luna\/"},"modified":"2026-04-16T02:58:23","modified_gmt":"2026-04-15T23:58:23","slug":"luna","status":"publish","type":"product","link":"https:\/\/roveyayinevi.com.tr\/index.php\/urun\/luna\/","title":{"rendered":"Luna"},"content":{"rendered":"<p>Bildi\u011fin her \u015feyi unut. \u00c7\u00fcnk\u00fc bildiklerin \u201cher \u015feyi\u201d unutturmak i\u00e7indi. Aslolan\u0131 hat\u0131rlama diyeydi. \u00c7\u00fcnk\u00fc bildi\u011fini sand\u0131klar\u0131n koca bir yan\u0131lsamadan ibaret. Sadece \u201cbunu\u201d bilmeni istedikleri i\u00e7in yarat\u0131ld\u0131lar. Bilmeni istemedikleri \u201cger\u00e7ek\u201d i\u00e7inse g\u00f6zlerine koca bir perde \u00f6rt\u00fcld\u00fc. Karanl\u0131k bir maskeyle sarmaland\u0131n. Sana \u00f6\u011fretilenler mutlak do\u011frular olmad\u0131 hi\u00e7bir zaman. Do\u011fdu\u011funda hayat\u0131 bundan ibaret sand\u0131n, senden \u00f6ncekiler de \u00f6yle sand\u0131, ondan \u00f6ncekiler de. G\u00f6rd\u00fc\u011f\u00fcn, g\u00f6rd\u00fc\u011f\u00fcm\u00fcz normlar bunlard\u0131 \u00e7\u00fcnk\u00fc. Sen bunu ger\u00e7ek diye alg\u0131lad\u0131n, \u00e7\u00fcnk\u00fc hepsi \u201colmas\u0131 gereken bu\u201d diye dayat\u0131ld\u0131. Akl\u0131na s\u00fcrg\u00fcn edildin, ak\u0131llar\u0131m\u0131za hapsedildik. \u00dcstelik \u015fimdiye ait de\u011fil bu tutsakl\u0131k, binlerce y\u0131ld\u0131r s\u00fcregelen bir kan\u0131ksan\u0131\u015f. Koca bir aldan\u0131\u015f. Al\u0131\u015fkanl\u0131klar\u0131m\u0131za al\u0131\u015ft\u0131r\u0131ld\u0131k, onlardan asla kopart\u0131lmamak \u00fczere. Korkular\u0131m\u0131z\u0131n, kayg\u0131lar\u0131m\u0131z\u0131n kontrol etti\u011fi strese dayal\u0131 yapay nefesler yaratt\u0131lar bizlere. \u00c7\u0131kar yol bulamayan, debelendik\u00e7e batan, \u00e7\u0131rp\u0131nd\u0131k\u00e7a yaln\u0131zla\u015fan \u00e7aresiz birer varl\u0131\u011fa d\u00f6n\u00fc\u015ft\u00fcr\u00fcld\u00fck. Her \u015fey, \u00f6z\u00fcn\u00fcn derinliklerinde, bilincine a\u00e7\u0131lan o nehirde. \u00c7\u00fcnk\u00fc aslolan ger\u00e7ek, bildiklerinde de\u011fil, bilmediklerinde sakl\u0131&#8230; \u00c7ok ses getiren K\u0131yamet serisinin yazar\u0131 B. Bu\u011fra G\u00fclsoy\u2019dan sars\u0131c\u0131 bir roman!<\/p>\n","protected":false},"excerpt":{"rendered":"<p>Bildi\u011fin her \u015feyi unut. \u00c7\u00fcnk\u00fc bildiklerin \u201cher \u015feyi\u201d unutturmak i\u00e7indi. Aslolan\u0131 hat\u0131rlama diyeydi. \u00c7\u00fcnk\u00fc bildi\u011fini sand\u0131klar\u0131n koca bir yan\u0131lsamadan ibaret. Sadece \u201cbunu\u201d bilmeni istedikleri i\u00e7in yarat\u0131ld\u0131lar.<span class=\"excerpt-hellip\"> [\u2026]<\/span><\/p>\n","protected":false},"featured_media":0,"template":"","meta":{"_monsterinsights_skip_tracking":false,"_monsterinsights_sitenote_active":false,"_monsterinsights_sitenote_note":"","_monsterinsights_sitenote_category":0},"product_brand":[],"product_cat":[12291,12711],"product_tag":[],"class_list":{"0":"post-775485","1":"product","2":"type-product","3":"status-publish","5":"product_cat-edebiyat","6":"product_cat-roman-oyku","7":"pa_cilt-ciltsiz","8":"pa_tur-kitap","9":"pa_yayinevi-inkilap-kitabevi","10":"pa_yazar-bugra-gulsoy","12":"first","13":"instock","14":"sale","15":"shipping-taxable","16":"purchasable","17":"product-type-simple"},"_links":{"self":[{"href":"https:\/\/roveyayinevi.com.tr\/index.php\/wp-json\/wp\/v2\/product\/775485","targetHints":{"allow":["GET"]}}],"collection":[{"href":"https:\/\/roveyayinevi.com.tr\/index.php\/wp-json\/wp\/v2\/product"}],"about":[{"href":"https:\/\/roveyayinevi.com.tr\/index.php\/wp-json\/wp\/v2\/types\/product"}],"wp:attachment":[{"href":"https:\/\/roveyayinevi.com.tr\/index.php\/wp-json\/wp\/v2\/media?parent=775485"}],"wp:term":[{"taxonomy":"product_brand","embeddable":true,"href":"https:\/\/roveyayinevi.com.tr\/index.php\/wp-json\/wp\/v2\/product_brand?post=775485"},{"taxonomy":"product_cat","embeddable":true,"href":"https:\/\/roveyayinevi.com.tr\/index.php\/wp-json\/wp\/v2\/product_cat?post=775485"},{"taxonomy":"product_tag","embeddable":true,"href":"https:\/\/roveyayinevi.com.tr\/index.php\/wp-json\/wp\/v2\/product_tag?post=775485"}],"curies":[{"name":"wp","href":"https:\/\/api.w.org\/{rel}","templated":true}]}}