{"id":775481,"date":"2025-09-10T09:48:37","date_gmt":"2025-09-10T06:48:37","guid":{"rendered":"https:\/\/roveyayinevi.com.tr\/index.php\/urun\/cizgili-corapli-kiz\/"},"modified":"2025-09-10T09:48:37","modified_gmt":"2025-09-10T06:48:37","slug":"cizgili-corapli-kiz","status":"publish","type":"product","link":"https:\/\/roveyayinevi.com.tr\/index.php\/urun\/cizgili-corapli-kiz\/","title":{"rendered":"\u00c7izgili \u00c7orapl\u0131 K\u0131z"},"content":{"rendered":"<p>\u00c7izgili \u00c7orapl\u0131 K\u0131z Kitap A\u00e7\u0131klamas\u0131Bu hikaye, belki de hi\u00e7 kar\u015f\u0131la\u015fmad\u0131\u011f\u0131n, ad\u0131n\u0131 duymad\u0131\u011f\u0131n, kurallar\u0131n\u0131 anlamland\u0131ramad\u0131\u011f\u0131n bir \u00fclkede ge\u00e7iyor.Tuhaf bir \u00fclke buras\u0131\u2026Herkesin d\u00fcmd\u00fcz \u00e7oraplar giydi\u011fi, renkleri \u00f6teledi\u011fi, herkesin hep ayn\u0131 \u015feyleri s\u00f6yledi\u011fi bu yerde; d\u00fc\u015flerini, okudu\u011fu masallarla, renklerle, desenlerle besleyip b\u00fcy\u00fcten biri var. Kabuklara de\u011fil \u00f6ze inanan, herkesin bir rengi oldu\u011funu ke\u015ffeden biri.\u015eimdi d\u00fc\u015f\u00fcn\u00fcnce\u2026 belki de o sensindir. Belki de bu \u00fclke, sana \u00e7ok da uzak olmayan bir \u00fclkedir.Merve G\u00fclcemal\u2019den, farkl\u0131l\u0131\u011fa, \u00f6tekile\u015ftirmeye, kal\u0131pla\u015fm\u0131\u015f yarg\u0131lara dair iyi bir hikaye. Hassas bir \u00e7ocuk \u00f6zelinde i\u015flenen metin, toplumsal ayr\u0131\u015ft\u0131r\u0131c\u0131l\u0131\u011fa y\u00f6neltilen duru ve fark\u0131ndal\u0131kl\u0131 bir bak\u0131\u015f.<\/p>\n","protected":false},"excerpt":{"rendered":"<p>\u00c7izgili \u00c7orapl\u0131 K\u0131z Kitap A\u00e7\u0131klamas\u0131Bu hikaye, belki de hi\u00e7 kar\u015f\u0131la\u015fmad\u0131\u011f\u0131n, ad\u0131n\u0131 duymad\u0131\u011f\u0131n, kurallar\u0131n\u0131 anlamland\u0131ramad\u0131\u011f\u0131n bir \u00fclkede ge\u00e7iyor.Tuhaf bir \u00fclke buras\u0131\u2026Herkesin d\u00fcmd\u00fcz \u00e7oraplar giydi\u011fi, renkleri \u00f6teledi\u011fi, herkesin<span class=\"excerpt-hellip\"> [\u2026]<\/span><\/p>\n","protected":false},"featured_media":0,"template":"","meta":{"_monsterinsights_skip_tracking":false,"_monsterinsights_sitenote_active":false,"_monsterinsights_sitenote_note":"","_monsterinsights_sitenote_category":0},"product_brand":[],"product_cat":[12274,12284],"product_tag":[],"class_list":{"0":"post-775481","1":"product","2":"type-product","3":"status-publish","5":"product_cat-cocuk-ve-genclik-kitaplari","6":"product_cat-hikayeler","7":"pa_cilt-ciltsiz","8":"pa_tur-kitap","9":"pa_yayinevi-cezve-cocuk","10":"pa_yazar-merve-gulcemal","12":"first","13":"instock","14":"sale","15":"shipping-taxable","16":"purchasable","17":"product-type-simple"},"_links":{"self":[{"href":"https:\/\/roveyayinevi.com.tr\/index.php\/wp-json\/wp\/v2\/product\/775481","targetHints":{"allow":["GET"]}}],"collection":[{"href":"https:\/\/roveyayinevi.com.tr\/index.php\/wp-json\/wp\/v2\/product"}],"about":[{"href":"https:\/\/roveyayinevi.com.tr\/index.php\/wp-json\/wp\/v2\/types\/product"}],"wp:attachment":[{"href":"https:\/\/roveyayinevi.com.tr\/index.php\/wp-json\/wp\/v2\/media?parent=775481"}],"wp:term":[{"taxonomy":"product_brand","embeddable":true,"href":"https:\/\/roveyayinevi.com.tr\/index.php\/wp-json\/wp\/v2\/product_brand?post=775481"},{"taxonomy":"product_cat","embeddable":true,"href":"https:\/\/roveyayinevi.com.tr\/index.php\/wp-json\/wp\/v2\/product_cat?post=775481"},{"taxonomy":"product_tag","embeddable":true,"href":"https:\/\/roveyayinevi.com.tr\/index.php\/wp-json\/wp\/v2\/product_tag?post=775481"}],"curies":[{"name":"wp","href":"https:\/\/api.w.org\/{rel}","templated":true}]}}