{"id":775478,"date":"2025-09-10T09:17:44","date_gmt":"2025-09-10T06:17:44","guid":{"rendered":"https:\/\/roveyayinevi.com.tr\/index.php\/urun\/bilinmeyen-yonleriyle-hz-ali-ve-ailesi\/"},"modified":"2025-09-11T02:31:44","modified_gmt":"2025-09-10T23:31:44","slug":"bilinmeyen-yonleriyle-hz-ali-ve-ailesi","status":"publish","type":"product","link":"https:\/\/roveyayinevi.com.tr\/index.php\/urun\/bilinmeyen-yonleriyle-hz-ali-ve-ailesi\/","title":{"rendered":"Bilinmeyen Y\u00f6nleriyle Hz. Ali ve Ailesi"},"content":{"rendered":"<p>Arif Tekin bu kitab\u0131nda, Hz. Ali ve Ailesi hakk\u0131nda bilinmeyen bir\u00e7ok konuyu, en g\u00fcvenilir kabul edilen S\u00fcnni eserler ve gerekti\u011fi yerlerde \u015eia kaynaklar\u0131 e\u015fli\u011finde mercek alt\u0131na al\u0131yor. Kitab\u0131n i\u00e7inde az bilinen \u00f6nemli bilgilere yer veriyor. \u0130slam yolunda say\u0131s\u0131z cinayetler i\u015flendi\u011fi herkesin malumudur. \u00dcstelik bu felaketler, Hz. Muhammed\u2019in en yak\u0131n akrabas\u0131 Hz. Ali\u2019nin de ba\u015f\u0131na gelmi\u015f, Ebu Talip ailesi neredeyse yok olmu\u015ftur. Din sava\u015flar\u0131 boyunca sadece bu ki\u015filer zarar g\u00f6rmemi\u015f, en ba\u015fta Hz. Muhammed ve d\u00f6rt halife d\u00e2hil, \u0130slam dininin ortaya \u00e7\u0131k\u0131\u015f\u0131ndan g\u00fcn\u00fcm\u00fcze kadar pek \u00e7ok ki\u015fi k\u0131y\u0131ma u\u011fram\u0131\u015f; u\u011framaya da devam etmektedir. Her zaman oldu\u011fu gibi bu konuda da en b\u00fcy\u00fck zarar\u0131 kad\u0131nlar g\u00f6rm\u00fc\u015ft\u00fcr. G\u00fcn\u00fcm\u00fczde de en \u00e7ok sald\u0131r\u0131ya u\u011frayan kad\u0131nlar olmu\u015ftur. \u201cB\u00fct\u00fcn bunlara de\u011fer miydi?\u201d sorusunun yan\u0131t\u0131n\u0131 kitab\u0131 okudu\u011funuzda bulabilece\u011finize inan\u0131yoruz. Kitaptaki kimi b\u00f6l\u00fcmler \u015funlard\u0131r: \u2022 Hz. Ali ve e\u015finin evine yap\u0131lan bask\u0131n. \u2022 Halife \u00d6mer\u2019in Hz. Ali\u2019nin k\u0131z\u0131na el koymas\u0131. \u2022 Hz. Ali\u2019nin e\u015f ve \u00e7ocuklar\u0131. \u2022 Gadir-i Hum Hadisesi. \u2022 \u0130slam\u2019\u0131n Temel Amac\u0131. G\u00fcn\u00fcm\u00fczde k\u00fcresel kapitalizm d\u00fcnyay\u0131 b\u00f6l\u00fcp y\u00f6netebilmek i\u00e7in dinleri kanl\u0131 bir \u015fekilde kullanmakta, emperyalist ama\u00e7lar\u0131na alet etmektedir. Ayd\u0131nlar\u0131n i\u015fi bu a\u00e7\u0131dan olduk\u00e7a zor g\u00f6r\u00fcn\u00fcyor. Bu ba\u011flamda Arif Tekin\u2019in zengin kaynaklar e\u015fli\u011finde sundu\u011fu bu kitab\u0131n\u0131 da ilgiyle okuyaca\u011f\u0131n\u0131za inan\u0131yoruz. <\/p>\n","protected":false},"excerpt":{"rendered":"<p>Arif Tekin bu kitab\u0131nda, Hz. Ali ve Ailesi hakk\u0131nda bilinmeyen bir\u00e7ok konuyu, en g\u00fcvenilir kabul edilen S\u00fcnni eserler ve gerekti\u011fi yerlerde \u015eia kaynaklar\u0131 e\u015fli\u011finde mercek alt\u0131na<span class=\"excerpt-hellip\"> [\u2026]<\/span><\/p>\n","protected":false},"featured_media":0,"template":"","meta":{"_monsterinsights_skip_tracking":false,"_monsterinsights_sitenote_active":false,"_monsterinsights_sitenote_note":"","_monsterinsights_sitenote_category":0},"product_brand":[],"product_cat":[13575,12718,12719],"product_tag":[],"class_list":{"0":"post-775478","1":"product","2":"type-product","3":"status-publish","5":"product_cat-alevilik-bektasilik","6":"product_cat-din","7":"product_cat-islam","8":"pa_cilt-ciltsiz","9":"pa_tur-kitap","10":"pa_yayinevi-berfin-yayinlari","11":"pa_yazar-arif-tekin","13":"first","14":"instock","15":"sale","16":"shipping-taxable","17":"purchasable","18":"product-type-simple"},"_links":{"self":[{"href":"https:\/\/roveyayinevi.com.tr\/index.php\/wp-json\/wp\/v2\/product\/775478","targetHints":{"allow":["GET"]}}],"collection":[{"href":"https:\/\/roveyayinevi.com.tr\/index.php\/wp-json\/wp\/v2\/product"}],"about":[{"href":"https:\/\/roveyayinevi.com.tr\/index.php\/wp-json\/wp\/v2\/types\/product"}],"wp:attachment":[{"href":"https:\/\/roveyayinevi.com.tr\/index.php\/wp-json\/wp\/v2\/media?parent=775478"}],"wp:term":[{"taxonomy":"product_brand","embeddable":true,"href":"https:\/\/roveyayinevi.com.tr\/index.php\/wp-json\/wp\/v2\/product_brand?post=775478"},{"taxonomy":"product_cat","embeddable":true,"href":"https:\/\/roveyayinevi.com.tr\/index.php\/wp-json\/wp\/v2\/product_cat?post=775478"},{"taxonomy":"product_tag","embeddable":true,"href":"https:\/\/roveyayinevi.com.tr\/index.php\/wp-json\/wp\/v2\/product_tag?post=775478"}],"curies":[{"name":"wp","href":"https:\/\/api.w.org\/{rel}","templated":true}]}}