{"id":775468,"date":"2025-09-10T08:28:07","date_gmt":"2025-09-10T05:28:07","guid":{"rendered":"https:\/\/roveyayinevi.com.tr\/index.php\/urun\/devasa-hayvanlarin-buyuk-kitabi-minik-hayvanlarin-kucuk-kitabi\/"},"modified":"2026-04-16T02:37:12","modified_gmt":"2026-04-15T23:37:12","slug":"devasa-hayvanlarin-buyuk-kitabi-minik-hayvanlarin-kucuk-kitabi","status":"publish","type":"product","link":"https:\/\/roveyayinevi.com.tr\/index.php\/urun\/devasa-hayvanlarin-buyuk-kitabi-minik-hayvanlarin-kucuk-kitabi\/","title":{"rendered":"Devasa Hayvanlar\u0131n B\u00fcy\u00fck Kitab\u0131 &#8211; Minik Hayvanlar\u0131n K\u00fc\u00e7\u00fck Kitab\u0131"},"content":{"rendered":"<p>Baz\u0131 hayvanlar evlerimizden bile daha B\u00dcY\u00dcKT\u00dcR. Baz\u0131lar\u0131ysa madeni paralardan \u00e7ok daha k\u00fc\u00e7\u00fck. Do\u011fadaki kocaman hayvanlardan baz\u0131lar\u0131 sizinle tan\u0131\u015fabilmek i\u00e7in Devasa Hayvanlar\u0131n B\u00fcy\u00fck Kitab\u0131\u2019n\u0131n i\u00e7ine s\u0131\u011facak kadar K\u00dc\u00c7\u00dcLD\u00dc.EN K\u00dc\u00c7\u00dcK olanlar ise Minik Hayvanlar\u0131n K\u00fc\u00e7\u00fck Kitab\u0131 i\u00e7erisinde gizlendi ve onlar\u0131 bulman\u0131 bekliyor. Haydi! \u015eimdi t\u00fcm bu harika hayvanlarla tan\u0131\u015fma zaman\u0131!<\/p>\n","protected":false},"excerpt":{"rendered":"<p>Baz\u0131 hayvanlar evlerimizden bile daha B\u00dcY\u00dcKT\u00dcR. Baz\u0131lar\u0131ysa madeni paralardan \u00e7ok daha k\u00fc\u00e7\u00fck. Do\u011fadaki kocaman hayvanlardan baz\u0131lar\u0131 sizinle tan\u0131\u015fabilmek i\u00e7in Devasa Hayvanlar\u0131n B\u00fcy\u00fck Kitab\u0131\u2019n\u0131n i\u00e7ine s\u0131\u011facak kadar<span class=\"excerpt-hellip\"> [\u2026]<\/span><\/p>\n","protected":false},"featured_media":0,"template":"","meta":{"_monsterinsights_skip_tracking":false,"_monsterinsights_sitenote_active":false,"_monsterinsights_sitenote_note":"","_monsterinsights_sitenote_category":0},"product_brand":[],"product_cat":[12275,12274],"product_tag":[],"class_list":{"0":"post-775468","1":"product","2":"type-product","3":"status-publish","5":"product_cat-6-12-yas-kitaplari","6":"product_cat-cocuk-ve-genclik-kitaplari","7":"pa_cilt-ciltli","8":"pa_tur-kitap","9":"pa_yayinevi-ketebe-yayinlari","10":"pa_yazar-cristina-banfi-cristina-peraboni","12":"first","13":"instock","14":"sale","15":"shipping-taxable","16":"purchasable","17":"product-type-simple"},"_links":{"self":[{"href":"https:\/\/roveyayinevi.com.tr\/index.php\/wp-json\/wp\/v2\/product\/775468","targetHints":{"allow":["GET"]}}],"collection":[{"href":"https:\/\/roveyayinevi.com.tr\/index.php\/wp-json\/wp\/v2\/product"}],"about":[{"href":"https:\/\/roveyayinevi.com.tr\/index.php\/wp-json\/wp\/v2\/types\/product"}],"wp:attachment":[{"href":"https:\/\/roveyayinevi.com.tr\/index.php\/wp-json\/wp\/v2\/media?parent=775468"}],"wp:term":[{"taxonomy":"product_brand","embeddable":true,"href":"https:\/\/roveyayinevi.com.tr\/index.php\/wp-json\/wp\/v2\/product_brand?post=775468"},{"taxonomy":"product_cat","embeddable":true,"href":"https:\/\/roveyayinevi.com.tr\/index.php\/wp-json\/wp\/v2\/product_cat?post=775468"},{"taxonomy":"product_tag","embeddable":true,"href":"https:\/\/roveyayinevi.com.tr\/index.php\/wp-json\/wp\/v2\/product_tag?post=775468"}],"curies":[{"name":"wp","href":"https:\/\/api.w.org\/{rel}","templated":true}]}}