{"id":775462,"date":"2025-09-10T07:38:42","date_gmt":"2025-09-10T04:38:42","guid":{"rendered":"https:\/\/roveyayinevi.com.tr\/index.php\/urun\/once-hayal\/"},"modified":"2026-04-16T02:29:46","modified_gmt":"2026-04-15T23:29:46","slug":"once-hayal","status":"publish","type":"product","link":"https:\/\/roveyayinevi.com.tr\/index.php\/urun\/once-hayal\/","title":{"rendered":"\u00d6nce Hayal"},"content":{"rendered":"<p>Jozef bir terziydi. M\u00fc\u015fterilerine \u00f6nce bak\u0131yor, sonra g\u00f6zlerini kapat\u0131p onlar i\u00e7in bir hayal kuruyor ve ba\u015fl\u0131yordu dikmeye. K\u0131rt k\u0131rt, t\u0131k\u0131r t\u0131k\u0131r, pof pof! Ortaya \u00f6yle g\u00fczel giysiler \u00e7\u0131k\u0131yordu ki&#8230; Derken sonunda Jozef kendisi i\u00e7in de bir hayal kurdu ve hayali reng\u00e2renk bir paltoya d\u00f6n\u00fc\u015ft\u00fc. Peki paltosu eskidi\u011finde Jozef ondan nas\u0131l vazge\u00e7ecekti? Yoksa ba\u015fka bir se\u00e7ene\u011fi de var m\u0131yd\u0131?Masal anlat\u0131c\u0131s\u0131 Judith Malika Liberman ilk kez \u00e7ocuklar i\u00e7in yazd\u0131! D\u00fcnya masallar\u0131n\u0131 yeniden yorumlayan Liberman, \u201c\u015eark\u0131l\u0131 Masallar\u201d serisinin bu ilk kitab\u0131nda okurlar\u0131na hayal kurmak, yarat\u0131c\u0131l\u0131k, kimlik edinmek, ileri d\u00f6n\u00fc\u015f\u00fcm ve vazge\u00e7memek \u00fczerine rengarenk bir masal anlat\u0131yor. \u00dcstelik bu \u00e7ok katmanl\u0131 masal, ritmik \u015fark\u0131larla da zenginle\u015fiyor.\u00d6nce Hayal\u2019i Judith Malika Liberman\u2019\u0131n anlat\u0131m\u0131 ve \u015fark\u0131lar\u0131 ile youtube ve soundcloud platformlar\u0131ndan dinleyebilirsiniz. B\u00f6ylece masal anlat\u0131m\u0131 konusunda Liberman\u2019\u0131n rehberli\u011finden ilham alabilir, hem okuyup hem dinlerken kendinizi \u015fark\u0131lara e\u015flik ederken bulabilirsiniz. Bunun i\u00e7in kitab\u0131n \u00fczerinde yer alan karekodu telefon ya da tabletinize okutman\u0131z yeterli.Kitab\u0131n sonundaki etkinlik sayfas\u0131yla da masal\u0131n i\u015faret etti\u011fi ileri d\u00f6n\u00fc\u015f\u00fcm fikrini peki\u015ftirebilir, hayat\u0131n\u0131za katabilirsiniz.Zeynep \u00d6zatalay\u2019\u0131n masals\u0131 g\u00fczellikteki resimleri ise kitab\u0131 her okuyu\u015funuzda size s\u0131cac\u0131k hayaller vaat ediyor.<\/p>\n","protected":false},"excerpt":{"rendered":"<p>Jozef bir terziydi. M\u00fc\u015fterilerine \u00f6nce bak\u0131yor, sonra g\u00f6zlerini kapat\u0131p onlar i\u00e7in bir hayal kuruyor ve ba\u015fl\u0131yordu dikmeye. K\u0131rt k\u0131rt, t\u0131k\u0131r t\u0131k\u0131r, pof pof! Ortaya \u00f6yle g\u00fczel<span class=\"excerpt-hellip\"> [\u2026]<\/span><\/p>\n","protected":false},"featured_media":0,"template":"","meta":{"_monsterinsights_skip_tracking":false,"_monsterinsights_sitenote_active":false,"_monsterinsights_sitenote_note":"","_monsterinsights_sitenote_category":0},"product_brand":[],"product_cat":[12913,12274],"product_tag":[],"class_list":{"0":"post-775462","1":"product","2":"type-product","3":"status-publish","5":"product_cat-3-6-yas-kitaplari","6":"product_cat-cocuk-ve-genclik-kitaplari","7":"pa_cilt-ciltsiz","8":"pa_tur-kitap","9":"pa_yayinevi-redhouse-kidz-yayinlari","10":"pa_yazar-judith-malika-liberman","12":"first","13":"instock","14":"sale","15":"shipping-taxable","16":"purchasable","17":"product-type-simple"},"_links":{"self":[{"href":"https:\/\/roveyayinevi.com.tr\/index.php\/wp-json\/wp\/v2\/product\/775462","targetHints":{"allow":["GET"]}}],"collection":[{"href":"https:\/\/roveyayinevi.com.tr\/index.php\/wp-json\/wp\/v2\/product"}],"about":[{"href":"https:\/\/roveyayinevi.com.tr\/index.php\/wp-json\/wp\/v2\/types\/product"}],"wp:attachment":[{"href":"https:\/\/roveyayinevi.com.tr\/index.php\/wp-json\/wp\/v2\/media?parent=775462"}],"wp:term":[{"taxonomy":"product_brand","embeddable":true,"href":"https:\/\/roveyayinevi.com.tr\/index.php\/wp-json\/wp\/v2\/product_brand?post=775462"},{"taxonomy":"product_cat","embeddable":true,"href":"https:\/\/roveyayinevi.com.tr\/index.php\/wp-json\/wp\/v2\/product_cat?post=775462"},{"taxonomy":"product_tag","embeddable":true,"href":"https:\/\/roveyayinevi.com.tr\/index.php\/wp-json\/wp\/v2\/product_tag?post=775462"}],"curies":[{"name":"wp","href":"https:\/\/api.w.org\/{rel}","templated":true}]}}