{"id":775459,"date":"2025-09-10T07:16:58","date_gmt":"2025-09-10T04:16:58","guid":{"rendered":"https:\/\/roveyayinevi.com.tr\/index.php\/urun\/tatsiz-bir-olay-2\/"},"modified":"2026-04-16T02:26:45","modified_gmt":"2026-04-15T23:26:45","slug":"tatsiz-bir-olay-2","status":"publish","type":"product","link":"https:\/\/roveyayinevi.com.tr\/index.php\/urun\/tatsiz-bir-olay-2\/","title":{"rendered":"Tats\u0131z Bir Olay"},"content":{"rendered":"<p>Petersburg\u2019lu \u00fc\u00e7 general, yumu\u015fac\u0131k koltuklara oturmu\u015f, bir yandan sohbet ederken bir yandan da \u015fampanyalar\u0131n\u0131 yudumlamaktad\u0131r. Rusya\u2019da \u00e7arl\u0131\u011f\u0131n \u00e7\u00f6z\u00fclmeye ba\u015flad\u0131\u011f\u0131, pek \u00e7ok \u015feyle birlikte asker\u00ee b\u00fcrokrasi ile yoksul memur s\u0131n\u0131f\u0131 aras\u0131ndaki ili\u015fkilerin de de\u011fi\u015fmeye y\u00fcz tuttu\u011fu, Dostoyevski\u2019nin deyi\u015fiyle, \u201cg\u00fczel \u00fclkemizin de\u011ferli \u00e7ocuklar\u0131\u201dn\u0131n kalk\u0131nma hareketlerine giri\u015ftikleri y\u0131llard\u0131r. Generallerden biri, \u0130van \u0130lyi\u00e7, a\u015fa\u011f\u0131 dereceden memurlara iyi davranmak gerekti\u011fini savunur. Ona g\u00f6re yeni d\u00f6nemin \u00f6zelli\u011fi bu olacakt\u0131r: h\u00fcmanizm. Ama \u0130van \u0130lyi\u00e7 \u00f6nce arkada\u015flar\u0131 aras\u0131nda alay konusu olur, sonra iddias\u0131n\u0131 kan\u0131tlamak i\u00e7in bir memurun d\u00fc\u011f\u00fcn\u00fcne kat\u0131l\u0131r ve deyim yerindeyse, \u201cka\u015f yaparken g\u00f6z \u00e7\u0131kar\u0131r\u201d. \u201cHik\u00e2ye, bir insan\u0131n kendisi hakk\u0131ndaki fikirleri, idealleri ve g\u00fcd\u00fcleri ile bunlar\u0131n ger\u00e7e\u011fin insafs\u0131z \u0131\u015f\u0131\u011f\u0131ndaki g\u00f6r\u00fcnt\u00fcleri aras\u0131ndaki b\u00fcy\u00fck u\u00e7urumu ele al\u0131yor. Teman\u0131n ac\u0131mas\u0131zl\u0131\u011f\u0131, ki\u015finin beklentilerini ger\u00e7ekle\u015ftirememekteki dram\u0131n\u0131n, asl\u0131nda g\u00fcl\u00fcn\u00e7 oldu\u011funu fark etmesinde ortaya \u00e7\u0131k\u0131yor.\u201d Jessie Coulson <\/p>\n","protected":false},"excerpt":{"rendered":"<p>Petersburg\u2019lu \u00fc\u00e7 general, yumu\u015fac\u0131k koltuklara oturmu\u015f, bir yandan sohbet ederken bir yandan da \u015fampanyalar\u0131n\u0131 yudumlamaktad\u0131r. Rusya\u2019da \u00e7arl\u0131\u011f\u0131n \u00e7\u00f6z\u00fclmeye ba\u015flad\u0131\u011f\u0131, pek \u00e7ok \u015feyle birlikte asker\u00ee b\u00fcrokrasi ile<span class=\"excerpt-hellip\"> [\u2026]<\/span><\/p>\n","protected":false},"featured_media":0,"template":"","meta":{"_monsterinsights_skip_tracking":false,"_monsterinsights_sitenote_active":false,"_monsterinsights_sitenote_note":"","_monsterinsights_sitenote_category":0},"product_brand":[],"product_cat":[12291,12745],"product_tag":[],"class_list":{"0":"post-775459","1":"product","2":"type-product","3":"status-publish","5":"product_cat-edebiyat","6":"product_cat-tarihi-roman","7":"pa_cilt-ciltsiz","8":"pa_tur-kitap","9":"pa_yayinevi-can-yayinlari","10":"pa_yazar-fyodor-mihaylovic-dostoyevski","12":"first","13":"instock","14":"sale","15":"shipping-taxable","16":"purchasable","17":"product-type-simple"},"_links":{"self":[{"href":"https:\/\/roveyayinevi.com.tr\/index.php\/wp-json\/wp\/v2\/product\/775459","targetHints":{"allow":["GET"]}}],"collection":[{"href":"https:\/\/roveyayinevi.com.tr\/index.php\/wp-json\/wp\/v2\/product"}],"about":[{"href":"https:\/\/roveyayinevi.com.tr\/index.php\/wp-json\/wp\/v2\/types\/product"}],"wp:attachment":[{"href":"https:\/\/roveyayinevi.com.tr\/index.php\/wp-json\/wp\/v2\/media?parent=775459"}],"wp:term":[{"taxonomy":"product_brand","embeddable":true,"href":"https:\/\/roveyayinevi.com.tr\/index.php\/wp-json\/wp\/v2\/product_brand?post=775459"},{"taxonomy":"product_cat","embeddable":true,"href":"https:\/\/roveyayinevi.com.tr\/index.php\/wp-json\/wp\/v2\/product_cat?post=775459"},{"taxonomy":"product_tag","embeddable":true,"href":"https:\/\/roveyayinevi.com.tr\/index.php\/wp-json\/wp\/v2\/product_tag?post=775459"}],"curies":[{"name":"wp","href":"https:\/\/api.w.org\/{rel}","templated":true}]}}