{"id":775457,"date":"2025-09-10T07:16:27","date_gmt":"2025-09-10T04:16:27","guid":{"rendered":"https:\/\/roveyayinevi.com.tr\/index.php\/urun\/dogum-gunu-kizi-2\/"},"modified":"2026-03-15T02:28:31","modified_gmt":"2026-03-14T23:28:31","slug":"dogum-gunu-kizi-2","status":"publish","type":"product","link":"https:\/\/roveyayinevi.com.tr\/index.php\/urun\/dogum-gunu-kizi-2\/","title":{"rendered":"Do\u011fum G\u00fcn\u00fc K\u0131z\u0131"},"content":{"rendered":"<p>\u201cNe var ki, tek bir dilek hakk\u0131n var, iyice d\u00fc\u015f\u00fcnesin\u201d dedi ya\u015fl\u0131 adam bir parma\u011f\u0131n\u0131 havaya kald\u0131r\u0131p. \u201cTek bir dilek. Sonra karar\u0131n\u0131 de\u011fi\u015ftirip vazge\u00e7emezsin.\u201d Bir do\u011fum g\u00fcn\u00fc hik\u00e2yesi\u2026 K\u0131sac\u0131k bir metinle y\u00fcre\u011fimizde bir \u015feylerin yerini de\u011fi\u015ftiren bir b\u00fcy\u00fc yap\u0131yor Haruki Murakami. <\/p>\n","protected":false},"excerpt":{"rendered":"<p>\u201cNe var ki, tek bir dilek hakk\u0131n var, iyice d\u00fc\u015f\u00fcnesin\u201d dedi ya\u015fl\u0131 adam bir parma\u011f\u0131n\u0131 havaya kald\u0131r\u0131p. \u201cTek bir dilek. Sonra karar\u0131n\u0131 de\u011fi\u015ftirip vazge\u00e7emezsin.\u201d Bir do\u011fum<span class=\"excerpt-hellip\"> [\u2026]<\/span><\/p>\n","protected":false},"featured_media":0,"template":"","meta":{"_monsterinsights_skip_tracking":false,"_monsterinsights_sitenote_active":false,"_monsterinsights_sitenote_note":"","_monsterinsights_sitenote_category":0},"product_brand":[],"product_cat":[12291,12711],"product_tag":[],"class_list":{"0":"post-775457","1":"product","2":"type-product","3":"status-publish","5":"product_cat-edebiyat","6":"product_cat-roman-oyku","7":"pa_cilt-ciltsiz","8":"pa_tur-kitap","9":"pa_yayinevi-dogan-kitap","10":"pa_yazar-haruki-murakami","12":"first","13":"instock","14":"sale","15":"shipping-taxable","16":"purchasable","17":"product-type-simple"},"_links":{"self":[{"href":"https:\/\/roveyayinevi.com.tr\/index.php\/wp-json\/wp\/v2\/product\/775457","targetHints":{"allow":["GET"]}}],"collection":[{"href":"https:\/\/roveyayinevi.com.tr\/index.php\/wp-json\/wp\/v2\/product"}],"about":[{"href":"https:\/\/roveyayinevi.com.tr\/index.php\/wp-json\/wp\/v2\/types\/product"}],"wp:attachment":[{"href":"https:\/\/roveyayinevi.com.tr\/index.php\/wp-json\/wp\/v2\/media?parent=775457"}],"wp:term":[{"taxonomy":"product_brand","embeddable":true,"href":"https:\/\/roveyayinevi.com.tr\/index.php\/wp-json\/wp\/v2\/product_brand?post=775457"},{"taxonomy":"product_cat","embeddable":true,"href":"https:\/\/roveyayinevi.com.tr\/index.php\/wp-json\/wp\/v2\/product_cat?post=775457"},{"taxonomy":"product_tag","embeddable":true,"href":"https:\/\/roveyayinevi.com.tr\/index.php\/wp-json\/wp\/v2\/product_tag?post=775457"}],"curies":[{"name":"wp","href":"https:\/\/api.w.org\/{rel}","templated":true}]}}