{"id":775430,"date":"2025-09-10T05:47:19","date_gmt":"2025-09-10T02:47:19","guid":{"rendered":"https:\/\/roveyayinevi.com.tr\/index.php\/urun\/merhamet-6\/"},"modified":"2026-04-16T02:13:31","modified_gmt":"2026-04-15T23:13:31","slug":"merhamet-6","status":"publish","type":"product","link":"https:\/\/roveyayinevi.com.tr\/index.php\/urun\/merhamet-6\/","title":{"rendered":"Merhamet"},"content":{"rendered":"<p>Afro-Amerikan edebiyat\u0131n\u0131n geli\u015fmesinde ve g\u00f6r\u00fcn\u00fcr k\u0131l\u0131nmas\u0131nda b\u00fcy\u00fck katk\u0131s\u0131 bulunan Nobel ve Pulitzer \u00f6d\u00fcll\u00fc yazar Toni Morrison, Amerika\u2019da k\u00f6le ticaretinin palazland\u0131\u011f\u0131 1600\u2019l\u00fc y\u0131llar\u0131n sonuna \u00e7eviriyor bu kez g\u00f6z\u00fcn\u00fc; insan hayat\u0131n\u0131n hi\u00e7e say\u0131ld\u0131\u011f\u0131, \u00f6zg\u00fcrl\u00fc\u011f\u00fcn bir kavram olarak bile d\u00fc\u015f\u00fcn\u00fclemedi\u011fi bir d\u00f6nemde, sefalet i\u00e7indeki yolculuklara ve pazarl\u0131klara konu olan insan bedeninin hayatla, do\u011fayla ve kendisiyle ili\u015fkisine odaklan\u0131yor.Her \u015feye ra\u011fmen kendini ger\u00e7ekle\u015ftirme ad\u0131na tutunacak bir dal bulan kad\u0131nlar\u0131n d\u00fcnyas\u0131yla, efendi ile k\u00f6le, ticaret ile tar\u0131m, \u00f6zg\u00fcrl\u00fck ile k\u00e2r aras\u0131nda ikiye ayr\u0131lan erkeklerin d\u00fcnyas\u0131 bir \u00e7iftlikte \u00e7ak\u0131\u015f\u0131yor. Dini, k\u00fclt\u00fcrel, b\u00f6lgesel, mezhepsel farkl\u0131l\u0131klar ve insanl\u0131\u011f\u0131n k\u00f6lelikle ili\u015fkisi panoramik bir bi\u00e7imde sunularak tablo tamamlan\u0131yor.Morrison, beyazlar\u0131n insan\u0131 dahi ticari bir unsur olarak g\u00f6ren s\u0131n\u0131rl\u0131 d\u00fcnyas\u0131nda ister \u00e7iftli\u011fin han\u0131m\u0131, ister hizmet\u00e7i ya da k\u00f6le olsun, hep yan rollere itilen kad\u0131nlar\u0131n i\u00e7 \u00e7eli\u015fkilerinin, arzu ve sevgiyle m\u00fccadelelerinin etraf\u0131nda masals\u0131 ama bir o kadar ger\u00e7ek bir hik\u00e2ye anlat\u0131yor. <\/p>\n","protected":false},"excerpt":{"rendered":"<p>Afro-Amerikan edebiyat\u0131n\u0131n geli\u015fmesinde ve g\u00f6r\u00fcn\u00fcr k\u0131l\u0131nmas\u0131nda b\u00fcy\u00fck katk\u0131s\u0131 bulunan Nobel ve Pulitzer \u00f6d\u00fcll\u00fc yazar Toni Morrison, Amerika\u2019da k\u00f6le ticaretinin palazland\u0131\u011f\u0131 1600\u2019l\u00fc y\u0131llar\u0131n sonuna \u00e7eviriyor bu kez<span class=\"excerpt-hellip\"> [\u2026]<\/span><\/p>\n","protected":false},"featured_media":0,"template":"","meta":{"_monsterinsights_skip_tracking":false,"_monsterinsights_sitenote_active":false,"_monsterinsights_sitenote_note":"","_monsterinsights_sitenote_category":0},"product_brand":[],"product_cat":[12291,12711],"product_tag":[],"class_list":{"0":"post-775430","1":"product","2":"type-product","3":"status-publish","5":"product_cat-edebiyat","6":"product_cat-roman-oyku","7":"pa_cilt-ciltsiz","8":"pa_tur-kitap","9":"pa_yayinevi-sel-yayincilik","10":"pa_yazar-toni-morrison","12":"first","13":"instock","14":"sale","15":"shipping-taxable","16":"purchasable","17":"product-type-simple"},"_links":{"self":[{"href":"https:\/\/roveyayinevi.com.tr\/index.php\/wp-json\/wp\/v2\/product\/775430","targetHints":{"allow":["GET"]}}],"collection":[{"href":"https:\/\/roveyayinevi.com.tr\/index.php\/wp-json\/wp\/v2\/product"}],"about":[{"href":"https:\/\/roveyayinevi.com.tr\/index.php\/wp-json\/wp\/v2\/types\/product"}],"wp:attachment":[{"href":"https:\/\/roveyayinevi.com.tr\/index.php\/wp-json\/wp\/v2\/media?parent=775430"}],"wp:term":[{"taxonomy":"product_brand","embeddable":true,"href":"https:\/\/roveyayinevi.com.tr\/index.php\/wp-json\/wp\/v2\/product_brand?post=775430"},{"taxonomy":"product_cat","embeddable":true,"href":"https:\/\/roveyayinevi.com.tr\/index.php\/wp-json\/wp\/v2\/product_cat?post=775430"},{"taxonomy":"product_tag","embeddable":true,"href":"https:\/\/roveyayinevi.com.tr\/index.php\/wp-json\/wp\/v2\/product_tag?post=775430"}],"curies":[{"name":"wp","href":"https:\/\/api.w.org\/{rel}","templated":true}]}}