{"id":775416,"date":"2025-09-10T04:56:43","date_gmt":"2025-09-10T01:56:43","guid":{"rendered":"https:\/\/roveyayinevi.com.tr\/index.php\/urun\/once-ekmek\/"},"modified":"2026-03-18T02:09:48","modified_gmt":"2026-03-17T23:09:48","slug":"once-ekmek","status":"publish","type":"product","link":"https:\/\/roveyayinevi.com.tr\/index.php\/urun\/once-ekmek\/","title":{"rendered":"\u00d6nce Ekmek"},"content":{"rendered":"<p>Orhan Kemal\u2019in 1969 y\u0131l\u0131nda hem T\u00fcrk Dil Kurumu hem de Sait Faik Hik\u00e2ye \u00d6d\u00fcllerini kazanan kitab\u0131 \u00d6nce Ekmek , bu b\u00fcy\u00fck romanc\u0131n\u0131n \u00f6yk\u00fcc\u00fcl\u00fckte de ne kadar b\u00fcy\u00fck bir kalem oldu\u011funu g\u00f6steriyor. B\u00fcy\u00fck\u015fehir insan\u0131n\u0131n ya\u015fama ve \u015fehre tutunma u\u011fra\u015f\u0131s\u0131n\u0131, kavgas\u0131n\u0131 anlatan bu \u00f6yk\u00fcler, t\u00fcm Orhan Kemal yap\u0131tlar\u0131nda oldu\u011fu gibi, okurun insana dair inanc\u0131n\u0131 besliyor, g\u00fc\u00e7lendiriyor ve direnme g\u00fcc\u00fcn\u00fc art\u0131r\u0131yor. Orhan Kemal\u2019in kitaplar\u0131 bir okurun hayatta rastlayabilece\u011fi o \u00e7ok nadir hazineler aras\u0131nda yer al\u0131r. \u00c7ok aza yazar okurunun d\u00fcnyas\u0131nda onun kadar iz b\u0131rak\u0131r, okurunu onun kadar bi\u00e7imlendirir. Orhan Kemal umudu ve ayd\u0131nl\u0131\u011f\u0131 yeniden kazanmam\u0131z i\u00e7in yol g\u00f6sterir bize. Edebiyat\u0131m\u0131z\u0131n en de\u011ferli ustalar\u0131ndan biri olan Orhan Kemal\u2019in kitaplar\u0131n\u0131 yay\u0131mlamaktan onur duyuyoruz. <\/p>\n","protected":false},"excerpt":{"rendered":"<p>Orhan Kemal\u2019in 1969 y\u0131l\u0131nda hem T\u00fcrk Dil Kurumu hem de Sait Faik Hik\u00e2ye \u00d6d\u00fcllerini kazanan kitab\u0131 \u00d6nce Ekmek , bu b\u00fcy\u00fck romanc\u0131n\u0131n \u00f6yk\u00fcc\u00fcl\u00fckte de ne kadar<span class=\"excerpt-hellip\"> [\u2026]<\/span><\/p>\n","protected":false},"featured_media":0,"template":"","meta":{"_monsterinsights_skip_tracking":false,"_monsterinsights_sitenote_active":false,"_monsterinsights_sitenote_note":"","_monsterinsights_sitenote_category":0},"product_brand":[],"product_cat":[12965,12337],"product_tag":[],"class_list":{"0":"post-775416","1":"product","2":"type-product","3":"status-publish","5":"product_cat-genel-politika","6":"product_cat-politika-siyaset","7":"pa_cilt-ciltsiz","8":"pa_tur-kitap","9":"pa_yayinevi-everest-yayinlari","10":"pa_yazar-orhan-kemal","12":"first","13":"instock","14":"sale","15":"shipping-taxable","16":"purchasable","17":"product-type-simple"},"_links":{"self":[{"href":"https:\/\/roveyayinevi.com.tr\/index.php\/wp-json\/wp\/v2\/product\/775416","targetHints":{"allow":["GET"]}}],"collection":[{"href":"https:\/\/roveyayinevi.com.tr\/index.php\/wp-json\/wp\/v2\/product"}],"about":[{"href":"https:\/\/roveyayinevi.com.tr\/index.php\/wp-json\/wp\/v2\/types\/product"}],"wp:attachment":[{"href":"https:\/\/roveyayinevi.com.tr\/index.php\/wp-json\/wp\/v2\/media?parent=775416"}],"wp:term":[{"taxonomy":"product_brand","embeddable":true,"href":"https:\/\/roveyayinevi.com.tr\/index.php\/wp-json\/wp\/v2\/product_brand?post=775416"},{"taxonomy":"product_cat","embeddable":true,"href":"https:\/\/roveyayinevi.com.tr\/index.php\/wp-json\/wp\/v2\/product_cat?post=775416"},{"taxonomy":"product_tag","embeddable":true,"href":"https:\/\/roveyayinevi.com.tr\/index.php\/wp-json\/wp\/v2\/product_tag?post=775416"}],"curies":[{"name":"wp","href":"https:\/\/api.w.org\/{rel}","templated":true}]}}