{"id":775399,"date":"2025-09-09T18:41:56","date_gmt":"2025-09-09T15:41:56","guid":{"rendered":"https:\/\/roveyayinevi.com.tr\/index.php\/urun\/aptallik-uzerine-2\/"},"modified":"2026-04-15T03:42:29","modified_gmt":"2026-04-15T00:42:29","slug":"aptallik-uzerine-2","status":"publish","type":"product","link":"https:\/\/roveyayinevi.com.tr\/index.php\/urun\/aptallik-uzerine-2\/","title":{"rendered":"Aptall\u0131k \u00dczerine"},"content":{"rendered":"<p>Aptall\u0131\u011f\u0131 aptall\u0131k yapan nedir?Modern edebiyat\u0131n b\u00fcy\u00fck yazarlar\u0131ndan Robert Musil&#8217;e g\u00f6re aptall\u0131k zek\u00e2 eksikli\u011fi de\u011fil, daha \u00e7ok bir duygu hatas\u0131d\u0131r; hem bireysel hem de toplumsal ya\u015famda ba\u015f\u0131 sonu olmayan bir muamma. Deha ile aptall\u0131k da \u00e7o\u011fu kez birbirine \u00f6ylesine kar\u0131\u015f\u0131r ki, onlar\u0131 ay\u0131rmak neredeyse imk\u00e2ns\u0131zla\u015f\u0131r. \u00dcstelik \u00fczerine konu\u015fmak ba\u015fl\u0131 ba\u015f\u0131na bir paradoksa neden olur: Aptall\u0131k hakk\u0131nda konu\u015fan, kendini bundan azade varsayar; oysa tam da bu g\u00fcven, aleni bir aptall\u0131k i\u015fareti olabilir. Elbette, bir de kitlelerin ve kalabal\u0131klar\u0131n engellenemez aptall\u0131\u011f\u0131 s\u00f6z konusudur. Dolay\u0131s\u0131yla aptall\u0131k, insanl\u0131k durumunun bir nevi m\u00fctemmim c\u00fcz\u00fcd\u00fcr.Alman fa\u015fizmi g\u00fcc\u00fcn\u00fcn doru\u011fundayken ger\u00e7ekle\u015ftirdi\u011fi bu \u00fcnl\u00fc konu\u015fmas\u0131nda Musil, benzersiz \u00fcslubu ve keskin ironisiyle, kendini de meselenin d\u0131\u015f\u0131nda b\u0131rakmadan her t\u00fcrden aptall\u0131\u011f\u0131 ciddiyetle ti&#8217;ye al\u0131r. B\u00f6ylece, Nazilerin nefret etti\u011fi ve kitaplar\u0131n\u0131 yasaklatt\u0131\u011f\u0131 Musil&#8217;in en sert, ayn\u0131 zamanda en e\u011flenceli metinlerinden biri olan Aptall\u0131k \u00dczerine, her \u015feye ra\u011fmen gelece\u011fe miras kal\u0131r.<\/p>\n","protected":false},"excerpt":{"rendered":"<p>Aptall\u0131\u011f\u0131 aptall\u0131k yapan nedir?Modern edebiyat\u0131n b\u00fcy\u00fck yazarlar\u0131ndan Robert Musil&#8217;e g\u00f6re aptall\u0131k zek\u00e2 eksikli\u011fi de\u011fil, daha \u00e7ok bir duygu hatas\u0131d\u0131r; hem bireysel hem de toplumsal ya\u015famda ba\u015f\u0131<span class=\"excerpt-hellip\"> [\u2026]<\/span><\/p>\n","protected":false},"featured_media":0,"template":"","meta":{"_monsterinsights_skip_tracking":false,"_monsterinsights_sitenote_active":false,"_monsterinsights_sitenote_note":"","_monsterinsights_sitenote_category":0},"product_brand":[],"product_cat":[141304],"product_tag":[],"class_list":{"0":"post-775399","1":"product","2":"type-product","3":"status-publish","5":"product_cat-yeni-cikanlar","6":"pa_cilt-ciltsiz","7":"pa_tur-kitap","8":"pa_yayinevi-sel-yayincilik","9":"pa_yazar-robert-musil","11":"first","12":"instock","13":"sale","14":"shipping-taxable","15":"purchasable","16":"product-type-simple"},"_links":{"self":[{"href":"https:\/\/roveyayinevi.com.tr\/index.php\/wp-json\/wp\/v2\/product\/775399","targetHints":{"allow":["GET"]}}],"collection":[{"href":"https:\/\/roveyayinevi.com.tr\/index.php\/wp-json\/wp\/v2\/product"}],"about":[{"href":"https:\/\/roveyayinevi.com.tr\/index.php\/wp-json\/wp\/v2\/types\/product"}],"wp:attachment":[{"href":"https:\/\/roveyayinevi.com.tr\/index.php\/wp-json\/wp\/v2\/media?parent=775399"}],"wp:term":[{"taxonomy":"product_brand","embeddable":true,"href":"https:\/\/roveyayinevi.com.tr\/index.php\/wp-json\/wp\/v2\/product_brand?post=775399"},{"taxonomy":"product_cat","embeddable":true,"href":"https:\/\/roveyayinevi.com.tr\/index.php\/wp-json\/wp\/v2\/product_cat?post=775399"},{"taxonomy":"product_tag","embeddable":true,"href":"https:\/\/roveyayinevi.com.tr\/index.php\/wp-json\/wp\/v2\/product_tag?post=775399"}],"curies":[{"name":"wp","href":"https:\/\/api.w.org\/{rel}","templated":true}]}}