{"id":775381,"date":"2025-09-09T18:41:27","date_gmt":"2025-09-09T15:41:27","guid":{"rendered":"https:\/\/roveyayinevi.com.tr\/index.php\/urun\/a2-betimlemeli-fransizca-dilbilgisi-alistirmalari-ikinci-kitap\/"},"modified":"2026-04-15T03:42:27","modified_gmt":"2026-04-15T00:42:27","slug":"a2-betimlemeli-fransizca-dilbilgisi-alistirmalari-ikinci-kitap","status":"publish","type":"product","link":"https:\/\/roveyayinevi.com.tr\/index.php\/urun\/a2-betimlemeli-fransizca-dilbilgisi-alistirmalari-ikinci-kitap\/","title":{"rendered":"A2 &#8211; Betimlemeli Frans\u0131zca Dilbilgisi Al\u0131\u015ft\u0131rmalar\u0131 (\u0130kinci Kitap)"},"content":{"rendered":"<p>De\u011ferli okur, Bu kitab\u0131n i\u00e7eri\u011fi CECRL (2001, 2021)\u2019de temel kullan\u0131c\u0131 olarak adland\u0131r\u0131lan A2 d\u00fczeyindeki \u00f6\u011frenenlerin ileti\u015fim gereksinimleri g\u00f6z \u00f6n\u00fcnde bulundurularak olu\u015fturulmu\u015ftur. Bu ama\u00e7la kitapta 31 dilbilgisi konusu ele al\u0131nm\u0131\u015ft\u0131r. Konular yabanc\u0131 dil olarak Frans\u0131zca \u00f6\u011fretimi (Fr. fran\u00e7ais langue \u00e9trang\u00e8re, FLE) alan\u0131nda \u201cm\u00e9thode\u201d \u015feklinde adland\u0131r\u0131lan kitap dizilerinin genellikle ikinci kitaplar\u0131nda yer alan konulard\u0131r. Hemen belirtmek gerekir ki kitap yazarlar\u0131n\u0131n tercihlerine ba\u011fl\u0131 olarak kitaptan kitaba bu konular\u0131n farkl\u0131l\u0131k g\u00f6sterebilece\u011fi unutulmamal\u0131d\u0131r. Her bir konu Frans\u0131zca ba\u015fl\u0131\u011f\u0131n\u0131n yan\u0131 s\u0131ra ba\u015fl\u0131\u011f\u0131n T\u00fcrk\u00e7e kar\u015f\u0131l\u0131\u011f\u0131 ile sunulmaktad\u0131r. Ard\u0131ndan konunun ana noktalar\u0131 g\u00f6zlem ba\u015fl\u0131\u011f\u0131 alt\u0131nda \u00f6rnek t\u00fcmceler veya konu\u015fmalar \u015feklinde ve belli bir ba\u011flamda sunulmaktad\u0131r. \u00d6\u011frencilerin kendi ba\u015flar\u0131na da \u00f6\u011frenmek durumunda kalacaklar\u0131 ve anadiline ili\u015fkin bilgilerinin de\u011ferli bir i\u00e7sel kaynak olarak \u00f6\u011frencilere yarar sa\u011flayaca\u011f\u0131 d\u00fc\u015f\u00fcn\u00fclerek s\u00f6z konusu dilbilgisel bi\u00e7imin Frans\u0131zca ve T\u00fcrk\u00e7e kar\u015f\u0131l\u0131klar\u0131 koyu olarak verilmi\u015ftir. Konunun ana noktalar\u0131na ili\u015fkin g\u00f6zlemler ayr\u0131ca g\u00f6rsellerle desteklenmektedir. Her bir g\u00f6zlem dipnotta T\u00fcrk\u00e7e olarak a\u00e7\u0131klan\u0131rken g\u00f6zlem b\u00f6l\u00fcm\u00fcndeki \u00f6rneklerden farkl\u0131 olarak yeni \u00f6rneklerle de sunulmaktad\u0131r.<\/p>\n","protected":false},"excerpt":{"rendered":"<p>De\u011ferli okur, Bu kitab\u0131n i\u00e7eri\u011fi CECRL (2001, 2021)\u2019de temel kullan\u0131c\u0131 olarak adland\u0131r\u0131lan A2 d\u00fczeyindeki \u00f6\u011frenenlerin ileti\u015fim gereksinimleri g\u00f6z \u00f6n\u00fcnde bulundurularak olu\u015fturulmu\u015ftur. Bu ama\u00e7la kitapta 31 dilbilgisi<span class=\"excerpt-hellip\"> [\u2026]<\/span><\/p>\n","protected":false},"featured_media":0,"template":"","meta":{"_monsterinsights_skip_tracking":false,"_monsterinsights_sitenote_active":false,"_monsterinsights_sitenote_note":"","_monsterinsights_sitenote_category":0},"product_brand":[],"product_cat":[14597,12566],"product_tag":[],"class_list":{"0":"post-775381","1":"product","2":"type-product","3":"status-publish","5":"product_cat-dil-ogrenimi","6":"product_cat-egitim","7":"pa_cilt-ciltsiz","8":"pa_tur-kitap","9":"pa_yayinevi-delta-kultur-yayinevi","10":"pa_yazar-yusuf-polat-ozkan-gungor","12":"first","13":"instock","14":"sale","15":"shipping-taxable","16":"purchasable","17":"product-type-simple"},"_links":{"self":[{"href":"https:\/\/roveyayinevi.com.tr\/index.php\/wp-json\/wp\/v2\/product\/775381","targetHints":{"allow":["GET"]}}],"collection":[{"href":"https:\/\/roveyayinevi.com.tr\/index.php\/wp-json\/wp\/v2\/product"}],"about":[{"href":"https:\/\/roveyayinevi.com.tr\/index.php\/wp-json\/wp\/v2\/types\/product"}],"wp:attachment":[{"href":"https:\/\/roveyayinevi.com.tr\/index.php\/wp-json\/wp\/v2\/media?parent=775381"}],"wp:term":[{"taxonomy":"product_brand","embeddable":true,"href":"https:\/\/roveyayinevi.com.tr\/index.php\/wp-json\/wp\/v2\/product_brand?post=775381"},{"taxonomy":"product_cat","embeddable":true,"href":"https:\/\/roveyayinevi.com.tr\/index.php\/wp-json\/wp\/v2\/product_cat?post=775381"},{"taxonomy":"product_tag","embeddable":true,"href":"https:\/\/roveyayinevi.com.tr\/index.php\/wp-json\/wp\/v2\/product_tag?post=775381"}],"curies":[{"name":"wp","href":"https:\/\/api.w.org\/{rel}","templated":true}]}}