{"id":775372,"date":"2025-09-09T18:41:11","date_gmt":"2025-09-09T15:41:11","guid":{"rendered":"https:\/\/roveyayinevi.com.tr\/index.php\/urun\/daginik-oda-canavari\/"},"modified":"2026-04-15T03:42:27","modified_gmt":"2026-04-15T00:42:27","slug":"daginik-oda-canavari","status":"publish","type":"product","link":"https:\/\/roveyayinevi.com.tr\/index.php\/urun\/daginik-oda-canavari\/","title":{"rendered":"Da\u011f\u0131n\u0131k Oda Canavar\u0131"},"content":{"rendered":"<p>Canavarlar bile odalar\u0131n\u0131 toplamal\u0131! Bana inanm\u0131yor musun? O zaman bu kitab\u0131 a\u00e7 ve da\u011f\u0131n\u0131k bir k\u00fc\u00e7\u00fck canavar\u0131n ba\u015f\u0131na neler geldi\u011fini g\u00f6r\u2026 Art\u0131k oyuncaklar\u0131n\u0131 ortal\u0131kta b\u0131rakmayacaks\u0131n!  <\/p>\n","protected":false},"excerpt":{"rendered":"<p>Canavarlar bile odalar\u0131n\u0131 toplamal\u0131! Bana inanm\u0131yor musun? O zaman bu kitab\u0131 a\u00e7 ve da\u011f\u0131n\u0131k bir k\u00fc\u00e7\u00fck canavar\u0131n ba\u015f\u0131na neler geldi\u011fini g\u00f6r\u2026 Art\u0131k oyuncaklar\u0131n\u0131 ortal\u0131kta b\u0131rakmayacaks\u0131n!<\/p>\n","protected":false},"featured_media":0,"template":"","meta":{"_monsterinsights_skip_tracking":false,"_monsterinsights_sitenote_active":false,"_monsterinsights_sitenote_note":"","_monsterinsights_sitenote_category":0},"product_brand":[],"product_cat":[12274,12284],"product_tag":[],"class_list":{"0":"post-775372","1":"product","2":"type-product","3":"status-publish","5":"product_cat-cocuk-ve-genclik-kitaplari","6":"product_cat-hikayeler","7":"pa_cilt-ciltsiz","8":"pa_tur-kitap","9":"pa_yayinevi-buyulu-fener-yayinlari","10":"pa_yazar-jessica-martinello-gregoire-mabire","12":"first","13":"instock","14":"sale","15":"shipping-taxable","16":"purchasable","17":"product-type-simple"},"_links":{"self":[{"href":"https:\/\/roveyayinevi.com.tr\/index.php\/wp-json\/wp\/v2\/product\/775372","targetHints":{"allow":["GET"]}}],"collection":[{"href":"https:\/\/roveyayinevi.com.tr\/index.php\/wp-json\/wp\/v2\/product"}],"about":[{"href":"https:\/\/roveyayinevi.com.tr\/index.php\/wp-json\/wp\/v2\/types\/product"}],"wp:attachment":[{"href":"https:\/\/roveyayinevi.com.tr\/index.php\/wp-json\/wp\/v2\/media?parent=775372"}],"wp:term":[{"taxonomy":"product_brand","embeddable":true,"href":"https:\/\/roveyayinevi.com.tr\/index.php\/wp-json\/wp\/v2\/product_brand?post=775372"},{"taxonomy":"product_cat","embeddable":true,"href":"https:\/\/roveyayinevi.com.tr\/index.php\/wp-json\/wp\/v2\/product_cat?post=775372"},{"taxonomy":"product_tag","embeddable":true,"href":"https:\/\/roveyayinevi.com.tr\/index.php\/wp-json\/wp\/v2\/product_tag?post=775372"}],"curies":[{"name":"wp","href":"https:\/\/api.w.org\/{rel}","templated":true}]}}