{"id":775363,"date":"2025-09-09T18:40:57","date_gmt":"2025-09-09T15:40:57","guid":{"rendered":"https:\/\/roveyayinevi.com.tr\/index.php\/urun\/bizdik-boyama-civciv\/"},"modified":"2026-04-15T03:42:26","modified_gmt":"2026-04-15T00:42:26","slug":"bizdik-boyama-civciv","status":"publish","type":"product","link":"https:\/\/roveyayinevi.com.tr\/index.php\/urun\/bizdik-boyama-civciv\/","title":{"rendered":"B\u0131zd\u0131k Boyama &#8211; Civciv"},"content":{"rendered":"<p>RENGARENK RES\u0130MLERLE DOLU BU BOYAMA K\u0130TABI \u0130LE EL BECER\u0130LER\u0130N\u0130 GEL\u0130\u015eT\u0130R\u0130RKEN \u00c7OK E\u011eLENECEKS\u0130N\u2026 <\/p>\n","protected":false},"excerpt":{"rendered":"<p>RENGARENK RES\u0130MLERLE DOLU BU BOYAMA K\u0130TABI \u0130LE EL BECER\u0130LER\u0130N\u0130 GEL\u0130\u015eT\u0130R\u0130RKEN \u00c7OK E\u011eLENECEKS\u0130N\u2026<\/p>\n","protected":false},"featured_media":0,"template":"","meta":{"_monsterinsights_skip_tracking":false,"_monsterinsights_sitenote_active":false,"_monsterinsights_sitenote_note":"","_monsterinsights_sitenote_category":0},"product_brand":[],"product_cat":[141304],"product_tag":[],"class_list":{"0":"post-775363","1":"product","2":"type-product","3":"status-publish","5":"product_cat-yeni-cikanlar","6":"pa_cilt-ciltsiz","7":"pa_tur-kitap","8":"pa_yayinevi-net-cocuk-yayinlari","9":"pa_yazar-kolektif","11":"first","12":"instock","13":"sale","14":"shipping-taxable","15":"purchasable","16":"product-type-simple"},"_links":{"self":[{"href":"https:\/\/roveyayinevi.com.tr\/index.php\/wp-json\/wp\/v2\/product\/775363","targetHints":{"allow":["GET"]}}],"collection":[{"href":"https:\/\/roveyayinevi.com.tr\/index.php\/wp-json\/wp\/v2\/product"}],"about":[{"href":"https:\/\/roveyayinevi.com.tr\/index.php\/wp-json\/wp\/v2\/types\/product"}],"wp:attachment":[{"href":"https:\/\/roveyayinevi.com.tr\/index.php\/wp-json\/wp\/v2\/media?parent=775363"}],"wp:term":[{"taxonomy":"product_brand","embeddable":true,"href":"https:\/\/roveyayinevi.com.tr\/index.php\/wp-json\/wp\/v2\/product_brand?post=775363"},{"taxonomy":"product_cat","embeddable":true,"href":"https:\/\/roveyayinevi.com.tr\/index.php\/wp-json\/wp\/v2\/product_cat?post=775363"},{"taxonomy":"product_tag","embeddable":true,"href":"https:\/\/roveyayinevi.com.tr\/index.php\/wp-json\/wp\/v2\/product_tag?post=775363"}],"curies":[{"name":"wp","href":"https:\/\/api.w.org\/{rel}","templated":true}]}}