{"id":775340,"date":"2025-09-09T18:40:21","date_gmt":"2025-09-09T15:40:21","guid":{"rendered":"https:\/\/roveyayinevi.com.tr\/index.php\/urun\/40-yilda-4-milyon-km\/"},"modified":"2026-04-15T03:42:25","modified_gmt":"2026-04-15T00:42:25","slug":"40-yilda-4-milyon-km","status":"publish","type":"product","link":"https:\/\/roveyayinevi.com.tr\/index.php\/urun\/40-yilda-4-milyon-km\/","title":{"rendered":"40 Y\u0131lda 4 Milyon Km."},"content":{"rendered":"<p>TUR\u0130ST REHBERL\u0130\u011e\u0130NDE 40 YIL\u2026 Bar\u0131\u015f Recep Y\u0131ld\u0131r\u0131m, T\u00fcrkiye Cumhuriyeti K\u00fclt\u00fcr ve Turizm Bakanl\u0131\u011f\u0131 profesyonel rehberi. (1984\u2019den beri) Japonca, Frans\u0131zca, \u0130spanyolca dillerinde br\u00f6vesi var. Elinizdeki kitap bu duayen rehberin, mesle\u011findeki 40 y\u0131ll\u0131k an\u0131lar\u0131n\u0131 g\u00fcn y\u00fcz\u00fcne \u00e7\u0131kar\u0131yor. Bir \u00f6m\u00fcr yollarda\u2026 Farkl\u0131 k\u00fclt\u00fcrler\u2026 Farkl\u0131 insanlar\u2026 Farkl\u0131 k\u00fclt\u00fcr turizmi. T\u00fcrkiye\u2019yi tan\u0131tmaya adanm\u0131\u015f bir hayat. Bir yandan kahkahalar atarken, bir sonraki sayfada h\u00fcz\u00fcnlenece\u011finiz, s\u00fcr\u00fckleyici bir eser okuyacaks\u0131n\u0131z. T\u00fcrkiye\u2019yi, turizmi merak eden herkesin elinden b\u0131rakamadan okuyaca\u011f\u0131 bir kitap. Turizmi meslek edinmek isteyenler i\u00e7inse ba\u015fucu kitaplar\u0131 aras\u0131ndaki yerini ald\u0131. Her turist, rehberinin g\u00f6z\u00fcnden g\u00f6r\u00fcr, sever, o topraklar\u0131. \u00d6n yarg\u0131lar\u0131n yok olmas\u0131n\u0131, bilindiklerin \u00f6tesinin g\u00f6r\u00fclmesini sa\u011flayan da rehberin g\u00f6zleri, s\u00f6zleridir. 2025 verilerine g\u00f6re 14bine yak\u0131n turist rehberi varm\u0131\u015f \u00fclkemizde. Milyonlar\u0131n i\u00e7inde sadece kahramanlar. Hikayeleri, an\u0131lar\u0131 olmasa g\u00f6r\u00fcn\u00fcr de\u011fillerdi. Mesle\u011fe b\u00fcy\u00fck katk\u0131lar\u0131 olan Bar\u0131\u015f Hoca\u2019n\u0131n 40 y\u0131l\u0131n\u0131 okurken uluslararas\u0131 seyahatler, diplomatik bir ya\u015fam\u0131n arka plan\u0131 ve unutulmaz kar\u015f\u0131la\u015fmalar, 40 y\u0131ll\u0131k bir d\u00f6nemde T\u00fcrkiye\u2019nin turizmine dair de \u00f6nemli ipu\u00e7lar\u0131 sunuyor.<\/p>\n","protected":false},"excerpt":{"rendered":"<p>TUR\u0130ST REHBERL\u0130\u011e\u0130NDE 40 YIL\u2026 Bar\u0131\u015f Recep Y\u0131ld\u0131r\u0131m, T\u00fcrkiye Cumhuriyeti K\u00fclt\u00fcr ve Turizm Bakanl\u0131\u011f\u0131 profesyonel rehberi. (1984\u2019den beri) Japonca, Frans\u0131zca, \u0130spanyolca dillerinde br\u00f6vesi var. Elinizdeki kitap bu<span class=\"excerpt-hellip\"> [\u2026]<\/span><\/p>\n","protected":false},"featured_media":0,"template":"","meta":{"_monsterinsights_skip_tracking":false,"_monsterinsights_sitenote_active":false,"_monsterinsights_sitenote_note":"","_monsterinsights_sitenote_category":0},"product_brand":[],"product_cat":[13701,12291],"product_tag":[],"class_list":{"0":"post-775340","1":"product","2":"type-product","3":"status-publish","5":"product_cat-ani-mektup-gunluk","6":"product_cat-edebiyat","7":"pa_cilt-ciltsiz","8":"pa_tur-kitap","9":"pa_yayinevi-bambuk-yayinevi","10":"pa_yazar-baris-recep-yildirim","12":"first","13":"instock","14":"sale","15":"shipping-taxable","16":"purchasable","17":"product-type-simple"},"_links":{"self":[{"href":"https:\/\/roveyayinevi.com.tr\/index.php\/wp-json\/wp\/v2\/product\/775340","targetHints":{"allow":["GET"]}}],"collection":[{"href":"https:\/\/roveyayinevi.com.tr\/index.php\/wp-json\/wp\/v2\/product"}],"about":[{"href":"https:\/\/roveyayinevi.com.tr\/index.php\/wp-json\/wp\/v2\/types\/product"}],"wp:attachment":[{"href":"https:\/\/roveyayinevi.com.tr\/index.php\/wp-json\/wp\/v2\/media?parent=775340"}],"wp:term":[{"taxonomy":"product_brand","embeddable":true,"href":"https:\/\/roveyayinevi.com.tr\/index.php\/wp-json\/wp\/v2\/product_brand?post=775340"},{"taxonomy":"product_cat","embeddable":true,"href":"https:\/\/roveyayinevi.com.tr\/index.php\/wp-json\/wp\/v2\/product_cat?post=775340"},{"taxonomy":"product_tag","embeddable":true,"href":"https:\/\/roveyayinevi.com.tr\/index.php\/wp-json\/wp\/v2\/product_tag?post=775340"}],"curies":[{"name":"wp","href":"https:\/\/api.w.org\/{rel}","templated":true}]}}