{"id":775320,"date":"2025-09-09T18:39:51","date_gmt":"2025-09-09T15:39:51","guid":{"rendered":"https:\/\/roveyayinevi.com.tr\/index.php\/urun\/ates-ve-sir\/"},"modified":"2026-04-15T03:42:25","modified_gmt":"2026-04-15T00:42:25","slug":"ates-ve-sir","status":"publish","type":"product","link":"https:\/\/roveyayinevi.com.tr\/index.php\/urun\/ates-ve-sir\/","title":{"rendered":"Ate\u015f ve S\u0131r"},"content":{"rendered":"<p>\u201cEy g\u00f6n\u00fcl, ey g\u00f6n\u00fcl, neden bu kadar gamla dolusun. Y\u0131k\u0131ks\u0131n, k\u0131r\u0131k d\u00f6k\u00fcks\u00fcn ama t\u0131ls\u0131ml\u0131 bir definesin sen. Meleklerin secde etmeleri emredilen kadri y\u00fcceltilmi\u015f bir varl\u0131ks\u0131n. Bildi\u011fin gibi de\u011fil, her varl\u0131ktan daha olgun daha ilerisin sen. Ruhsun, Cebrail\u2019in \u00fcf\u00fcrmesiyle e\u015fsin. Tanr\u0131\u2019n\u0131n s\u0131rr\u0131s\u0131n, Meryem\u2019in o\u011flu \u0130sa gibisin sen. Kendine ho\u015f\u00e7a bak, \u00e2lemin \u00f6z\u00fcs\u00fcn sen. Varl\u0131klar\u0131n g\u00f6zbebe\u011fi olan insans\u0131n sen.\u201d -\u015eeyh Galib Su, toprak, hava ve ate\u015f\u2026 Yarat\u0131ld\u0131\u011f\u0131 g\u00fcnden beri \u00e2\u015f\u0131\u011f\u0131n pay\u0131na d\u00fc\u015fen, ate\u015ftir. Ate\u015f, s\u0131rlar\u0131 ortadan kald\u0131r\u0131r, marifeti ilme ula\u015fmakt\u0131r. \u0130lim, \u00c2dem\u2019in s\u0131rr\u0131d\u0131r. Allah\u2019\u0131n ruhundan \u00fcfledi\u011fi \u201cCan\u201d\u0131 ke\u015ffeden s\u0131rra ula\u015f\u0131r. Bu ancak \u0130lahi a\u015fkla olur. D\u00fcnya s\u0131rr\u0131, er ya da ge\u00e7 ortaya \u00e7\u0131kmaya mahk\u00fbmdur fakat \u00c2dem\u2019in s\u0131rr\u0131na kavu\u015fmak i\u00e7in yola d\u00fc\u015fmek, aramak gerekir. Cihan\u0131n t\u00fcm kirine bula\u015ft\u0131ktan sonra yeniden do\u011fmak m\u00fcmk\u00fcn m\u00fcd\u00fcr? Ate\u015f ve S\u0131r, Nalan G\u00fcven\u2019in kaleminden, Fer\u00eed\u00fcdd\u00een Att\u00e2r ve \u015eeyh Galib yolda\u015fl\u0131\u011f\u0131nda as\u0131rlar \u00f6ncesinden g\u00fcn\u00fcm\u00fcze ula\u015fan sars\u0131c\u0131 bir varolu\u015f hik\u00e2yesidir. <\/p>\n","protected":false},"excerpt":{"rendered":"<p>\u201cEy g\u00f6n\u00fcl, ey g\u00f6n\u00fcl, neden bu kadar gamla dolusun. Y\u0131k\u0131ks\u0131n, k\u0131r\u0131k d\u00f6k\u00fcks\u00fcn ama t\u0131ls\u0131ml\u0131 bir definesin sen. Meleklerin secde etmeleri emredilen kadri y\u00fcceltilmi\u015f bir varl\u0131ks\u0131n. Bildi\u011fin<span class=\"excerpt-hellip\"> [\u2026]<\/span><\/p>\n","protected":false},"featured_media":0,"template":"","meta":{"_monsterinsights_skip_tracking":false,"_monsterinsights_sitenote_active":false,"_monsterinsights_sitenote_note":"","_monsterinsights_sitenote_category":0},"product_brand":[],"product_cat":[141304],"product_tag":[],"class_list":{"0":"post-775320","1":"product","2":"type-product","3":"status-publish","5":"product_cat-yeni-cikanlar","6":"pa_cilt-ciltsiz","7":"pa_tur-kitap","8":"pa_yayinevi-profil-kitap","9":"pa_yazar-nalan-guven","11":"first","12":"instock","13":"sale","14":"shipping-taxable","15":"purchasable","16":"product-type-simple"},"_links":{"self":[{"href":"https:\/\/roveyayinevi.com.tr\/index.php\/wp-json\/wp\/v2\/product\/775320","targetHints":{"allow":["GET"]}}],"collection":[{"href":"https:\/\/roveyayinevi.com.tr\/index.php\/wp-json\/wp\/v2\/product"}],"about":[{"href":"https:\/\/roveyayinevi.com.tr\/index.php\/wp-json\/wp\/v2\/types\/product"}],"wp:attachment":[{"href":"https:\/\/roveyayinevi.com.tr\/index.php\/wp-json\/wp\/v2\/media?parent=775320"}],"wp:term":[{"taxonomy":"product_brand","embeddable":true,"href":"https:\/\/roveyayinevi.com.tr\/index.php\/wp-json\/wp\/v2\/product_brand?post=775320"},{"taxonomy":"product_cat","embeddable":true,"href":"https:\/\/roveyayinevi.com.tr\/index.php\/wp-json\/wp\/v2\/product_cat?post=775320"},{"taxonomy":"product_tag","embeddable":true,"href":"https:\/\/roveyayinevi.com.tr\/index.php\/wp-json\/wp\/v2\/product_tag?post=775320"}],"curies":[{"name":"wp","href":"https:\/\/api.w.org\/{rel}","templated":true}]}}