{"id":775303,"date":"2025-09-09T18:39:19","date_gmt":"2025-09-09T15:39:19","guid":{"rendered":"https:\/\/roveyayinevi.com.tr\/index.php\/urun\/mucizeler-adasi\/"},"modified":"2026-04-15T03:42:24","modified_gmt":"2026-04-15T00:42:24","slug":"mucizeler-adasi","status":"publish","type":"product","link":"https:\/\/roveyayinevi.com.tr\/index.php\/urun\/mucizeler-adasi\/","title":{"rendered":"Mucizeler Adas\u0131"},"content":{"rendered":"<p>Kumsal, gen\u00e7 ya\u015fta ya\u015fad\u0131\u011f\u0131 kay\u0131plar\u0131n ac\u0131s\u0131n\u0131 y\u00fcre\u011finin derinliklerine g\u00f6mm\u00fc\u015f, sevin\u00e7lerini, umutlar\u0131n\u0131 sonsuza dek kaybetti\u011fini d\u00fc\u015f\u00fcnm\u00fc\u015ft\u00fc. Ya\u015fad\u0131\u011f\u0131 her kay\u0131p onu biraz daha karanl\u0131\u011fa ve yaln\u0131zl\u0131\u011fa s\u00fcr\u00fcklemi\u015f, ruhunda dinmeyen f\u0131rt\u0131nalar koparm\u0131\u015ft\u0131. Bir zamanlar mutlulu\u011fu ve huzuru buldu\u011fu yere, Bahamalar\u2019a d\u00f6n\u00fcp ge\u00e7mi\u015fiyle vedala\u015fmaya, yaralar\u0131yla y\u00fczle\u015fmeye karar verdi\u011finde hayat\u0131n ona yeni s\u00fcrprizler haz\u0131rlad\u0131\u011f\u0131ndan habersizdi. Y\u0131llar sonra d\u00f6nd\u00fc\u011f\u00fc Bahamalar\u2019da, k\u00fc\u00e7\u00fck bir teknenin i\u00e7inde ba\u015flayan yolculu\u011fun yeni ba\u015flang\u0131\u00e7lara a\u00e7\u0131lan bir kap\u0131 oldu\u011funu fark etti\u011findeyse ge\u00e7mi\u015fle vedala\u015fman\u0131n d\u00fc\u015f\u00fcnd\u00fc\u011f\u00fc kadar kolay olmayaca\u011f\u0131n\u0131 anlayacakt\u0131 Kumsal. Modern zaman masallar\u0131n\u0131n usta kalemi Ay\u015feg\u00fcl \u00c7i\u00e7eko\u011flu a\u015fk\u0131n iyile\u015ftirici g\u00fcc\u00fcne, yeni ba\u015flang\u0131\u00e7lar\u0131n b\u00fcy\u00fcs\u00fcne inanan okurlar\u0131n\u0131 yine sars\u0131c\u0131 bir hik\u00e2yeyle bulu\u015fturuyor. <\/p>\n","protected":false},"excerpt":{"rendered":"<p>Kumsal, gen\u00e7 ya\u015fta ya\u015fad\u0131\u011f\u0131 kay\u0131plar\u0131n ac\u0131s\u0131n\u0131 y\u00fcre\u011finin derinliklerine g\u00f6mm\u00fc\u015f, sevin\u00e7lerini, umutlar\u0131n\u0131 sonsuza dek kaybetti\u011fini d\u00fc\u015f\u00fcnm\u00fc\u015ft\u00fc. Ya\u015fad\u0131\u011f\u0131 her kay\u0131p onu biraz daha karanl\u0131\u011fa ve yaln\u0131zl\u0131\u011fa s\u00fcr\u00fcklemi\u015f, ruhunda<span class=\"excerpt-hellip\"> [\u2026]<\/span><\/p>\n","protected":false},"featured_media":0,"template":"","meta":{"_monsterinsights_skip_tracking":false,"_monsterinsights_sitenote_active":false,"_monsterinsights_sitenote_note":"","_monsterinsights_sitenote_category":0},"product_brand":[],"product_cat":[12291,12711],"product_tag":[],"class_list":{"0":"post-775303","1":"product","2":"type-product","3":"status-publish","5":"product_cat-edebiyat","6":"product_cat-roman-oyku","7":"pa_cilt-ciltsiz","8":"pa_tur-kitap","9":"pa_yayinevi-muptela-yayinevi","10":"pa_yazar-aysegul-cicekoglu","12":"first","13":"instock","14":"sale","15":"shipping-taxable","16":"purchasable","17":"product-type-simple"},"_links":{"self":[{"href":"https:\/\/roveyayinevi.com.tr\/index.php\/wp-json\/wp\/v2\/product\/775303","targetHints":{"allow":["GET"]}}],"collection":[{"href":"https:\/\/roveyayinevi.com.tr\/index.php\/wp-json\/wp\/v2\/product"}],"about":[{"href":"https:\/\/roveyayinevi.com.tr\/index.php\/wp-json\/wp\/v2\/types\/product"}],"wp:attachment":[{"href":"https:\/\/roveyayinevi.com.tr\/index.php\/wp-json\/wp\/v2\/media?parent=775303"}],"wp:term":[{"taxonomy":"product_brand","embeddable":true,"href":"https:\/\/roveyayinevi.com.tr\/index.php\/wp-json\/wp\/v2\/product_brand?post=775303"},{"taxonomy":"product_cat","embeddable":true,"href":"https:\/\/roveyayinevi.com.tr\/index.php\/wp-json\/wp\/v2\/product_cat?post=775303"},{"taxonomy":"product_tag","embeddable":true,"href":"https:\/\/roveyayinevi.com.tr\/index.php\/wp-json\/wp\/v2\/product_tag?post=775303"}],"curies":[{"name":"wp","href":"https:\/\/api.w.org\/{rel}","templated":true}]}}