{"id":775286,"date":"2025-09-09T18:38:50","date_gmt":"2025-09-09T15:38:50","guid":{"rendered":"https:\/\/roveyayinevi.com.tr\/index.php\/urun\/eskici-kral-castellane-gunlukleri-2\/"},"modified":"2026-04-15T03:41:45","modified_gmt":"2026-04-15T00:41:45","slug":"eskici-kral-castellane-gunlukleri-2","status":"publish","type":"product","link":"https:\/\/roveyayinevi.com.tr\/index.php\/urun\/eskici-kral-castellane-gunlukleri-2\/","title":{"rendered":"Eskici Kral &#8211; Castellane G\u00fcnl\u00fckleri 2"},"content":{"rendered":"<p>Cassandra Clare\u2019in b\u00fcy\u00fcleyici kaleminden \u00e7\u0131kan Castellane G\u00fcnl\u00fckleri serisinin ikinci kitab\u0131 Eskici Kral, sizi fantastik bir d\u00fcnyada taht oyunlar\u0131n\u0131n, yasak a\u015fklar\u0131n ve unutulmu\u015f g\u00fc\u00e7lerin aras\u0131nda soluksuz bir maceraya davet ediyor. Castellane Prensi\u2019nin K\u0131l\u0131\u00e7 Kapan\u2019\u0131 Kel Saren, prensini korumak i\u00e7in kraliyet saray\u0131nda ya\u015fanan katliam\u0131n sorumlular\u0131n\u0131 bulmaya koyulur ancak baz\u0131 cevaplar ararken Castellane\u2019in yeralt\u0131 d\u00fcnyas\u0131na h\u00fckmeden az\u0131l\u0131 su\u00e7lu Eskici Kral\u2019la i\u015f birli\u011fi yapmak zorunda kal\u0131r. Lin Caster ise \u015fimdiye kadar ald\u0131\u011f\u0131 en b\u00fcy\u00fck riskin sonu\u00e7lar\u0131yla y\u00fczle\u015fmek zorundad\u0131r. \u00d6lmek \u00fczere olan arkada\u015f\u0131n\u0131n hayat\u0131n\u0131 kurtarmak i\u00e7in Yeniden Do\u011fan Tanr\u0131\u00e7a oldu\u011funu iddia etmi\u015f ve bu yalanla kendisini d\u00f6n\u00fclmez bir yola sokmu\u015ftur. Ba\u015far\u0131s\u0131zl\u0131k s\u00fcrg\u00fcnle sonu\u00e7lanacakt\u0131r. Tek \u015fans\u0131, Eskici Kral ile gizli bir ittifak kurarak yasakl\u0131 b\u00fcy\u00fcye ula\u015fmakt\u0131r. Castellane\u2019deki gerilim giderek art\u0131nca Lin ve Kel, \u00f6l\u00fcmc\u00fcl planlar\u0131n aras\u0131nda hayatta kalmaya \u00e7al\u0131\u015f\u0131rken kimlere g\u00fcvenebileceklerine karar vermek zorunda kalacaklard\u0131r.<\/p>\n","protected":false},"excerpt":{"rendered":"<p>Cassandra Clare\u2019in b\u00fcy\u00fcleyici kaleminden \u00e7\u0131kan Castellane G\u00fcnl\u00fckleri serisinin ikinci kitab\u0131 Eskici Kral, sizi fantastik bir d\u00fcnyada taht oyunlar\u0131n\u0131n, yasak a\u015fklar\u0131n ve unutulmu\u015f g\u00fc\u00e7lerin aras\u0131nda soluksuz bir<span class=\"excerpt-hellip\"> [\u2026]<\/span><\/p>\n","protected":false},"featured_media":0,"template":"","meta":{"_monsterinsights_skip_tracking":false,"_monsterinsights_sitenote_active":false,"_monsterinsights_sitenote_note":"","_monsterinsights_sitenote_category":0},"product_brand":[],"product_cat":[12291,12711],"product_tag":[],"class_list":{"0":"post-775286","1":"product","2":"type-product","3":"status-publish","5":"product_cat-edebiyat","6":"product_cat-roman-oyku","7":"pa_cilt-ciltsiz","8":"pa_tur-kitap","9":"pa_yayinevi-artemis-yayinlari","10":"pa_yazar-cassandra-clare","12":"first","13":"instock","14":"sale","15":"shipping-taxable","16":"purchasable","17":"product-type-simple"},"_links":{"self":[{"href":"https:\/\/roveyayinevi.com.tr\/index.php\/wp-json\/wp\/v2\/product\/775286","targetHints":{"allow":["GET"]}}],"collection":[{"href":"https:\/\/roveyayinevi.com.tr\/index.php\/wp-json\/wp\/v2\/product"}],"about":[{"href":"https:\/\/roveyayinevi.com.tr\/index.php\/wp-json\/wp\/v2\/types\/product"}],"wp:attachment":[{"href":"https:\/\/roveyayinevi.com.tr\/index.php\/wp-json\/wp\/v2\/media?parent=775286"}],"wp:term":[{"taxonomy":"product_brand","embeddable":true,"href":"https:\/\/roveyayinevi.com.tr\/index.php\/wp-json\/wp\/v2\/product_brand?post=775286"},{"taxonomy":"product_cat","embeddable":true,"href":"https:\/\/roveyayinevi.com.tr\/index.php\/wp-json\/wp\/v2\/product_cat?post=775286"},{"taxonomy":"product_tag","embeddable":true,"href":"https:\/\/roveyayinevi.com.tr\/index.php\/wp-json\/wp\/v2\/product_tag?post=775286"}],"curies":[{"name":"wp","href":"https:\/\/api.w.org\/{rel}","templated":true}]}}