{"id":775278,"date":"2025-09-09T18:38:35","date_gmt":"2025-09-09T15:38:35","guid":{"rendered":"https:\/\/roveyayinevi.com.tr\/index.php\/urun\/denemeler-15\/"},"modified":"2026-04-15T03:41:45","modified_gmt":"2026-04-15T00:41:45","slug":"denemeler-15","status":"publish","type":"product","link":"https:\/\/roveyayinevi.com.tr\/index.php\/urun\/denemeler-15\/","title":{"rendered":"Denemeler"},"content":{"rendered":"<p>Bu kitap, Keynes\u2019in kaleme ald\u0131\u011f\u0131 biyografik ve psikolojik portre yaz\u0131lar\u0131n\u0131 bir araya getiriyor. Keynes, iktisat teorisi \u00fczerine yo\u011funla\u015fmadan \u00f6nce, siyasetin ve d\u00fc\u015f\u00fcnce d\u00fcnyas\u0131n\u0131n \u00f6nemli fig\u00fcrlerini keskin bir g\u00f6zlem g\u00fcc\u00fcyle ele al\u0131yor. D\u00f6nemin \u00f6nde gelen siyaset\u00e7ileriyle ilgili ele\u015ftirel portreler ve klasik iktisat\u00e7\u0131lar\u0131n ya\u015fam \u00f6yk\u00fcleri, bu derlemede ustal\u0131kla sunuluyor. Edebi \u00fcslubuyla dikkat \u00e7eken metinler, hem tarihsel bir panorama sunuyor hem de yazar\u0131n entelekt\u00fcel d\u00fcnyas\u0131na a\u00e7\u0131lan bir pencere i\u015flevi g\u00f6r\u00fcyor. \u201cBenim d\u00fcnya tablom, \u00f6l\u00e7eklenecek bir model gibi de\u011fil, perspektif i\u00e7inde \u00e7izilmi\u015ftir. \u00d6n planda insano\u011flu var ve y\u0131ld\u0131zlar\u0131n hepsi \u00fc\u00e7 kuru\u015fluk sikke kadar k\u00fc\u00e7\u00fck. \u0130nsan ve muhtemelen hayvan duygulan\u0131m\u0131n\u0131n seyrinin karma\u015f\u0131k bir tan\u0131m\u0131 d\u0131\u015f\u0131nda astronomiye ger\u00e7ekten inanm\u0131yorum. Bak\u0131\u015f a\u00e7\u0131m\u0131 sadece mek\u00e2na de\u011fil, zamana da uyguluyorum. Zamanla d\u00fcnya so\u011fuyacak ve her \u015fey \u00f6lecek; ama bu h\u00e2l\u00e2 uzun bir s\u00fcre ve bile\u015fik iskontodaki bug\u00fcnk\u00fc de\u011feri neredeyse bir hi\u00e7. Gelecek bo\u015f olaca\u011f\u0131 i\u00e7in \u015fimdiki zaman daha az de\u011ferli de de\u011fildir. Tablomun \u00f6n plan\u0131n\u0131 dolduran insanl\u0131\u011f\u0131, ilgin\u00e7 ve genel olarak takdire \u015fayan buluyorum. En az\u0131ndan \u015fimdilik, d\u00fcnyaya ho\u015f ve heyecan verici bir yer olarak bak\u0131yorum.\u201d &#8211; J. M. Keynes<\/p>\n","protected":false},"excerpt":{"rendered":"<p>Bu kitap, Keynes\u2019in kaleme ald\u0131\u011f\u0131 biyografik ve psikolojik portre yaz\u0131lar\u0131n\u0131 bir araya getiriyor. Keynes, iktisat teorisi \u00fczerine yo\u011funla\u015fmadan \u00f6nce, siyasetin ve d\u00fc\u015f\u00fcnce d\u00fcnyas\u0131n\u0131n \u00f6nemli fig\u00fcrlerini keskin<span class=\"excerpt-hellip\"> [\u2026]<\/span><\/p>\n","protected":false},"featured_media":0,"template":"","meta":{"_monsterinsights_skip_tracking":false,"_monsterinsights_sitenote_active":false,"_monsterinsights_sitenote_note":"","_monsterinsights_sitenote_category":0},"product_brand":[],"product_cat":[12777,12291],"product_tag":[],"class_list":{"0":"post-775278","1":"product","2":"type-product","3":"status-publish","5":"product_cat-deneme","6":"product_cat-edebiyat","7":"pa_cilt-ciltsiz","8":"pa_tur-kitap","9":"pa_yayinevi-efil-yayinevi","10":"pa_yazar-john-maynard-keynes","12":"first","13":"instock","14":"sale","15":"shipping-taxable","16":"purchasable","17":"product-type-simple"},"_links":{"self":[{"href":"https:\/\/roveyayinevi.com.tr\/index.php\/wp-json\/wp\/v2\/product\/775278","targetHints":{"allow":["GET"]}}],"collection":[{"href":"https:\/\/roveyayinevi.com.tr\/index.php\/wp-json\/wp\/v2\/product"}],"about":[{"href":"https:\/\/roveyayinevi.com.tr\/index.php\/wp-json\/wp\/v2\/types\/product"}],"wp:attachment":[{"href":"https:\/\/roveyayinevi.com.tr\/index.php\/wp-json\/wp\/v2\/media?parent=775278"}],"wp:term":[{"taxonomy":"product_brand","embeddable":true,"href":"https:\/\/roveyayinevi.com.tr\/index.php\/wp-json\/wp\/v2\/product_brand?post=775278"},{"taxonomy":"product_cat","embeddable":true,"href":"https:\/\/roveyayinevi.com.tr\/index.php\/wp-json\/wp\/v2\/product_cat?post=775278"},{"taxonomy":"product_tag","embeddable":true,"href":"https:\/\/roveyayinevi.com.tr\/index.php\/wp-json\/wp\/v2\/product_tag?post=775278"}],"curies":[{"name":"wp","href":"https:\/\/api.w.org\/{rel}","templated":true}]}}