{"id":775269,"date":"2025-09-09T18:38:17","date_gmt":"2025-09-09T15:38:17","guid":{"rendered":"https:\/\/roveyayinevi.com.tr\/index.php\/urun\/sasirtici-gercekler-muhendislik\/"},"modified":"2025-09-15T17:55:30","modified_gmt":"2025-09-15T14:55:30","slug":"sasirtici-gercekler-muhendislik","status":"publish","type":"product","link":"https:\/\/roveyayinevi.com.tr\/index.php\/urun\/sasirtici-gercekler-muhendislik\/","title":{"rendered":"\u015ea\u015f\u0131rt\u0131c\u0131 Ger\u00e7ekler &#8211; M\u00fchendislik"},"content":{"rendered":"<p>Evrendeki en tuhaf ve en heyecan verici m\u00fchendislik okulu GigaSmartZ BrainBot Academy\u2019ye ho\u015f geldin! Bu akademinin i\u00e7inde m\u00fchendislerin d\u00fcnyam\u0131z\u0131 daha iyi bir yer haline getirmek i\u00e7in deney yapt\u0131\u011f\u0131, yaratt\u0131\u011f\u0131 ve in\u015fa etti\u011fi farkl\u0131 yollarda sana ba\u015f d\u00f6nd\u00fcr\u00fcc\u00fc insans\u0131 robotlar rehberlik edecek. Bir yandan da robotlar\u0131n birbirine yapt\u0131\u011f\u0131 komik \u015fakalar\u0131 g\u00f6receksin! G\u00f6kdelenlerin nas\u0131l ayakta durdu\u011funu, robotlar\u0131n b\u00fct\u00fcn g\u00fcn nas\u0131l \u00e7al\u0131\u015ft\u0131\u011f\u0131n\u0131, u\u00e7aklar\u0131n yerden nas\u0131l havaland\u0131\u011f\u0131n\u0131 ve insanlar\u0131n uzayda nas\u0131l ileti\u015fim kurdu\u011funu ke\u015ffedeceksin. \u00c7\u00fcnk\u00fc harika robotlar harika beyinler yarat\u0131r. Ayr\u0131ca, bu kitapta muhte\u015fem aktiviteler de bulabilirsin!<\/p>\n","protected":false},"excerpt":{"rendered":"<p>Evrendeki en tuhaf ve en heyecan verici m\u00fchendislik okulu GigaSmartZ BrainBot Academy\u2019ye ho\u015f geldin! Bu akademinin i\u00e7inde m\u00fchendislerin d\u00fcnyam\u0131z\u0131 daha iyi bir yer haline getirmek i\u00e7in<span class=\"excerpt-hellip\"> [\u2026]<\/span><\/p>\n","protected":false},"featured_media":0,"template":"","meta":{"_monsterinsights_skip_tracking":false,"_monsterinsights_sitenote_active":false,"_monsterinsights_sitenote_note":"","_monsterinsights_sitenote_category":0},"product_brand":[],"product_cat":[13829,12274],"product_tag":[],"class_list":{"0":"post-775269","1":"product","2":"type-product","3":"status-publish","5":"product_cat-bilimsel-kitaplar","6":"product_cat-cocuk-ve-genclik-kitaplari","7":"pa_cilt-ciltsiz","8":"pa_tur-kitap","9":"pa_yayinevi-tubitak-yayinlari","10":"pa_yazar-noodle-fuel","12":"first","13":"instock","14":"sale","15":"shipping-taxable","16":"purchasable","17":"product-type-simple"},"_links":{"self":[{"href":"https:\/\/roveyayinevi.com.tr\/index.php\/wp-json\/wp\/v2\/product\/775269","targetHints":{"allow":["GET"]}}],"collection":[{"href":"https:\/\/roveyayinevi.com.tr\/index.php\/wp-json\/wp\/v2\/product"}],"about":[{"href":"https:\/\/roveyayinevi.com.tr\/index.php\/wp-json\/wp\/v2\/types\/product"}],"wp:attachment":[{"href":"https:\/\/roveyayinevi.com.tr\/index.php\/wp-json\/wp\/v2\/media?parent=775269"}],"wp:term":[{"taxonomy":"product_brand","embeddable":true,"href":"https:\/\/roveyayinevi.com.tr\/index.php\/wp-json\/wp\/v2\/product_brand?post=775269"},{"taxonomy":"product_cat","embeddable":true,"href":"https:\/\/roveyayinevi.com.tr\/index.php\/wp-json\/wp\/v2\/product_cat?post=775269"},{"taxonomy":"product_tag","embeddable":true,"href":"https:\/\/roveyayinevi.com.tr\/index.php\/wp-json\/wp\/v2\/product_tag?post=775269"}],"curies":[{"name":"wp","href":"https:\/\/api.w.org\/{rel}","templated":true}]}}