{"id":775253,"date":"2025-09-09T18:37:39","date_gmt":"2025-09-09T15:37:39","guid":{"rendered":"https:\/\/roveyayinevi.com.tr\/index.php\/urun\/ecinniler-5\/"},"modified":"2026-04-15T03:41:43","modified_gmt":"2026-04-15T00:41:43","slug":"ecinniler-5","status":"publish","type":"product","link":"https:\/\/roveyayinevi.com.tr\/index.php\/urun\/ecinniler-5\/","title":{"rendered":"Ecinniler"},"content":{"rendered":"<p>19. y\u00fczy\u0131l Rusya\u2019s\u0131n\u0131n toplumsal, siyasal ve k\u00fclt\u00fcrel \u00e7alkant\u0131lar\u0131n\u0131 arka plana alan Ecinniler, 1871 y\u0131l\u0131nda Rusya\u2019da b\u00fcy\u00fck yank\u0131 uyand\u0131ran Sergey Ne\u00e7ayev olay\u0131ndan esinlenerek kaleme al\u0131nm\u0131\u015ft\u0131r. Y\u00fckselen nihilizm, ateizm ve radikal devrimcilik ak\u0131mlar\u0131na y\u00f6nelik sert bir ele\u015ftiridir. Dostoyevski bu eserinde, toplumun geleneksel de\u011ferlerden ve Tanr\u0131 inanc\u0131ndan uzakla\u015fmas\u0131n\u0131n insan ruhunda ve toplumsal yap\u0131da yarataca\u011f\u0131 \u00e7\u00f6k\u00fc\u015f\u00fc dramatik bir \u015fekilde g\u00f6zler \u00f6n\u00fcne serer. Roman\u0131n anlat\u0131c\u0131s\u0131, ya\u015fananlara hem tan\u0131kl\u0131k eden hem de zaman zaman dahil olan bir g\u00f6zlemcidir. Anlat\u0131, \u015fehre ayn\u0131 anda d\u00f6nen iki adam\u0131n etraf\u0131nda geli\u015fir. Onlar\u0131n geli\u015fiyle birlikte \u015fehrin dengesi bozulur, y\u00fczeydeki s\u00fck\u00fbnet yerini toplumsal bir karga\u015faya b\u0131rak\u0131r. D\u0131\u015f d\u00fcnyadaki \u00e7\u00f6k\u00fc\u015fle birlikte, karakterlerin ruhlar\u0131nda da sessiz ama derin bir \u00e7\u00f6z\u00fclme ba\u015f g\u00f6sterir.   Dostoyevski\u2019nin en karanl\u0131k romanlar\u0131ndan biri olan Ecinniler, inanc\u0131n\u0131 kaybetmi\u015f bir toplumun nas\u0131l \u00e7\u00f6kt\u00fc\u011f\u00fcn\u00fc anlat\u0131rken, bireysel sorumlulu\u011fun ve vicdan\u0131n s\u0131n\u0131rlar\u0131n\u0131 da sorguluyor. <\/p>\n","protected":false},"excerpt":{"rendered":"<p>19. y\u00fczy\u0131l Rusya\u2019s\u0131n\u0131n toplumsal, siyasal ve k\u00fclt\u00fcrel \u00e7alkant\u0131lar\u0131n\u0131 arka plana alan Ecinniler, 1871 y\u0131l\u0131nda Rusya\u2019da b\u00fcy\u00fck yank\u0131 uyand\u0131ran Sergey Ne\u00e7ayev olay\u0131ndan esinlenerek kaleme al\u0131nm\u0131\u015ft\u0131r. Y\u00fckselen nihilizm,<span class=\"excerpt-hellip\"> [\u2026]<\/span><\/p>\n","protected":false},"featured_media":0,"template":"","meta":{"_monsterinsights_skip_tracking":false,"_monsterinsights_sitenote_active":false,"_monsterinsights_sitenote_note":"","_monsterinsights_sitenote_category":0},"product_brand":[],"product_cat":[12291,13872],"product_tag":[],"class_list":{"0":"post-775253","1":"product","2":"type-product","3":"status-publish","5":"product_cat-edebiyat","6":"product_cat-klasikler","7":"pa_cilt-ciltsiz","8":"pa_tur-kitap","9":"pa_yayinevi-can-yayinlari","10":"pa_yazar-fyodor-dostoyevski","12":"first","13":"instock","14":"sale","15":"shipping-taxable","16":"purchasable","17":"product-type-simple"},"_links":{"self":[{"href":"https:\/\/roveyayinevi.com.tr\/index.php\/wp-json\/wp\/v2\/product\/775253","targetHints":{"allow":["GET"]}}],"collection":[{"href":"https:\/\/roveyayinevi.com.tr\/index.php\/wp-json\/wp\/v2\/product"}],"about":[{"href":"https:\/\/roveyayinevi.com.tr\/index.php\/wp-json\/wp\/v2\/types\/product"}],"wp:attachment":[{"href":"https:\/\/roveyayinevi.com.tr\/index.php\/wp-json\/wp\/v2\/media?parent=775253"}],"wp:term":[{"taxonomy":"product_brand","embeddable":true,"href":"https:\/\/roveyayinevi.com.tr\/index.php\/wp-json\/wp\/v2\/product_brand?post=775253"},{"taxonomy":"product_cat","embeddable":true,"href":"https:\/\/roveyayinevi.com.tr\/index.php\/wp-json\/wp\/v2\/product_cat?post=775253"},{"taxonomy":"product_tag","embeddable":true,"href":"https:\/\/roveyayinevi.com.tr\/index.php\/wp-json\/wp\/v2\/product_tag?post=775253"}],"curies":[{"name":"wp","href":"https:\/\/api.w.org\/{rel}","templated":true}]}}