{"id":775248,"date":"2025-09-09T18:37:27","date_gmt":"2025-09-09T15:37:27","guid":{"rendered":"https:\/\/roveyayinevi.com.tr\/index.php\/urun\/ahtapot-mori\/"},"modified":"2026-04-15T03:41:43","modified_gmt":"2026-04-15T00:41:43","slug":"ahtapot-mori","status":"publish","type":"product","link":"https:\/\/roveyayinevi.com.tr\/index.php\/urun\/ahtapot-mori\/","title":{"rendered":"Ahtapot Mori"},"content":{"rendered":"<p>\u201cOnlar topra\u011f\u0131, suyu, havay\u0131 ve g\u00fcne\u015fi incitmekten korkarlarm\u0131\u015f. \u00c7\u00fcnk\u00fc topra\u011f\u0131n, suyun, havan\u0131n ve g\u00fcne\u015fin hayat kaynaklar\u0131 oldu\u011funu iyi bilirlermi\u015f.\u201d D\u00fcnyan\u0131n t\u00fcm denizlerini gezen Ahtapot Mori\u2019nin yolu Adalar Denizi\u2019ne d\u00fc\u015fer. Burada, arkada\u015f\u0131 Ahtapot Mandi\u2019yle heyecan dolu ser\u00fcvenler ya\u015farken hem ge\u00e7mi\u015fin bir\u00e7ok efsanesini \u00f6\u011frenecek hem de denizlerin \u00f6l\u00fcms\u00fcz efsane kahramanlar\u0131yla tan\u0131\u015facakt\u0131r: Hermiyas\u2019tan u\u00e7an at Pegasus\u2019a, Poseidon\u2019dan ay tanr\u0131\u00e7as\u0131 Selene\u2019ye\u2026 Kimi kez Yunus Tike\u2019nin s\u0131rt\u0131nda d\u00fcnyan\u0131n en g\u00fczel denizinin adalar\u0131n\u0131 dola\u015facak, kimi kez elli k\u0131z karde\u015f Nereidler\u2019in yurdunda konaklayacak, kimi kez de deniz r\u00fczgarlar\u0131n\u0131n u\u011fultusunda Orfeus\u2019un lirinin sesini i\u015fiteceksiniz. Hamdi Top\u00e7u, \u00e7evre sorunlar\u0131n\u0131 da incelikle i\u015fledi\u011fi kitab\u0131yla okurlara b\u00fcy\u00fcl\u00fc d\u00fcnyalar\u0131n kap\u0131lar\u0131n\u0131 aral\u0131yor. <\/p>\n","protected":false},"excerpt":{"rendered":"<p>\u201cOnlar topra\u011f\u0131, suyu, havay\u0131 ve g\u00fcne\u015fi incitmekten korkarlarm\u0131\u015f. \u00c7\u00fcnk\u00fc topra\u011f\u0131n, suyun, havan\u0131n ve g\u00fcne\u015fin hayat kaynaklar\u0131 oldu\u011funu iyi bilirlermi\u015f.\u201d D\u00fcnyan\u0131n t\u00fcm denizlerini gezen Ahtapot Mori\u2019nin yolu<span class=\"excerpt-hellip\"> [\u2026]<\/span><\/p>\n","protected":false},"featured_media":0,"template":"","meta":{"_monsterinsights_skip_tracking":false,"_monsterinsights_sitenote_active":false,"_monsterinsights_sitenote_note":"","_monsterinsights_sitenote_category":0},"product_brand":[],"product_cat":[12274,12284],"product_tag":[],"class_list":{"0":"post-775248","1":"product","2":"type-product","3":"status-publish","5":"product_cat-cocuk-ve-genclik-kitaplari","6":"product_cat-hikayeler","7":"pa_cilt-ciltsiz","8":"pa_tur-kitap","9":"pa_yayinevi-bilgi-yayinevi","10":"pa_yazar-hamdi-topcu","12":"first","13":"instock","14":"sale","15":"shipping-taxable","16":"purchasable","17":"product-type-simple"},"_links":{"self":[{"href":"https:\/\/roveyayinevi.com.tr\/index.php\/wp-json\/wp\/v2\/product\/775248","targetHints":{"allow":["GET"]}}],"collection":[{"href":"https:\/\/roveyayinevi.com.tr\/index.php\/wp-json\/wp\/v2\/product"}],"about":[{"href":"https:\/\/roveyayinevi.com.tr\/index.php\/wp-json\/wp\/v2\/types\/product"}],"wp:attachment":[{"href":"https:\/\/roveyayinevi.com.tr\/index.php\/wp-json\/wp\/v2\/media?parent=775248"}],"wp:term":[{"taxonomy":"product_brand","embeddable":true,"href":"https:\/\/roveyayinevi.com.tr\/index.php\/wp-json\/wp\/v2\/product_brand?post=775248"},{"taxonomy":"product_cat","embeddable":true,"href":"https:\/\/roveyayinevi.com.tr\/index.php\/wp-json\/wp\/v2\/product_cat?post=775248"},{"taxonomy":"product_tag","embeddable":true,"href":"https:\/\/roveyayinevi.com.tr\/index.php\/wp-json\/wp\/v2\/product_tag?post=775248"}],"curies":[{"name":"wp","href":"https:\/\/api.w.org\/{rel}","templated":true}]}}