{"id":775242,"date":"2025-09-09T18:37:16","date_gmt":"2025-09-09T15:37:16","guid":{"rendered":"https:\/\/roveyayinevi.com.tr\/index.php\/urun\/bitmeyen-sticker-benim-vucudum\/"},"modified":"2026-04-15T03:41:43","modified_gmt":"2026-04-15T00:41:43","slug":"bitmeyen-sticker-benim-vucudum","status":"publish","type":"product","link":"https:\/\/roveyayinevi.com.tr\/index.php\/urun\/bitmeyen-sticker-benim-vucudum\/","title":{"rendered":"Bitmeyen Sticker &#8211; Benim V\u00fccudum"},"content":{"rendered":"<p>V\u00fccudumuzun Muhte\u015fem D\u00fcnyas\u0131n\u0131 Ke\u015ffedin!  \u00c7ocuklar merakl\u0131 k\u00e2\u015fiflerdir ve kendi bedenleri de en b\u00fcy\u00fck gizemlerden biridir! G\u00f6zlerimiz, kulaklar\u0131m\u0131z, kalbimiz&#8230; Bu interaktif kitap, okul \u00f6ncesi \u00e7ocuklar\u0131n kendi bedenlerini e\u011flenceli ve anla\u015f\u0131l\u0131r bir \u015fekilde tan\u0131malar\u0131 i\u00e7in tasarland\u0131. \u0130\u00e7indeki bitmeyen \u00e7\u0131kartmalar sayesinde, \u00e7ocu\u011funuz insan v\u00fccudunun farkl\u0131 b\u00f6l\u00fcmlerini, organlar\u0131n\u0131 ve sistemlerini isimlendirmeyi ve g\u00f6revlerini e\u015fle\u015ftirmeyi \u00f6\u011frenecek. Tekrar tekrar kullanabilece\u011fi \u00e7\u0131kartmalar, her yeni etkinlikte farkl\u0131 bir ke\u015fif sunarak \u00f6\u011frenme s\u00fcrecini dinamik ve s\u0131k\u0131lmadan ilerletecek. \u00c7ocu\u011funuz bu kitapla: \u25c6V\u00fccudunun farkl\u0131 b\u00f6l\u00fcmlerini ve organlar\u0131n\u0131 kolayca tan\u0131yacak. \u25c6Her bir organ\u0131n v\u00fccudumuzun neresinde oldu\u011funu e\u011flenerek \u00f6\u011frenecek. \u25c6Kendi bedenine kar\u015f\u0131 fark\u0131ndal\u0131k ve olumlu bir bak\u0131\u015f a\u00e7\u0131s\u0131 geli\u015ftirecek. \u25c6Yarat\u0131c\u0131l\u0131\u011f\u0131n\u0131 kullanarak kendi \u00f6\u011frenme deneyimini zenginle\u015ftirecek. Pedagoglar\u0131n rehberli\u011finde haz\u0131rlanan bu kitap, \u00e7ocuklar\u0131n bilime olan ilgisini erkenden uyand\u0131r\u0131rken, beden sa\u011fl\u0131\u011f\u0131 ve bak\u0131m\u0131 konular\u0131nda da temel bilgiler edinmelerine yard\u0131mc\u0131 olur. \u00c7ocu\u011funuzun kendi bedenine dair sa\u011fl\u0131kl\u0131 bir merak geli\u015ftirmesi ve onu daha iyi tan\u0131mas\u0131 i\u00e7in bu e\u015fsiz kitab\u0131 deneyimlemeye haz\u0131r m\u0131s\u0131n\u0131z? Minik ka\u015fifinizle birlikte insan v\u00fccudunun harikalar diyar\u0131na yolculu\u011fa \u00e7\u0131k\u0131n! <\/p>\n","protected":false},"excerpt":{"rendered":"<p>V\u00fccudumuzun Muhte\u015fem D\u00fcnyas\u0131n\u0131 Ke\u015ffedin! \u00c7ocuklar merakl\u0131 k\u00e2\u015fiflerdir ve kendi bedenleri de en b\u00fcy\u00fck gizemlerden biridir! G\u00f6zlerimiz, kulaklar\u0131m\u0131z, kalbimiz&#8230; Bu interaktif kitap, okul \u00f6ncesi \u00e7ocuklar\u0131n kendi bedenlerini<span class=\"excerpt-hellip\"> [\u2026]<\/span><\/p>\n","protected":false},"featured_media":0,"template":"","meta":{"_monsterinsights_skip_tracking":false,"_monsterinsights_sitenote_active":false,"_monsterinsights_sitenote_note":"","_monsterinsights_sitenote_category":0},"product_brand":[],"product_cat":[12554,12274],"product_tag":[],"class_list":{"0":"post-775242","1":"product","2":"type-product","3":"status-publish","5":"product_cat-cikartmali-kitaplar","6":"product_cat-cocuk-ve-genclik-kitaplari","7":"pa_cilt-ciltsiz","8":"pa_tur-kitap","9":"pa_yayinevi-bicirik-yayinlari","10":"pa_yazar-erdi-dogan","12":"first","13":"instock","14":"sale","15":"shipping-taxable","16":"purchasable","17":"product-type-simple"},"_links":{"self":[{"href":"https:\/\/roveyayinevi.com.tr\/index.php\/wp-json\/wp\/v2\/product\/775242","targetHints":{"allow":["GET"]}}],"collection":[{"href":"https:\/\/roveyayinevi.com.tr\/index.php\/wp-json\/wp\/v2\/product"}],"about":[{"href":"https:\/\/roveyayinevi.com.tr\/index.php\/wp-json\/wp\/v2\/types\/product"}],"wp:attachment":[{"href":"https:\/\/roveyayinevi.com.tr\/index.php\/wp-json\/wp\/v2\/media?parent=775242"}],"wp:term":[{"taxonomy":"product_brand","embeddable":true,"href":"https:\/\/roveyayinevi.com.tr\/index.php\/wp-json\/wp\/v2\/product_brand?post=775242"},{"taxonomy":"product_cat","embeddable":true,"href":"https:\/\/roveyayinevi.com.tr\/index.php\/wp-json\/wp\/v2\/product_cat?post=775242"},{"taxonomy":"product_tag","embeddable":true,"href":"https:\/\/roveyayinevi.com.tr\/index.php\/wp-json\/wp\/v2\/product_tag?post=775242"}],"curies":[{"name":"wp","href":"https:\/\/api.w.org\/{rel}","templated":true}]}}