{"id":775240,"date":"2025-09-09T18:37:12","date_gmt":"2025-09-09T15:37:12","guid":{"rendered":"https:\/\/roveyayinevi.com.tr\/index.php\/urun\/arayalim-bulalim-hayvanlar-hep-bir-arada-ciltli\/"},"modified":"2026-04-15T03:41:43","modified_gmt":"2026-04-15T00:41:43","slug":"arayalim-bulalim-hayvanlar-hep-bir-arada-ciltli","status":"publish","type":"product","link":"https:\/\/roveyayinevi.com.tr\/index.php\/urun\/arayalim-bulalim-hayvanlar-hep-bir-arada-ciltli\/","title":{"rendered":"Arayal\u0131m Bulal\u0131m! Hayvanlar Hep Bir Arada! (Ciltli)"},"content":{"rendered":"<p>Arayal\u0131m Bulal\u0131m! Hayvanlar Hep Bir Arada !   Bu kitab\u0131n sayfalar\u0131 aras\u0131nda bulmam\u0131z gereken pek \u00e7ok farkl\u0131 hayvan var. Sayfalara dikkatlice bak\u0131n ve farkl\u0131 olan hayvanlar\u0131 aray\u0131n. Ne dersiniz, onlar\u0131 bulabilir misiniz? <\/p>\n","protected":false},"excerpt":{"rendered":"<p>Arayal\u0131m Bulal\u0131m! Hayvanlar Hep Bir Arada ! Bu kitab\u0131n sayfalar\u0131 aras\u0131nda bulmam\u0131z gereken pek \u00e7ok farkl\u0131 hayvan var. Sayfalara dikkatlice bak\u0131n ve farkl\u0131 olan hayvanlar\u0131 aray\u0131n.<span class=\"excerpt-hellip\"> [\u2026]<\/span><\/p>\n","protected":false},"featured_media":0,"template":"","meta":{"_monsterinsights_skip_tracking":false,"_monsterinsights_sitenote_active":false,"_monsterinsights_sitenote_note":"","_monsterinsights_sitenote_category":0},"product_brand":[],"product_cat":[141304],"product_tag":[],"class_list":{"0":"post-775240","1":"product","2":"type-product","3":"status-publish","5":"product_cat-yeni-cikanlar","6":"pa_cilt-ciltli","7":"pa_tur-kitap","8":"pa_yayinevi-yapi-kredi-yayinlari","9":"pa_yazar-marta-nunes","11":"first","12":"instock","13":"sale","14":"shipping-taxable","15":"purchasable","16":"product-type-simple"},"_links":{"self":[{"href":"https:\/\/roveyayinevi.com.tr\/index.php\/wp-json\/wp\/v2\/product\/775240","targetHints":{"allow":["GET"]}}],"collection":[{"href":"https:\/\/roveyayinevi.com.tr\/index.php\/wp-json\/wp\/v2\/product"}],"about":[{"href":"https:\/\/roveyayinevi.com.tr\/index.php\/wp-json\/wp\/v2\/types\/product"}],"wp:attachment":[{"href":"https:\/\/roveyayinevi.com.tr\/index.php\/wp-json\/wp\/v2\/media?parent=775240"}],"wp:term":[{"taxonomy":"product_brand","embeddable":true,"href":"https:\/\/roveyayinevi.com.tr\/index.php\/wp-json\/wp\/v2\/product_brand?post=775240"},{"taxonomy":"product_cat","embeddable":true,"href":"https:\/\/roveyayinevi.com.tr\/index.php\/wp-json\/wp\/v2\/product_cat?post=775240"},{"taxonomy":"product_tag","embeddable":true,"href":"https:\/\/roveyayinevi.com.tr\/index.php\/wp-json\/wp\/v2\/product_tag?post=775240"}],"curies":[{"name":"wp","href":"https:\/\/api.w.org\/{rel}","templated":true}]}}