{"id":775228,"date":"2025-09-09T18:36:51","date_gmt":"2025-09-09T15:36:51","guid":{"rendered":"https:\/\/roveyayinevi.com.tr\/index.php\/urun\/binyilin-degisiminde-dis-politikamizin-az-bilinenleri-ani-inceleme-yorum\/"},"modified":"2026-04-15T03:41:42","modified_gmt":"2026-04-15T00:41:42","slug":"binyilin-degisiminde-dis-politikamizin-az-bilinenleri-ani-inceleme-yorum","status":"publish","type":"product","link":"https:\/\/roveyayinevi.com.tr\/index.php\/urun\/binyilin-degisiminde-dis-politikamizin-az-bilinenleri-ani-inceleme-yorum\/","title":{"rendered":"Biny\u0131l\u0131n De\u011fi\u015fiminde D\u0131\u015f Politikam\u0131z\u0131n Az Bilinenleri: An\u0131, \u0130nceleme, Yorum"},"content":{"rendered":"<p>Bir diplomat olarak 38 y\u0131la yakla\u015fan meslek ya\u015fam\u0131m\u0131n ayr\u0131nt\u0131l\u0131 bir de\u011ferlendirmesi diyebilece\u011fim bu kitap, ge\u00e7mi\u015fin \u00f6znel muhasebesini, T\u00fcrkiye\u2019nin o d\u00f6nem d\u0131\u015f politikas\u0131na ili\u015fkin, ar\u015five dayal\u0131 saptamalar\u0131mla harmanlamaya \u00e7al\u0131\u015ft\u0131\u011f\u0131m bir an\u0131 &#8211; inceleme &#8211; yorumlama \u00e7al\u0131\u015fmas\u0131d\u0131r. Bu \u00e7al\u0131\u015fmada, esas itibar\u0131yla, meslekte ge\u00e7irdi\u011fim 1983-2020 y\u0131llar\u0131 aras\u0131n\u0131 temel alm\u0131\u015f olsam da, olaylar\u0131n ve tan\u0131kl\u0131klar\u0131m\u0131n t\u00fcm y\u00f6nleriyle anla\u015f\u0131labilmesi i\u00e7in hemen her b\u00f6l\u00fcmde tarihsel arka planlara m\u00fcracaat ettim. Zaman zaman da, s\u00f6z konusu d\u00f6nemin s\u0131n\u0131rlar\u0131n\u0131 a\u015fan y\u0131llara ve geli\u015fmelere g\u00f6ndermeler yapt\u0131m. Kitab\u0131n ba\u015fl\u0131\u011f\u0131nda \u201cD\u0131\u015f Politikam\u0131z\u0131n Az Bilinenleri\u201d ibaresini kullanmam\u0131n ba\u015fl\u0131ca iki nedeninden biri, mesle\u011fimin kesintisiz 18 senesinde, teknik niteli\u011fi a\u011f\u0131r basan ve kamuoyunca fazla bilinmeyen \u201c\u00e7ok tarafl\u0131 diplomas\u0131\u201dnin farkl\u0131 alanlar\u0131na yo\u011funla\u015fm\u0131\u015f olmamd\u0131r. Bunun ikinci nedeni ise, gerek mesle\u011fin ba\u015f\u0131nda gen\u00e7 bir diplomat olarak, gerek ilerleyen y\u0131llarda b\u00fcy\u00fckel\u00e7i payesiyle, pek \u00e7o\u011fumuzun merak etti\u011fi ancak hakk\u0131nda fazla bilgi sahibi bulunmad\u0131\u011f\u0131 zor ve farkl\u0131 co\u011frafyalarda g\u00f6rev yapmamd\u0131r. Dolay\u0131s\u0131yla, a\u011f\u0131rl\u0131kl\u0131 olarak d\u0131\u015f politika ve d\u00f6nem tahlili yaparken, bulundu\u011fum \u00fclkelerin ya\u015fam\u0131na ve k\u00fclt\u00fcr\u00fcne dair unsurlara de\u011finmeyi de ihmal etmedim. Kitapta ayr\u0131ca, o g\u00fcn i\u00e7in ge\u00e7erli olan \u201cd\u0131\u015f politikam\u0131z\u201d ve bu politikan\u0131n planlanmas\u0131 ve uygulanmas\u0131ndaki hatalar\u0131m\u0131za de\u011finirken diplomasi mesle\u011findeki yap\u0131sal de\u011fi\u015fimlere ve kurumsal eksikliklerimize de bak\u0131\u015f\u0131m\u0131 yans\u0131tt\u0131m. \u00c7al\u0131\u015fmam\u0131n, diplomasiye ve uluslararas\u0131 ili\u015fkilere merak duyanlar aras\u0131nda ilgi uyand\u0131rmas\u0131n\u0131 \u00fcmit ediyorum.<\/p>\n","protected":false},"excerpt":{"rendered":"<p>Bir diplomat olarak 38 y\u0131la yakla\u015fan meslek ya\u015fam\u0131m\u0131n ayr\u0131nt\u0131l\u0131 bir de\u011ferlendirmesi diyebilece\u011fim bu kitap, ge\u00e7mi\u015fin \u00f6znel muhasebesini, T\u00fcrkiye\u2019nin o d\u00f6nem d\u0131\u015f politikas\u0131na ili\u015fkin, ar\u015five dayal\u0131 saptamalar\u0131mla<span class=\"excerpt-hellip\"> [\u2026]<\/span><\/p>\n","protected":false},"featured_media":0,"template":"","meta":{"_monsterinsights_skip_tracking":false,"_monsterinsights_sitenote_active":false,"_monsterinsights_sitenote_note":"","_monsterinsights_sitenote_category":0},"product_brand":[],"product_cat":[12337,14543],"product_tag":[],"class_list":{"0":"post-775228","1":"product","2":"type-product","3":"status-publish","5":"product_cat-politika-siyaset","6":"product_cat-turkiye-siyaseti-ve-politikasi","7":"pa_cilt-ciltsiz","8":"pa_tur-kitap","9":"pa_yayinevi-siyasal-kitabevi-akademik-kitaplar","10":"pa_yazar-asim-arar","12":"first","13":"instock","14":"sale","15":"shipping-taxable","16":"purchasable","17":"product-type-simple"},"_links":{"self":[{"href":"https:\/\/roveyayinevi.com.tr\/index.php\/wp-json\/wp\/v2\/product\/775228","targetHints":{"allow":["GET"]}}],"collection":[{"href":"https:\/\/roveyayinevi.com.tr\/index.php\/wp-json\/wp\/v2\/product"}],"about":[{"href":"https:\/\/roveyayinevi.com.tr\/index.php\/wp-json\/wp\/v2\/types\/product"}],"wp:attachment":[{"href":"https:\/\/roveyayinevi.com.tr\/index.php\/wp-json\/wp\/v2\/media?parent=775228"}],"wp:term":[{"taxonomy":"product_brand","embeddable":true,"href":"https:\/\/roveyayinevi.com.tr\/index.php\/wp-json\/wp\/v2\/product_brand?post=775228"},{"taxonomy":"product_cat","embeddable":true,"href":"https:\/\/roveyayinevi.com.tr\/index.php\/wp-json\/wp\/v2\/product_cat?post=775228"},{"taxonomy":"product_tag","embeddable":true,"href":"https:\/\/roveyayinevi.com.tr\/index.php\/wp-json\/wp\/v2\/product_tag?post=775228"}],"curies":[{"name":"wp","href":"https:\/\/api.w.org\/{rel}","templated":true}]}}