{"id":775222,"date":"2025-09-09T18:36:36","date_gmt":"2025-09-09T15:36:36","guid":{"rendered":"https:\/\/roveyayinevi.com.tr\/index.php\/urun\/once-kadinlar-ve-cocuklar\/"},"modified":"2026-04-15T03:41:42","modified_gmt":"2026-04-15T00:41:42","slug":"once-kadinlar-ve-cocuklar","status":"publish","type":"product","link":"https:\/\/roveyayinevi.com.tr\/index.php\/urun\/once-kadinlar-ve-cocuklar\/","title":{"rendered":"\u00d6nce Kad\u0131nlar ve \u00c7ocuklar"},"content":{"rendered":"<p>\u201cAvrupa\u2019n\u0131n bir\u00e7ok yerlerinde analar\u0131 koruma kurulu\u015flar\u0131n\u0131n her mahallede yard\u0131m evleri vard\u0131r. Seyyar hem\u015fireler fakir mahalleleri dola\u015farak gebe kad\u0131nlar\u0131, emziklileri, yeni do\u011fmu\u015f \u00e7ocuklar\u0131 daima kontrol ederler. G\u0131das\u0131z analara ve \u00e7ocuklara g\u0131da verilir, hastalara bak\u0131l\u0131r, bu yard\u0131m\u0131 istemeyenler bile mecburi surette bunu kabul ederler. Biz bunu yapm\u0131yoruz. Bari art\u0131k bir sanayi memleketi olan memleketimizde \u00e7al\u0131\u015fanlar\u0131 koruyan te\u015fekk\u00fcller ve tasarruf kasalar\u0131 yapal\u0131m. Her medeni memlekette oldu\u011fu gibi bizim memleketimizde de i\u015fsize yard\u0131m yap\u0131ls\u0131n. \u0130stanbul\u2019un ortas\u0131nda, evet, medeni insanlarla dolu bu \u015fehrin i\u00e7inde emzikli bir anan\u0131n ve yavrusunun a\u00e7l\u0131k \u00e7ekmesinden daha m\u00fcthi\u015f bir facia olamaz.\u201d   Suat Dervi\u015f\u2019in bu kitapta yer alan r\u00f6portaj dizileri, daha \u00f6nce yay\u0131mlad\u0131\u011f\u0131m\u0131z \u00c7\u00f6ken \u0130stanbul\u2019dakilerin devam\u0131 niteli\u011finde. Yine \u0130stanbul, yoksulluk, \u00e7aresizlik&#8230; Bu defa merkezinde kad\u0131nlar\u0131n ve \u00e7ocuklar\u0131n oldu\u011fu r\u00f6portajlar. Dervi\u015f, g\u00f6rmezden gelinenlerin, hakk\u0131 yenilenlerin, yok say\u0131lanlar\u0131n sesi olmaya devam ediyor. Feride \u00c7etin, \u201cBaz\u0131 Kad\u0131nlar, Baz\u0131 \u00c7ocuklar\u201d ba\u015fl\u0131kl\u0131 sons\u00f6z\u00fcnde Suat Dervi\u015f\u2019in eme\u011fini pek \u00e7ok a\u00e7\u0131dan de\u011ferlendiriyor:   Bu r\u00f6portajlar\u0131n beni en etkileyen yan\u0131, Suat Dervi\u015f\u2019in idealist ve hemcinslerini y\u00fcreklendirmeye y\u00f6nelik yorumlar\u0131 oldu. Bunun nedeni acaba gen\u00e7 Cumhuriyet\u2019teki her e\u015fyaya sinmi\u015f pembe ruh h\u00e2li mi? D\u00f6nemin y\u00fcz\u00fcn\u00fc \u00fcretim ve yeniden yap\u0131lanmaya \u00e7evirmi\u015f bak\u0131\u015f\u0131n\u0131n etkisi de olabilir. Dervi\u015f\u2019in sat\u0131r aralar\u0131nda bile hissedilen net bir kavray\u0131\u015f\u0131, iyi bir g\u00f6zlem g\u00fcc\u00fc var. <\/p>\n","protected":false},"excerpt":{"rendered":"<p>\u201cAvrupa\u2019n\u0131n bir\u00e7ok yerlerinde analar\u0131 koruma kurulu\u015flar\u0131n\u0131n her mahallede yard\u0131m evleri vard\u0131r. Seyyar hem\u015fireler fakir mahalleleri dola\u015farak gebe kad\u0131nlar\u0131, emziklileri, yeni do\u011fmu\u015f \u00e7ocuklar\u0131 daima kontrol ederler. G\u0131das\u0131z<span class=\"excerpt-hellip\"> [\u2026]<\/span><\/p>\n","protected":false},"featured_media":0,"template":"","meta":{"_monsterinsights_skip_tracking":false,"_monsterinsights_sitenote_active":false,"_monsterinsights_sitenote_note":"","_monsterinsights_sitenote_category":0},"product_brand":[],"product_cat":[12291,30969],"product_tag":[],"class_list":{"0":"post-775222","1":"product","2":"type-product","3":"status-publish","5":"product_cat-edebiyat","6":"product_cat-soylesi-edebiyat","7":"pa_cilt-ciltsiz","8":"pa_tur-kitap","9":"pa_yayinevi-ithaki-yayinlari","10":"pa_yazar-suat-dervis","12":"first","13":"instock","14":"sale","15":"shipping-taxable","16":"purchasable","17":"product-type-simple"},"_links":{"self":[{"href":"https:\/\/roveyayinevi.com.tr\/index.php\/wp-json\/wp\/v2\/product\/775222","targetHints":{"allow":["GET"]}}],"collection":[{"href":"https:\/\/roveyayinevi.com.tr\/index.php\/wp-json\/wp\/v2\/product"}],"about":[{"href":"https:\/\/roveyayinevi.com.tr\/index.php\/wp-json\/wp\/v2\/types\/product"}],"wp:attachment":[{"href":"https:\/\/roveyayinevi.com.tr\/index.php\/wp-json\/wp\/v2\/media?parent=775222"}],"wp:term":[{"taxonomy":"product_brand","embeddable":true,"href":"https:\/\/roveyayinevi.com.tr\/index.php\/wp-json\/wp\/v2\/product_brand?post=775222"},{"taxonomy":"product_cat","embeddable":true,"href":"https:\/\/roveyayinevi.com.tr\/index.php\/wp-json\/wp\/v2\/product_cat?post=775222"},{"taxonomy":"product_tag","embeddable":true,"href":"https:\/\/roveyayinevi.com.tr\/index.php\/wp-json\/wp\/v2\/product_tag?post=775222"}],"curies":[{"name":"wp","href":"https:\/\/api.w.org\/{rel}","templated":true}]}}