{"id":775219,"date":"2025-09-09T18:36:28","date_gmt":"2025-09-09T15:36:28","guid":{"rendered":"https:\/\/roveyayinevi.com.tr\/index.php\/urun\/baris-denen-bir-yikim\/"},"modified":"2026-04-15T03:41:42","modified_gmt":"2026-04-15T00:41:42","slug":"baris-denen-bir-yikim","status":"publish","type":"product","link":"https:\/\/roveyayinevi.com.tr\/index.php\/urun\/baris-denen-bir-yikim\/","title":{"rendered":"Bar\u0131\u015f Denen Bir Y\u0131k\u0131m"},"content":{"rendered":"<p>HUGO EN \u0130Y\u0130 ROMAN \u00d6D\u00dcL\u00dc LOCUS EN \u0130Y\u0130 B\u0130L\u0130MKURGU ROMANI \u00d6D\u00dcL\u00dc   TEIXCALAAN \u0130K\u0130LEMES\u0130N\u0130N SON K\u0130TABI BARI\u015e DENEN B\u0130R YIKIM, BU KEZ OKURU B\u0130L\u0130NMEZ B\u0130R D\u00dc\u015eMANLA KAR\u015eI KAR\u015eIYA BIRAKIYOR!   Teixcalaan s\u0131n\u0131rlar\u0131n\u0131n k\u0131y\u0131s\u0131nda bir uzayl\u0131 filosu pusuya yatm\u0131\u015f durumdad\u0131r. Onlarla ileti\u015fim kurulamamaktad\u0131r, yok edilmeleri de mu\u0308mku\u0308n de\u011fildir. Filonun komutan\u0131 Dokuz Hatmi\u2019nin se\u00e7enekleri tu\u0308kenmek u\u0308zeredir.   \u00c7aresiz kalan komutan, gizemli istilac\u0131larla diplomatik temas kurmak i\u00e7in bir el\u00e7i \u00e7a\u011f\u0131r\u0131r. \u0130mparatorluk\u2019ta ya\u015fanan \u00e7alkant\u0131lar\u0131n ard\u0131ndan h\u00e2l\u00e2 toparlanmaya \u00e7al\u0131\u015fan Mahit Dzmare ve \u00dc\u00e7 Yosun, art\u0131k neredeyse imk\u00e2ns\u0131z g\u00f6ru\u0308nen bir g\u00f6revle yu\u0308z yu\u0308zedir: Du\u0308\u015fmanla ileti\u015fim kurmak.   Ba\u015far\u0131s\u0131z olmalar\u0131, say\u0131s\u0131z \u00f6lu\u0308mu\u0308 ve sonu gelmez bir sava\u015f\u0131 garanti edecekti. Ba\u015far\u0131l\u0131 olmalar\u0131 ise Teixcalaan\u2019\u0131n y\u0131k\u0131m\u0131n\u0131 engelleyebilir ve imparatorlu\u011fun doymak bilmeyen yay\u0131lmac\u0131 gu\u0308cu\u0308nu\u0308 su\u0308rdu\u0308rmesini sa\u011flayabilirdi.   Ya da \u00e7ok daha tuhaf bir \u015feyin kap\u0131s\u0131n\u0131 aralayabilirdi&#8230;   \u201cUzay operas\u0131 tu\u0308ru\u0308ne yeni bir \u015fey katan, ak\u0131ll\u0131ca kurgulanm\u0131\u015f bir y\u0131ld\u0131zlararas\u0131 entrika hik\u00e2yesi.\u201d \u2014KEN MACLEOD   \u201cY\u0131ld\u0131zlarla bezenmi\u015f bir arka planda ustaca \u00f6ru\u0308len entrikalar, okurken elinizden b\u0131rakamayaca\u011f\u0131n\u0131z bir seru\u0308vene d\u00f6nu\u0308\u015fu\u0308yor.\u201d \u2014JO WALTON   \u201cKi\u015fisel h\u0131rslar\u0131n, politik zorunluluklar\u0131n ve y\u0131ld\u0131zlararas\u0131 entrikan\u0131n i\u00e7 i\u00e7e ge\u00e7ti\u011fi, katmanl\u0131 bir hik\u00e2ye. Canl\u0131 ve ola\u011fanu\u0308stu\u0308 yarat\u0131c\u0131.\u201d \u2014ALIETTE DE BODARD   \u201cAsimov ve Banks hayranlar\u0131na kesinlikle \u00f6nerilir.\u201d \u2014ELIZABETH BEAR <\/p>\n","protected":false},"excerpt":{"rendered":"<p>HUGO EN \u0130Y\u0130 ROMAN \u00d6D\u00dcL\u00dc LOCUS EN \u0130Y\u0130 B\u0130L\u0130MKURGU ROMANI \u00d6D\u00dcL\u00dc TEIXCALAAN \u0130K\u0130LEMES\u0130N\u0130N SON K\u0130TABI BARI\u015e DENEN B\u0130R YIKIM, BU KEZ OKURU B\u0130L\u0130NMEZ B\u0130R D\u00dc\u015eMANLA KAR\u015eI<span class=\"excerpt-hellip\"> [\u2026]<\/span><\/p>\n","protected":false},"featured_media":0,"template":"","meta":{"_monsterinsights_skip_tracking":false,"_monsterinsights_sitenote_active":false,"_monsterinsights_sitenote_note":"","_monsterinsights_sitenote_category":0},"product_brand":[],"product_cat":[12540,12291],"product_tag":[],"class_list":{"0":"post-775219","1":"product","2":"type-product","3":"status-publish","5":"product_cat-bilim-kurgu","6":"product_cat-edebiyat","7":"pa_cilt-ciltsiz","8":"pa_tur-kitap","9":"pa_yayinevi-ithaki-yayinlari","10":"pa_yazar-arkady-martine","12":"first","13":"instock","14":"sale","15":"shipping-taxable","16":"purchasable","17":"product-type-simple"},"_links":{"self":[{"href":"https:\/\/roveyayinevi.com.tr\/index.php\/wp-json\/wp\/v2\/product\/775219","targetHints":{"allow":["GET"]}}],"collection":[{"href":"https:\/\/roveyayinevi.com.tr\/index.php\/wp-json\/wp\/v2\/product"}],"about":[{"href":"https:\/\/roveyayinevi.com.tr\/index.php\/wp-json\/wp\/v2\/types\/product"}],"wp:attachment":[{"href":"https:\/\/roveyayinevi.com.tr\/index.php\/wp-json\/wp\/v2\/media?parent=775219"}],"wp:term":[{"taxonomy":"product_brand","embeddable":true,"href":"https:\/\/roveyayinevi.com.tr\/index.php\/wp-json\/wp\/v2\/product_brand?post=775219"},{"taxonomy":"product_cat","embeddable":true,"href":"https:\/\/roveyayinevi.com.tr\/index.php\/wp-json\/wp\/v2\/product_cat?post=775219"},{"taxonomy":"product_tag","embeddable":true,"href":"https:\/\/roveyayinevi.com.tr\/index.php\/wp-json\/wp\/v2\/product_tag?post=775219"}],"curies":[{"name":"wp","href":"https:\/\/api.w.org\/{rel}","templated":true}]}}