{"id":775209,"date":"2025-09-09T18:35:46","date_gmt":"2025-09-09T15:35:46","guid":{"rendered":"https:\/\/roveyayinevi.com.tr\/index.php\/urun\/mnara-610\/"},"modified":"2026-04-15T03:41:39","modified_gmt":"2026-04-15T00:41:39","slug":"mnara-610","status":"publish","type":"product","link":"https:\/\/roveyayinevi.com.tr\/index.php\/urun\/mnara-610\/","title":{"rendered":"Mnara 610"},"content":{"rendered":"<p>Phoinikos\u2019un tuz kokan liman\u0131ndan, Mnara\u2019n\u0131n kayal\u0131k yama\u00e7lar\u0131na uzanan epik bir direni\u015fin \u00f6yk\u00fcs\u00fc\u2026 Troya\u2019n\u0131n ard\u0131ndan, Anadolu\u2019nun kalbinde bir kez daha alevlenen \u00f6zg\u00fcrl\u00fck ate\u015fi&#8230; Likya\u2019n\u0131n gururlu prensi Glaukos ile Kartacal\u0131 asil t\u00fcccar kad\u0131n Sulpicia; tarih, inan\u00e7 ve a\u015fk\u0131n i\u00e7 i\u00e7e ge\u00e7ti\u011fi bu topraklarda, kaderin ve ruhun derin \u00e7a\u011fr\u0131s\u0131yla bir araya geliyor. B\u00fcy\u00fck \u0130skender&#8217;in ordusu kap\u0131dayken; \u00e7a\u011flar\u0131n\u0131n \u00f6tesinde bir ufukla Bat\u0131l Tanr\u0131lar\u0131 terk edip tek olan \u0130lahlar\u0131n\u0131n a\u015fk\u0131yla ya\u015fayan bir avu\u00e7 gencin ve gen\u00e7lerin g\u00f6zleri \u00f6n\u00fcnde  yanarak can veren ailelerinin hik\u00e2yesi. G\u00fcne\u015f \u00dclkesi Likya&#8217;n\u0131n, son b\u00fcy\u00fck direni\u015fine ve insan\u0131n \u00f6z\u00fcyle y\u00fczle\u015fti\u011fi bu kadim yolculu\u011fa tan\u0131k olmaya haz\u0131r m\u0131s\u0131n\u0131z? <\/p>\n","protected":false},"excerpt":{"rendered":"<p>Phoinikos\u2019un tuz kokan liman\u0131ndan, Mnara\u2019n\u0131n kayal\u0131k yama\u00e7lar\u0131na uzanan epik bir direni\u015fin \u00f6yk\u00fcs\u00fc\u2026 Troya\u2019n\u0131n ard\u0131ndan, Anadolu\u2019nun kalbinde bir kez daha alevlenen \u00f6zg\u00fcrl\u00fck ate\u015fi&#8230; Likya\u2019n\u0131n gururlu prensi Glaukos<span class=\"excerpt-hellip\"> [\u2026]<\/span><\/p>\n","protected":false},"featured_media":0,"template":"","meta":{"_monsterinsights_skip_tracking":false,"_monsterinsights_sitenote_active":false,"_monsterinsights_sitenote_note":"","_monsterinsights_sitenote_category":0},"product_brand":[],"product_cat":[12291,12745],"product_tag":[],"class_list":{"0":"post-775209","1":"product","2":"type-product","3":"status-publish","5":"product_cat-edebiyat","6":"product_cat-tarihi-roman","7":"pa_cilt-ciltsiz","8":"pa_tur-kitap","9":"pa_yayinevi-kitap-muptelasi-yayinlari","10":"pa_yazar-burak-kaya","12":"first","13":"instock","14":"sale","15":"shipping-taxable","16":"purchasable","17":"product-type-simple"},"_links":{"self":[{"href":"https:\/\/roveyayinevi.com.tr\/index.php\/wp-json\/wp\/v2\/product\/775209","targetHints":{"allow":["GET"]}}],"collection":[{"href":"https:\/\/roveyayinevi.com.tr\/index.php\/wp-json\/wp\/v2\/product"}],"about":[{"href":"https:\/\/roveyayinevi.com.tr\/index.php\/wp-json\/wp\/v2\/types\/product"}],"wp:attachment":[{"href":"https:\/\/roveyayinevi.com.tr\/index.php\/wp-json\/wp\/v2\/media?parent=775209"}],"wp:term":[{"taxonomy":"product_brand","embeddable":true,"href":"https:\/\/roveyayinevi.com.tr\/index.php\/wp-json\/wp\/v2\/product_brand?post=775209"},{"taxonomy":"product_cat","embeddable":true,"href":"https:\/\/roveyayinevi.com.tr\/index.php\/wp-json\/wp\/v2\/product_cat?post=775209"},{"taxonomy":"product_tag","embeddable":true,"href":"https:\/\/roveyayinevi.com.tr\/index.php\/wp-json\/wp\/v2\/product_tag?post=775209"}],"curies":[{"name":"wp","href":"https:\/\/api.w.org\/{rel}","templated":true}]}}