{"id":775206,"date":"2025-09-09T18:35:07","date_gmt":"2025-09-09T15:35:07","guid":{"rendered":"https:\/\/roveyayinevi.com.tr\/index.php\/urun\/beklenti-etkisi\/"},"modified":"2026-04-15T03:41:37","modified_gmt":"2026-04-15T00:41:37","slug":"beklenti-etkisi","status":"publish","type":"product","link":"https:\/\/roveyayinevi.com.tr\/index.php\/urun\/beklenti-etkisi\/","title":{"rendered":"Beklenti Etkisi"},"content":{"rendered":"<p>\u201cZihin kendi ba\u015f\u0131na bir mek\u00e2nd\u0131r; kendi i\u00e7inde cenneti cehennem k\u0131lar, cehennemi cennet.\u201d \u2013 JOHN MILTON   BBC Radio4, Sunday Times, Waterstones ve Financial Times Y\u0131l\u0131n Kitab\u0131 se\u00e7kilerinde   Plasebo etkisini ve sahte haplar\u0131n iyile\u015fmeyi nas\u0131l h\u0131zland\u0131rabildi\u011fini duymu\u015fsunuzdur. Peki sahte kalp ameliyatlar\u0131n\u0131n, ger\u00e7ek stent yerle\u015ftirme i\u015flemleri kadar etkili olabildi\u011fini biliyor muydunuz? Ya da yeme\u011fe kar\u015f\u0131 olumlu bir tutum benimsemenin kilo vermeye yard\u0131mc\u0131 oldu\u011funu, \u015fans kolyesinin bir sporcunun performans\u0131n\u0131 ger\u00e7ekten art\u0131rabildi\u011fini. \u0130\u015fte bunlar hep beklenti etkisinin marifetleri: Ne hissetti\u011fimiz ve d\u00fc\u015f\u00fcnd\u00fc\u011f\u00fcm\u00fcz, neyi deneyimledi\u011fimizi belirler; bu da hissettiklerimizi ve d\u00fc\u015f\u00fcnd\u00fcklerimizi etkiler\u2026 sonsuz bir d\u00f6ng\u00fc i\u00e7inde b\u00f6ylece devam eder.   N\u00f6robilimle anlat\u0131y\u0131 harmanlayan David Robson, bizleri beklenti etkisinin muazzam g\u00fcc\u00fcn\u00fc fark etmeye, daha uzun, zinde ve mutlu bir ya\u015fam s\u00fcrmek i\u00e7in bu g\u00fcc\u00fc kendi yarar\u0131m\u0131za kullanmaya davet ediyor. Stresin yararl\u0131 oldu\u011funa inanan insanlar\u0131n bask\u0131 alt\u0131nda daha yarat\u0131c\u0131 hale geldi\u011fine \u015fahit oluyor, ya\u015flanmay\u0131 bilgelikle ili\u015fkilendirmenin hayat\u0131m\u0131za yedi y\u0131ldan fazla bir s\u00fcre ekleyebilece\u011fini \u00f6\u011freniyoruz. \u0130nsan g\u00f6rd\u00fc\u011f\u00fcne inan\u0131r derler ancak Robson defalarca bunun tersinin daha do\u011fru oldu\u011funu kan\u0131tl\u0131yor: \u0130nanmak g\u00f6rmektir.   Zihniniz mucizeler yaratamaz. Sadece \u00fcst \u00fcste duran para tomarlar\u0131 hayal ederek zengin olamaz ya da pozitif g\u00f6rselle\u015ftirmelerle \u00f6l\u00fcmc\u00fcl bir hastal\u0131\u011f\u0131 iyile\u015ftiremezsiniz. Ancak beklentileriniz ve inan\u0131\u015flar\u0131n\u0131z, hayat\u0131n\u0131z\u0131 pek \u00e7ok \u015fa\u015f\u0131rt\u0131c\u0131 ve g\u00fc\u00e7l\u00fc \u015fekilde etkileyebilir, ki zaten halihaz\u0131rda etkiliyor. E\u011fer bu etkileri kendi yarar\u0131n\u0131za nas\u0131l kullanaca\u011f\u0131n\u0131z\u0131 \u00f6\u011frenmek istiyorsan\u0131z l\u00fctfen okumaya devam edin.   \u201cYaln\u0131zca ayd\u0131nlat\u0131c\u0131 de\u011fil, ger\u00e7ekten i\u015fe de yar\u0131yor, \u00fcstelik bilimsel kan\u0131tlara dayan\u0131yor.\u201d \u2013 Claudia Hammond   \u201cBilimsel temellere dayanan ve zihin a\u00e7\u0131c\u0131 \u00f6nerilerle dolu Beklenti Etkisi, ufkunuzu geni\u015fletecek, hatta belki de \u00f6mr\u00fcn\u00fcz\u00fc uzatacak.\u201d \u2013Daniel Pink <\/p>\n","protected":false},"excerpt":{"rendered":"<p>\u201cZihin kendi ba\u015f\u0131na bir mek\u00e2nd\u0131r; kendi i\u00e7inde cenneti cehennem k\u0131lar, cehennemi cennet.\u201d \u2013 JOHN MILTON BBC Radio4, Sunday Times, Waterstones ve Financial Times Y\u0131l\u0131n Kitab\u0131 se\u00e7kilerinde<span class=\"excerpt-hellip\"> [\u2026]<\/span><\/p>\n","protected":false},"featured_media":0,"template":"","meta":{"_monsterinsights_skip_tracking":false,"_monsterinsights_sitenote_active":false,"_monsterinsights_sitenote_note":"","_monsterinsights_sitenote_category":0},"product_brand":[],"product_cat":[20502,12357],"product_tag":[],"class_list":{"0":"post-775206","1":"product","2":"type-product","3":"status-publish","5":"product_cat-basvuru-kitaplari-psikoloji","6":"product_cat-psikoloji","7":"pa_cilt-ciltsiz","8":"pa_tur-kitap","9":"pa_yayinevi-domingo-yayinevi","10":"pa_yazar-david-robson","12":"first","13":"instock","14":"sale","15":"shipping-taxable","16":"purchasable","17":"product-type-simple"},"_links":{"self":[{"href":"https:\/\/roveyayinevi.com.tr\/index.php\/wp-json\/wp\/v2\/product\/775206","targetHints":{"allow":["GET"]}}],"collection":[{"href":"https:\/\/roveyayinevi.com.tr\/index.php\/wp-json\/wp\/v2\/product"}],"about":[{"href":"https:\/\/roveyayinevi.com.tr\/index.php\/wp-json\/wp\/v2\/types\/product"}],"wp:attachment":[{"href":"https:\/\/roveyayinevi.com.tr\/index.php\/wp-json\/wp\/v2\/media?parent=775206"}],"wp:term":[{"taxonomy":"product_brand","embeddable":true,"href":"https:\/\/roveyayinevi.com.tr\/index.php\/wp-json\/wp\/v2\/product_brand?post=775206"},{"taxonomy":"product_cat","embeddable":true,"href":"https:\/\/roveyayinevi.com.tr\/index.php\/wp-json\/wp\/v2\/product_cat?post=775206"},{"taxonomy":"product_tag","embeddable":true,"href":"https:\/\/roveyayinevi.com.tr\/index.php\/wp-json\/wp\/v2\/product_tag?post=775206"}],"curies":[{"name":"wp","href":"https:\/\/api.w.org\/{rel}","templated":true}]}}