{"id":775201,"date":"2025-09-09T18:34:22","date_gmt":"2025-09-09T15:34:22","guid":{"rendered":"https:\/\/roveyayinevi.com.tr\/index.php\/urun\/imgesel-dusler\/"},"modified":"2026-04-15T03:41:34","modified_gmt":"2026-04-15T00:41:34","slug":"imgesel-dusler","status":"publish","type":"product","link":"https:\/\/roveyayinevi.com.tr\/index.php\/urun\/imgesel-dusler\/","title":{"rendered":"\u0130mgesel D\u00fc\u015fler"},"content":{"rendered":"<p>Ozan Anzeri (Mete Y\u0131ld\u0131z) Arslank\u00f6y-Mersin do\u011fumlu \u015e\u0130\u015eECAM\u2019dan emekli, evli ve 2 \u00e7ocuk babas\u0131 olup h\u00e2len Mersin&#8217;de ya\u015famaktad\u0131r. Halk \u015fairi olarak \u00fcniversitede, tez konusu olup r\u00f6portajlar\u0131 yerel radyo, tv ve gazetelerde yay\u0131nlanm\u0131\u015ft\u0131r. Daha \u00f6nceden 2 \u015fiir kitab\u0131 vard\u0131r. Ayr\u0131ca bir\u00e7ok antolojide \u015fiirleri yay\u0131nlanm\u0131\u015ft\u0131r. 2 adet bestelenmi\u015f ve birka\u00e7 tane bestelenme a\u015famas\u0131nda \u015fiirleri bulunmaktad\u0131r. Uyak ve ayakta ba\u015far\u0131l\u0131d\u0131r, zengin kafiye kullan\u0131m\u0131yla dikkat \u00e7eker. Be\u015f m\u0131sral\u0131 (Bent) \u015fiir t\u00fcr\u00fcnde \u00c7ukurova&#8217;da en \u00f6nde gelen ustalardan oldu\u011fu ve yurt genelinde b\u00fcy\u00fck taktir toplad\u0131\u011f\u0131 g\u00f6r\u00fcl\u00fcr.  \u00d6zellikle Atat\u00fcrk, a\u015fk, hiciv ve kahramanl\u0131k \u015fiirlerinde \u00e7ok ba\u015far\u0131l\u0131d\u0131r. \u015eiirleri yerel dergi, gazetelerde, tv ve radyolarda yay\u0131nlanmaktad\u0131r. 2021 y\u0131l\u0131nda T.C. K\u00fclt\u00fcr ve Turizm Bakanl\u0131\u011f\u0131 taraf\u0131ndan Halk \u015fairli\u011fi unvan\u0131na lay\u0131k g\u00f6r\u00fcld\u00fc. <\/p>\n","protected":false},"excerpt":{"rendered":"<p>Ozan Anzeri (Mete Y\u0131ld\u0131z) Arslank\u00f6y-Mersin do\u011fumlu \u015e\u0130\u015eECAM\u2019dan emekli, evli ve 2 \u00e7ocuk babas\u0131 olup h\u00e2len Mersin&#8217;de ya\u015famaktad\u0131r. Halk \u015fairi olarak \u00fcniversitede, tez konusu olup r\u00f6portajlar\u0131 yerel<span class=\"excerpt-hellip\"> [\u2026]<\/span><\/p>\n","protected":false},"featured_media":0,"template":"","meta":{"_monsterinsights_skip_tracking":false,"_monsterinsights_sitenote_active":false,"_monsterinsights_sitenote_note":"","_monsterinsights_sitenote_category":0},"product_brand":[],"product_cat":[12291,12509],"product_tag":[],"class_list":{"0":"post-775201","1":"product","2":"type-product","3":"status-publish","5":"product_cat-edebiyat","6":"product_cat-siir","7":"pa_cilt-ciltsiz","8":"pa_tur-kitap","9":"pa_yayinevi-gulnar-yayinlari","10":"pa_yazar-ozan-anzeri","12":"first","13":"instock","14":"sale","15":"shipping-taxable","16":"purchasable","17":"product-type-simple"},"_links":{"self":[{"href":"https:\/\/roveyayinevi.com.tr\/index.php\/wp-json\/wp\/v2\/product\/775201","targetHints":{"allow":["GET"]}}],"collection":[{"href":"https:\/\/roveyayinevi.com.tr\/index.php\/wp-json\/wp\/v2\/product"}],"about":[{"href":"https:\/\/roveyayinevi.com.tr\/index.php\/wp-json\/wp\/v2\/types\/product"}],"wp:attachment":[{"href":"https:\/\/roveyayinevi.com.tr\/index.php\/wp-json\/wp\/v2\/media?parent=775201"}],"wp:term":[{"taxonomy":"product_brand","embeddable":true,"href":"https:\/\/roveyayinevi.com.tr\/index.php\/wp-json\/wp\/v2\/product_brand?post=775201"},{"taxonomy":"product_cat","embeddable":true,"href":"https:\/\/roveyayinevi.com.tr\/index.php\/wp-json\/wp\/v2\/product_cat?post=775201"},{"taxonomy":"product_tag","embeddable":true,"href":"https:\/\/roveyayinevi.com.tr\/index.php\/wp-json\/wp\/v2\/product_tag?post=775201"}],"curies":[{"name":"wp","href":"https:\/\/api.w.org\/{rel}","templated":true}]}}