{"id":775200,"date":"2025-09-09T18:34:10","date_gmt":"2025-09-09T15:34:10","guid":{"rendered":"https:\/\/roveyayinevi.com.tr\/index.php\/urun\/saatler-vurunca-vakit-durunca\/"},"modified":"2026-04-15T03:41:33","modified_gmt":"2026-04-15T00:41:33","slug":"saatler-vurunca-vakit-durunca","status":"publish","type":"product","link":"https:\/\/roveyayinevi.com.tr\/index.php\/urun\/saatler-vurunca-vakit-durunca\/","title":{"rendered":"Saatler Vurunca Vakit Durunca"},"content":{"rendered":"<p>Saatler vurunca vakit durunca Gerisi olmayan uca var\u0131nca Pi\u015fmanl\u0131klar akla hesap sorunca Yapmad\u0131klar\u0131na \u00fcz\u00fcleceksin\u2026 H\u0131z\u0131r Canbaz <\/p>\n","protected":false},"excerpt":{"rendered":"<p>Saatler vurunca vakit durunca Gerisi olmayan uca var\u0131nca Pi\u015fmanl\u0131klar akla hesap sorunca Yapmad\u0131klar\u0131na \u00fcz\u00fcleceksin\u2026 H\u0131z\u0131r Canbaz<\/p>\n","protected":false},"featured_media":0,"template":"","meta":{"_monsterinsights_skip_tracking":false,"_monsterinsights_sitenote_active":false,"_monsterinsights_sitenote_note":"","_monsterinsights_sitenote_category":0},"product_brand":[],"product_cat":[12291,12509],"product_tag":[],"class_list":{"0":"post-775200","1":"product","2":"type-product","3":"status-publish","5":"product_cat-edebiyat","6":"product_cat-siir","7":"pa_cilt-ciltsiz","8":"pa_tur-kitap","9":"pa_yayinevi-gulnar-yayinlari","10":"pa_yazar-hizir-canbaz","12":"first","13":"instock","14":"sale","15":"shipping-taxable","16":"purchasable","17":"product-type-simple"},"_links":{"self":[{"href":"https:\/\/roveyayinevi.com.tr\/index.php\/wp-json\/wp\/v2\/product\/775200","targetHints":{"allow":["GET"]}}],"collection":[{"href":"https:\/\/roveyayinevi.com.tr\/index.php\/wp-json\/wp\/v2\/product"}],"about":[{"href":"https:\/\/roveyayinevi.com.tr\/index.php\/wp-json\/wp\/v2\/types\/product"}],"wp:attachment":[{"href":"https:\/\/roveyayinevi.com.tr\/index.php\/wp-json\/wp\/v2\/media?parent=775200"}],"wp:term":[{"taxonomy":"product_brand","embeddable":true,"href":"https:\/\/roveyayinevi.com.tr\/index.php\/wp-json\/wp\/v2\/product_brand?post=775200"},{"taxonomy":"product_cat","embeddable":true,"href":"https:\/\/roveyayinevi.com.tr\/index.php\/wp-json\/wp\/v2\/product_cat?post=775200"},{"taxonomy":"product_tag","embeddable":true,"href":"https:\/\/roveyayinevi.com.tr\/index.php\/wp-json\/wp\/v2\/product_tag?post=775200"}],"curies":[{"name":"wp","href":"https:\/\/api.w.org\/{rel}","templated":true}]}}