{"id":775182,"date":"2025-09-09T18:27:54","date_gmt":"2025-09-09T15:27:54","guid":{"rendered":"https:\/\/roveyayinevi.com.tr\/index.php\/urun\/ardahan-yanik-cami\/"},"modified":"2026-04-15T03:39:27","modified_gmt":"2026-04-15T00:39:27","slug":"ardahan-yanik-cami","status":"publish","type":"product","link":"https:\/\/roveyayinevi.com.tr\/index.php\/urun\/ardahan-yanik-cami\/","title":{"rendered":"Ardahan Yan\u0131k Cami"},"content":{"rendered":"<p>\u201cTarih yazmak tarih yapmak kadar \u00f6nemlidir. Yazan yapana sad\u0131k kalmazsa de\u011fi\u015fmeyen ger\u00e7eklik insanl\u0131\u011f\u0131 \u015fa\u015f\u0131rtacak bir durum al\u0131r.\u201d Gazi Mustafa Kemal Atat\u00fcrk <\/p>\n","protected":false},"excerpt":{"rendered":"<p>\u201cTarih yazmak tarih yapmak kadar \u00f6nemlidir. Yazan yapana sad\u0131k kalmazsa de\u011fi\u015fmeyen ger\u00e7eklik insanl\u0131\u011f\u0131 \u015fa\u015f\u0131rtacak bir durum al\u0131r.\u201d Gazi Mustafa Kemal Atat\u00fcrk<\/p>\n","protected":false},"featured_media":0,"template":"","meta":{"_monsterinsights_skip_tracking":false,"_monsterinsights_sitenote_active":false,"_monsterinsights_sitenote_note":"","_monsterinsights_sitenote_category":0},"product_brand":[],"product_cat":[12370,12304],"product_tag":[],"class_list":{"0":"post-775182","1":"product","2":"type-product","3":"status-publish","5":"product_cat-arastirma-inceleme","6":"product_cat-tarih","7":"pa_cilt-ciltsiz","8":"pa_tur-kitap","9":"pa_yayinevi-soncag-akademik-kitaplar","10":"pa_yazar-baris-serhat-isik","12":"first","13":"instock","14":"sale","15":"shipping-taxable","16":"purchasable","17":"product-type-simple"},"_links":{"self":[{"href":"https:\/\/roveyayinevi.com.tr\/index.php\/wp-json\/wp\/v2\/product\/775182","targetHints":{"allow":["GET"]}}],"collection":[{"href":"https:\/\/roveyayinevi.com.tr\/index.php\/wp-json\/wp\/v2\/product"}],"about":[{"href":"https:\/\/roveyayinevi.com.tr\/index.php\/wp-json\/wp\/v2\/types\/product"}],"wp:attachment":[{"href":"https:\/\/roveyayinevi.com.tr\/index.php\/wp-json\/wp\/v2\/media?parent=775182"}],"wp:term":[{"taxonomy":"product_brand","embeddable":true,"href":"https:\/\/roveyayinevi.com.tr\/index.php\/wp-json\/wp\/v2\/product_brand?post=775182"},{"taxonomy":"product_cat","embeddable":true,"href":"https:\/\/roveyayinevi.com.tr\/index.php\/wp-json\/wp\/v2\/product_cat?post=775182"},{"taxonomy":"product_tag","embeddable":true,"href":"https:\/\/roveyayinevi.com.tr\/index.php\/wp-json\/wp\/v2\/product_tag?post=775182"}],"curies":[{"name":"wp","href":"https:\/\/api.w.org\/{rel}","templated":true}]}}