{"id":775177,"date":"2025-09-09T18:26:33","date_gmt":"2025-09-09T15:26:33","guid":{"rendered":"https:\/\/roveyayinevi.com.tr\/index.php\/urun\/10-gunde-1-beden-incel\/"},"modified":"2026-04-15T03:39:22","modified_gmt":"2026-04-15T00:39:22","slug":"10-gunde-1-beden-incel","status":"publish","type":"product","link":"https:\/\/roveyayinevi.com.tr\/index.php\/urun\/10-gunde-1-beden-incel\/","title":{"rendered":"10 G\u00fcnde 1 Beden \u0130ncel"},"content":{"rendered":"<p>Zay\u0131flamak hi\u00e7 bu kadar lezzetli ve zevkli olmam\u0131\u015ft\u0131!   B\u00fct\u00fcn diyetleri unutun. Sadece niyetiniz laz\u0131m size. Sonras\u0131 gelsin sa\u011fl\u0131kl\u0131 hafiflik. Peki ama nas\u0131l? \u0130\u015fte 10 G\u00fcnde 1 Beden \u0130ncel kitab\u0131 bu soruya cevap vermek i\u00e7in g\u0131da m\u00fchendisi ve diyetisyen \u015eeyda \u00d6\u011fd\u00fck taraf\u0131ndan yaz\u0131ld\u0131.   \u015eeyda \u00d6\u011fd\u00fck, sosyal medyadaki 1 milyon 200 bin takip\u00e7isine uzun y\u0131llard\u0131r mutlu ve sa\u011fl\u0131kl\u0131 zay\u0131flama programlar\u0131 sunuyor. Payla\u015ft\u0131\u011f\u0131 \u00e7arp\u0131c\u0131 sonu\u00e7lar g\u00f6z kama\u015ft\u0131r\u0131yor. \u00d6\u011fd\u00fck \u015fimdi t\u00fcm birikimini okurlara a\u00e7\u0131yor. Onlara bu kitapta s\u0131k\u0131c\u0131 listelerden olu\u015fan demode bal\u0131klar vermek yerine, bal\u0131k tutmay\u0131 \u00f6\u011fretiyor. Dupduru bir dil ve kolay anla\u015f\u0131l\u0131r bir anlat\u0131mla. Verdi\u011fi bilgilerle ve yemek tarifleriyle kendi diyet program\u0131n\u0131z\u0131 olu\u015fturabilece\u011finiz derin ve e\u011flenceli bir kitap bu.   Siz yeter ki niyet edin. Gerisi g\u00fcle oynaya ge\u00e7irece\u011finiz lezzet dolu 10 g\u00fcn ve bir beden incelme. <\/p>\n","protected":false},"excerpt":{"rendered":"<p>Zay\u0131flamak hi\u00e7 bu kadar lezzetli ve zevkli olmam\u0131\u015ft\u0131! B\u00fct\u00fcn diyetleri unutun. Sadece niyetiniz laz\u0131m size. Sonras\u0131 gelsin sa\u011fl\u0131kl\u0131 hafiflik. Peki ama nas\u0131l? \u0130\u015fte 10 G\u00fcnde 1<span class=\"excerpt-hellip\"> [\u2026]<\/span><\/p>\n","protected":false},"featured_media":0,"template":"","meta":{"_monsterinsights_skip_tracking":false,"_monsterinsights_sitenote_active":false,"_monsterinsights_sitenote_note":"","_monsterinsights_sitenote_category":0},"product_brand":[],"product_cat":[13365],"product_tag":[],"class_list":{"0":"post-775177","1":"product","2":"type-product","3":"status-publish","5":"product_cat-saglik","6":"pa_cilt-ciltsiz","7":"pa_tur-kitap","8":"pa_yayinevi-dogan-kitap","9":"pa_yazar-seyda-ogduk","11":"first","12":"instock","13":"sale","14":"shipping-taxable","15":"purchasable","16":"product-type-simple"},"_links":{"self":[{"href":"https:\/\/roveyayinevi.com.tr\/index.php\/wp-json\/wp\/v2\/product\/775177","targetHints":{"allow":["GET"]}}],"collection":[{"href":"https:\/\/roveyayinevi.com.tr\/index.php\/wp-json\/wp\/v2\/product"}],"about":[{"href":"https:\/\/roveyayinevi.com.tr\/index.php\/wp-json\/wp\/v2\/types\/product"}],"wp:attachment":[{"href":"https:\/\/roveyayinevi.com.tr\/index.php\/wp-json\/wp\/v2\/media?parent=775177"}],"wp:term":[{"taxonomy":"product_brand","embeddable":true,"href":"https:\/\/roveyayinevi.com.tr\/index.php\/wp-json\/wp\/v2\/product_brand?post=775177"},{"taxonomy":"product_cat","embeddable":true,"href":"https:\/\/roveyayinevi.com.tr\/index.php\/wp-json\/wp\/v2\/product_cat?post=775177"},{"taxonomy":"product_tag","embeddable":true,"href":"https:\/\/roveyayinevi.com.tr\/index.php\/wp-json\/wp\/v2\/product_tag?post=775177"}],"curies":[{"name":"wp","href":"https:\/\/api.w.org\/{rel}","templated":true}]}}