{"id":775148,"date":"2025-09-09T17:55:18","date_gmt":"2025-09-09T14:55:18","guid":{"rendered":"https:\/\/roveyayinevi.com.tr\/index.php\/urun\/isletmelerde-surdurulebilirlik-yonetimi\/"},"modified":"2026-04-15T03:34:50","modified_gmt":"2026-04-15T00:34:50","slug":"isletmelerde-surdurulebilirlik-yonetimi","status":"publish","type":"product","link":"https:\/\/roveyayinevi.com.tr\/index.php\/urun\/isletmelerde-surdurulebilirlik-yonetimi\/","title":{"rendered":"\u0130\u015fletmelerde S\u00fcrd\u00fcr\u00fclebilirlik Y\u00f6netimi"},"content":{"rendered":"<p>\u0130\u00e7indekiler :   B\u00d6L\u00dcM 1: S\u00dcRD\u00dcR\u00dcLEB\u0130L\u0130RL\u0130K KAVRAMI VE \u0130\u015eLETMELERDE S\u00dcRD\u00dcR\u00dcLEB\u0130L\u0130RL\u0130K   B\u00d6L\u00dcM 2: S\u00dcRD\u00dcR\u00dcLEB\u0130L\u0130R G\u0130R\u0130\u015e\u0130MC\u0130L\u0130K   B\u00d6L\u00dcM 3: S\u00dcRD\u00dcR\u00dcLEB\u0130L\u0130R \u0130NSAN KAYNAKLARI Y\u00d6NET\u0130M\u0130   B\u00d6L\u00dcM 4: TEDAR\u0130K Z\u0130NC\u0130R\u0130NDE S\u00dcRD\u00dcR\u00dcLEB\u0130L\u0130RL\u0130K   B\u00d6L\u00dcM 5: \u0130\u015eLETMELERDE S\u00dcRD\u00dcR\u00dcLEB\u0130L\u0130R SOSYAL SORUMLULUK   B\u00d6L\u00dcM 6: S\u00dcRD\u00dcR\u00dcLEB\u0130L\u0130RL\u0130K ODAKLI \u00d6RG\u00dcT K\u00dcLT\u00dcR\u00dc       B\u00d6L\u00dcM 7: S\u00dcRD\u00dcR\u00dcLEB\u0130L\u0130R L\u0130DERL\u0130K   B\u00d6L\u00dcM 8: S\u00dcRD\u00dcR\u00dcLEB\u0130L\u0130R \u0130\u015eLETMELER\u0130N HUKUK\u0130 YAPISI   B\u00d6L\u00dcM 9: \u0130\u015eLETMELERDE S\u00dcRD\u00dcR\u00dcLEB\u0130L\u0130RL\u0130K VE \u0130NOVASYON \u0130L\u0130\u015eK\u0130S\u0130   B\u00d6L\u00dcM 10: S\u00dcRD\u00dcR\u00dcLEB\u0130L\u0130RL\u0130K VE YEN\u0130 \u00c7ALI\u015eMA B\u0130\u00c7\u0130MLER\u0130   B\u00d6L\u00dcM 11: KURUMSAL S\u00dcRD\u00dcR\u00dcLEB\u0130L\u0130RL\u0130K Y\u00d6NET\u0130M\u0130   B\u00d6L\u00dcM 12: S\u00dcRD\u00dcR\u00dcLEB\u0130L\u0130RL\u0130K Y\u00d6NET\u0130M S\u0130STEMLER\u0130 <\/p>\n","protected":false},"excerpt":{"rendered":"<p>\u0130\u00e7indekiler : B\u00d6L\u00dcM 1: S\u00dcRD\u00dcR\u00dcLEB\u0130L\u0130RL\u0130K KAVRAMI VE \u0130\u015eLETMELERDE S\u00dcRD\u00dcR\u00dcLEB\u0130L\u0130RL\u0130K B\u00d6L\u00dcM 2: S\u00dcRD\u00dcR\u00dcLEB\u0130L\u0130R G\u0130R\u0130\u015e\u0130MC\u0130L\u0130K B\u00d6L\u00dcM 3: S\u00dcRD\u00dcR\u00dcLEB\u0130L\u0130R \u0130NSAN KAYNAKLARI Y\u00d6NET\u0130M\u0130 B\u00d6L\u00dcM 4: TEDAR\u0130K Z\u0130NC\u0130R\u0130NDE S\u00dcRD\u00dcR\u00dcLEB\u0130L\u0130RL\u0130K B\u00d6L\u00dcM 5:<span class=\"excerpt-hellip\"> [\u2026]<\/span><\/p>\n","protected":false},"featured_media":0,"template":"","meta":{"_monsterinsights_skip_tracking":false,"_monsterinsights_sitenote_active":false,"_monsterinsights_sitenote_note":"","_monsterinsights_sitenote_category":0},"product_brand":[],"product_cat":[13043],"product_tag":[],"class_list":{"0":"post-775148","1":"product","2":"type-product","3":"status-publish","5":"product_cat-ekonomi","6":"pa_cilt-ciltsiz","7":"pa_tur-kitap","8":"pa_yayinevi-gazi-kitabevi","9":"pa_yazar-kolektif","11":"first","12":"instock","13":"sale","14":"shipping-taxable","15":"purchasable","16":"product-type-simple"},"_links":{"self":[{"href":"https:\/\/roveyayinevi.com.tr\/index.php\/wp-json\/wp\/v2\/product\/775148","targetHints":{"allow":["GET"]}}],"collection":[{"href":"https:\/\/roveyayinevi.com.tr\/index.php\/wp-json\/wp\/v2\/product"}],"about":[{"href":"https:\/\/roveyayinevi.com.tr\/index.php\/wp-json\/wp\/v2\/types\/product"}],"wp:attachment":[{"href":"https:\/\/roveyayinevi.com.tr\/index.php\/wp-json\/wp\/v2\/media?parent=775148"}],"wp:term":[{"taxonomy":"product_brand","embeddable":true,"href":"https:\/\/roveyayinevi.com.tr\/index.php\/wp-json\/wp\/v2\/product_brand?post=775148"},{"taxonomy":"product_cat","embeddable":true,"href":"https:\/\/roveyayinevi.com.tr\/index.php\/wp-json\/wp\/v2\/product_cat?post=775148"},{"taxonomy":"product_tag","embeddable":true,"href":"https:\/\/roveyayinevi.com.tr\/index.php\/wp-json\/wp\/v2\/product_tag?post=775148"}],"curies":[{"name":"wp","href":"https:\/\/api.w.org\/{rel}","templated":true}]}}