{"id":775127,"date":"2025-09-09T17:30:39","date_gmt":"2025-09-09T14:30:39","guid":{"rendered":"https:\/\/roveyayinevi.com.tr\/index.php\/urun\/modern-turk-vatandasinin-insasi\/"},"modified":"2026-03-11T03:44:34","modified_gmt":"2026-03-11T00:44:34","slug":"modern-turk-vatandasinin-insasi","status":"publish","type":"product","link":"https:\/\/roveyayinevi.com.tr\/index.php\/urun\/modern-turk-vatandasinin-insasi\/","title":{"rendered":"Modern T\u00fcrk Vatanda\u015f\u0131n\u0131n \u0130n\u015fas\u0131"},"content":{"rendered":"<p>1920\u2019ler ve 1930\u2019larda \u00e7ekilmi\u015f altm\u0131\u015ftan fazla foto\u011fraftan yola \u00e7\u0131kan bu \u00e7al\u0131\u015fma, \u015fehirli orta s\u0131n\u0131f\u0131n \u00f6z temsillerini mercek alt\u0131na al\u0131yor. Kitap foto\u011fraf\u0131n cinsiyet, beden, mek\u00e2nla oldu\u011fu kadar dil ve maddesellikle olan ili\u015fkisini de inceleyerek vernak\u00fcler foto\u011fraf\u0131n \u00fcretimi ve dola\u015f\u0131m\u0131n\u0131n modern T\u00fcrk vatanda\u015f\u0131n\u0131n in\u015fas\u0131na nas\u0131l katk\u0131da bulundu\u011funu ara\u015ft\u0131r\u0131yor. Erken Cumhuriyet\u2019in modernlik ve sek\u00fclerlik vurgusuyla Cumhuriyet kad\u0131n\u0131 ve erke\u011fi ideallerini olu\u015fturmas\u0131n\u0131n izini s\u00fcr\u00fcyor.   D\u00f6nemin st\u00fcdyo foto\u011fraflar\u0131 ve amat\u00f6r karelerinin s\u0131n\u0131fsall\u0131\u011f\u0131na dikkat \u00e7eken Modern T\u00fcrk Vatanda\u015f\u0131n\u0131n \u0130n\u015fas\u0131, erken Cumhuriyet\u2019in h\u0131zla de\u011fi\u015fen siyasi ve sosyal ikliminde \u00fcretilen yeni benlik temsillerine dair k\u0131ymetli bir eser. <\/p>\n","protected":false},"excerpt":{"rendered":"<p>1920\u2019ler ve 1930\u2019larda \u00e7ekilmi\u015f altm\u0131\u015ftan fazla foto\u011fraftan yola \u00e7\u0131kan bu \u00e7al\u0131\u015fma, \u015fehirli orta s\u0131n\u0131f\u0131n \u00f6z temsillerini mercek alt\u0131na al\u0131yor. Kitap foto\u011fraf\u0131n cinsiyet, beden, mek\u00e2nla oldu\u011fu kadar<span class=\"excerpt-hellip\"> [\u2026]<\/span><\/p>\n","protected":false},"featured_media":0,"template":"","meta":{"_monsterinsights_skip_tracking":false,"_monsterinsights_sitenote_active":false,"_monsterinsights_sitenote_note":"","_monsterinsights_sitenote_category":0},"product_brand":[],"product_cat":[12304],"product_tag":[],"class_list":{"0":"post-775127","1":"product","2":"type-product","3":"status-publish","5":"product_cat-tarih","6":"pa_cilt-ciltsiz","7":"pa_tur-kitap","8":"pa_yayinevi-dogan-kitap","9":"pa_yazar-ozge-baykan-calafato","11":"first","12":"instock","13":"sale","14":"shipping-taxable","15":"purchasable","16":"product-type-simple"},"_links":{"self":[{"href":"https:\/\/roveyayinevi.com.tr\/index.php\/wp-json\/wp\/v2\/product\/775127","targetHints":{"allow":["GET"]}}],"collection":[{"href":"https:\/\/roveyayinevi.com.tr\/index.php\/wp-json\/wp\/v2\/product"}],"about":[{"href":"https:\/\/roveyayinevi.com.tr\/index.php\/wp-json\/wp\/v2\/types\/product"}],"wp:attachment":[{"href":"https:\/\/roveyayinevi.com.tr\/index.php\/wp-json\/wp\/v2\/media?parent=775127"}],"wp:term":[{"taxonomy":"product_brand","embeddable":true,"href":"https:\/\/roveyayinevi.com.tr\/index.php\/wp-json\/wp\/v2\/product_brand?post=775127"},{"taxonomy":"product_cat","embeddable":true,"href":"https:\/\/roveyayinevi.com.tr\/index.php\/wp-json\/wp\/v2\/product_cat?post=775127"},{"taxonomy":"product_tag","embeddable":true,"href":"https:\/\/roveyayinevi.com.tr\/index.php\/wp-json\/wp\/v2\/product_tag?post=775127"}],"curies":[{"name":"wp","href":"https:\/\/api.w.org\/{rel}","templated":true}]}}