{"id":775109,"date":"2025-09-09T17:09:47","date_gmt":"2025-09-09T14:09:47","guid":{"rendered":"https:\/\/roveyayinevi.com.tr\/index.php\/urun\/mosyo-ibrahim-ve-kuranin-cicekleri\/"},"modified":"2026-04-15T03:27:02","modified_gmt":"2026-04-15T00:27:02","slug":"mosyo-ibrahim-ve-kuranin-cicekleri","status":"publish","type":"product","link":"https:\/\/roveyayinevi.com.tr\/index.php\/urun\/mosyo-ibrahim-ve-kuranin-cicekleri\/","title":{"rendered":"M\u00f6sy\u00f6 \u0130brahim ve Kuran&#8217;\u0131n \u00c7i\u00e7ekleri"},"content":{"rendered":"<p>\u201cVerdi\u011fin sonsuza dek senindir. Saklad\u0131\u011f\u0131n ise ebediyen yitmi\u015ftir!\u201dMo\u00efse\u2019in, babas\u0131yla birlikte ya\u015fad\u0131\u011f\u0131 Mavi Sokak\u2019ta d\u00fckk\u00e2n\u0131ndan s\u00fcrekli konserve a\u015f\u0131rd\u0131\u011f\u0131, \u201csoka\u011f\u0131n Arap\u2019\u0131\u201d M\u00f6sy\u00f6 \u0130brahim\u2019le kurdu\u011fu dostluk zamanla baba o\u011ful ili\u015fkisine d\u00f6n\u00fc\u015f\u00fcr. Mo\u00efse, d\u00fcnyaya bilge bir g\u00fcl\u00fcmsemenin ard\u0131ndan bakan M\u00f6sy\u00f6 \u0130brahim\u2019le Sufili\u011fin d\u00fcnyas\u0131na ad\u0131m atacak, Kuran\u2019\u0131n aras\u0131na saklad\u0131\u011f\u0131 kurumu\u015f \u00e7i\u00e7eklerin d\u00fcnyevi olan her \u015feyi a\u015fan sevgisini tadacakt\u0131r.Sinemaya da uyarlanan M\u00f6sy\u00f6 \u0130brahim ve Kuran\u2019\u0131n \u00c7i\u00e7ekleri Yahudi bir \u00e7ocukla M\u00fcsl\u00fcman bir bakkal\u0131n, kanba\u011flar\u0131na, etnik ve dinsel \u00f6nyarg\u0131lara, d\u00fc\u015fmanl\u0131klara galebe \u00e7alan dostluklar\u0131n\u0131n hik\u00e2yesi.<\/p>\n","protected":false},"excerpt":{"rendered":"<p>\u201cVerdi\u011fin sonsuza dek senindir. Saklad\u0131\u011f\u0131n ise ebediyen yitmi\u015ftir!\u201dMo\u00efse\u2019in, babas\u0131yla birlikte ya\u015fad\u0131\u011f\u0131 Mavi Sokak\u2019ta d\u00fckk\u00e2n\u0131ndan s\u00fcrekli konserve a\u015f\u0131rd\u0131\u011f\u0131, \u201csoka\u011f\u0131n Arap\u2019\u0131\u201d M\u00f6sy\u00f6 \u0130brahim\u2019le kurdu\u011fu dostluk zamanla baba o\u011ful<span class=\"excerpt-hellip\"> [\u2026]<\/span><\/p>\n","protected":false},"featured_media":0,"template":"","meta":{"_monsterinsights_skip_tracking":false,"_monsterinsights_sitenote_active":false,"_monsterinsights_sitenote_note":"","_monsterinsights_sitenote_category":0},"product_brand":[],"product_cat":[12291,12711],"product_tag":[],"class_list":{"0":"post-775109","1":"product","2":"type-product","3":"status-publish","5":"product_cat-edebiyat","6":"product_cat-roman-oyku","7":"pa_cilt-ciltsiz","8":"pa_tur-kitap","9":"pa_yayinevi-dogan-kitap","10":"pa_yazar-eric-emmanuel-schmitt","12":"first","13":"instock","14":"sale","15":"shipping-taxable","16":"purchasable","17":"product-type-simple"},"_links":{"self":[{"href":"https:\/\/roveyayinevi.com.tr\/index.php\/wp-json\/wp\/v2\/product\/775109","targetHints":{"allow":["GET"]}}],"collection":[{"href":"https:\/\/roveyayinevi.com.tr\/index.php\/wp-json\/wp\/v2\/product"}],"about":[{"href":"https:\/\/roveyayinevi.com.tr\/index.php\/wp-json\/wp\/v2\/types\/product"}],"wp:attachment":[{"href":"https:\/\/roveyayinevi.com.tr\/index.php\/wp-json\/wp\/v2\/media?parent=775109"}],"wp:term":[{"taxonomy":"product_brand","embeddable":true,"href":"https:\/\/roveyayinevi.com.tr\/index.php\/wp-json\/wp\/v2\/product_brand?post=775109"},{"taxonomy":"product_cat","embeddable":true,"href":"https:\/\/roveyayinevi.com.tr\/index.php\/wp-json\/wp\/v2\/product_cat?post=775109"},{"taxonomy":"product_tag","embeddable":true,"href":"https:\/\/roveyayinevi.com.tr\/index.php\/wp-json\/wp\/v2\/product_tag?post=775109"}],"curies":[{"name":"wp","href":"https:\/\/api.w.org\/{rel}","templated":true}]}}