{"id":775094,"date":"2025-09-09T16:58:40","date_gmt":"2025-09-09T13:58:40","guid":{"rendered":"https:\/\/roveyayinevi.com.tr\/index.php\/urun\/eger-kotu-olsaydik\/"},"modified":"2026-03-27T03:21:33","modified_gmt":"2026-03-27T00:21:33","slug":"eger-kotu-olsaydik","status":"publish","type":"product","link":"https:\/\/roveyayinevi.com.tr\/index.php\/urun\/eger-kotu-olsaydik\/","title":{"rendered":"E\u011fer K\u00f6t\u00fc Olsayd\u0131k"},"content":{"rendered":"<p>Oliver Marks, i\u015flemi\u015f olabilece\u011fi ya da olamayaca\u011f\u0131 bir cinayet i\u00e7in on y\u0131l hapis yatm\u0131\u015ft\u0131. Serbest kald\u0131\u011f\u0131 g\u00fcn, onu hapse atan dedektif taraf\u0131ndan kar\u015f\u0131land\u0131. Dedektif Colborne emekli olmak \u00fczereydi ve on y\u0131l \u00f6nce ger\u00e7ekte ne ya\u015fand\u0131\u011f\u0131n\u0131 \u00f6\u011frenmek istiyordu.   Se\u00e7kin konservatuardaki gen\u00e7 bir akt\u00f6r olarak, Oliver yetenekli s\u0131n\u0131f arkada\u015flar\u0131n\u0131n sahne \u00f6n\u00fcnde de arkas\u0131nda da ayn\u0131 karakterleri oynad\u0131\u011f\u0131n\u0131 fark etmi\u015fti; k\u00f6t\u00fc adam, kahraman, ba\u015ftan \u00e7\u0131kar\u0131c\u0131 kad\u0131n. Kendisi ise hep yard\u0131mc\u0131 roldeydi. Fakat \u00f6\u011fretmenler oyuncu se\u00e7imlerini de\u011fi\u015ftirdiklerinde, arkada\u015f\u00e7a rekabetleri \u00e7irkinle\u015fmi\u015f ve oyunlar tehlikeli \u015fekilde ger\u00e7ek hayata yans\u0131maya ba\u015flam\u0131\u015ft\u0131.   Trajedi ba\u015f g\u00f6sterdi\u011finde, yedi arkada\u015ftan biri \u00f6l\u00fc bulundu. Geriye kalanlar da hayatlar\u0131ndaki en zorlu oyunculuk m\u00fccadelesiyle kar\u015f\u0131 kar\u015f\u0131yayd\u0131: polisi ve kendilerini su\u00e7suz olduklar\u0131na ikna etmek\u2026 <\/p>\n","protected":false},"excerpt":{"rendered":"<p>Oliver Marks, i\u015flemi\u015f olabilece\u011fi ya da olamayaca\u011f\u0131 bir cinayet i\u00e7in on y\u0131l hapis yatm\u0131\u015ft\u0131. Serbest kald\u0131\u011f\u0131 g\u00fcn, onu hapse atan dedektif taraf\u0131ndan kar\u015f\u0131land\u0131. Dedektif Colborne emekli<span class=\"excerpt-hellip\"> [\u2026]<\/span><\/p>\n","protected":false},"featured_media":0,"template":"","meta":{"_monsterinsights_skip_tracking":false,"_monsterinsights_sitenote_active":false,"_monsterinsights_sitenote_note":"","_monsterinsights_sitenote_category":0},"product_brand":[],"product_cat":[12291,12711],"product_tag":[],"class_list":{"0":"post-775094","1":"product","2":"type-product","3":"status-publish","5":"product_cat-edebiyat","6":"product_cat-roman-oyku","7":"pa_cilt-ciltsiz","8":"pa_tur-kitap","9":"pa_yayinevi-ren-kitap","10":"pa_yazar-m-l-rio","12":"first","13":"instock","14":"sale","15":"shipping-taxable","16":"purchasable","17":"product-type-simple"},"_links":{"self":[{"href":"https:\/\/roveyayinevi.com.tr\/index.php\/wp-json\/wp\/v2\/product\/775094","targetHints":{"allow":["GET"]}}],"collection":[{"href":"https:\/\/roveyayinevi.com.tr\/index.php\/wp-json\/wp\/v2\/product"}],"about":[{"href":"https:\/\/roveyayinevi.com.tr\/index.php\/wp-json\/wp\/v2\/types\/product"}],"wp:attachment":[{"href":"https:\/\/roveyayinevi.com.tr\/index.php\/wp-json\/wp\/v2\/media?parent=775094"}],"wp:term":[{"taxonomy":"product_brand","embeddable":true,"href":"https:\/\/roveyayinevi.com.tr\/index.php\/wp-json\/wp\/v2\/product_brand?post=775094"},{"taxonomy":"product_cat","embeddable":true,"href":"https:\/\/roveyayinevi.com.tr\/index.php\/wp-json\/wp\/v2\/product_cat?post=775094"},{"taxonomy":"product_tag","embeddable":true,"href":"https:\/\/roveyayinevi.com.tr\/index.php\/wp-json\/wp\/v2\/product_tag?post=775094"}],"curies":[{"name":"wp","href":"https:\/\/api.w.org\/{rel}","templated":true}]}}