{"id":775089,"date":"2025-09-09T16:54:14","date_gmt":"2025-09-09T13:54:14","guid":{"rendered":"https:\/\/roveyayinevi.com.tr\/index.php\/urun\/uc-silahsorler-9\/"},"modified":"2025-10-20T09:52:11","modified_gmt":"2025-10-20T06:52:11","slug":"uc-silahsorler-9","status":"publish","type":"product","link":"https:\/\/roveyayinevi.com.tr\/index.php\/urun\/uc-silahsorler-9\/","title":{"rendered":"\u00dc\u00e7 Silah\u015f\u00f6rler"},"content":{"rendered":"<p>\u00dc\u00e7 silah\u015f\u00f6rler, Frans\u0131z yazar Alexander Dumas taraf\u0131ndan 1844 y\u0131l\u0131nda yaz\u0131lan ve y\u0131llard\u0131r ilgiyle okunan bir macera kitab\u0131d\u0131r. <\/p>\n","protected":false},"excerpt":{"rendered":"<p>\u00dc\u00e7 silah\u015f\u00f6rler, Frans\u0131z yazar Alexander Dumas taraf\u0131ndan 1844 y\u0131l\u0131nda yaz\u0131lan ve y\u0131llard\u0131r ilgiyle okunan bir macera kitab\u0131d\u0131r.<\/p>\n","protected":false},"featured_media":0,"template":"","meta":{"_monsterinsights_skip_tracking":false,"_monsterinsights_sitenote_active":false,"_monsterinsights_sitenote_note":"","_monsterinsights_sitenote_category":0},"product_brand":[],"product_cat":[12274,12467],"product_tag":[],"class_list":{"0":"post-775089","1":"product","2":"type-product","3":"status-publish","5":"product_cat-cocuk-ve-genclik-kitaplari","6":"product_cat-dunya-klasikleri","7":"pa_cilt-ciltsiz","8":"pa_tur-kitap","9":"pa_yayinevi-bookalemun-yayinevi","10":"pa_yazar-alexander-dumas-pere","12":"first","13":"instock","14":"sale","15":"shipping-taxable","16":"purchasable","17":"product-type-simple"},"_links":{"self":[{"href":"https:\/\/roveyayinevi.com.tr\/index.php\/wp-json\/wp\/v2\/product\/775089","targetHints":{"allow":["GET"]}}],"collection":[{"href":"https:\/\/roveyayinevi.com.tr\/index.php\/wp-json\/wp\/v2\/product"}],"about":[{"href":"https:\/\/roveyayinevi.com.tr\/index.php\/wp-json\/wp\/v2\/types\/product"}],"wp:attachment":[{"href":"https:\/\/roveyayinevi.com.tr\/index.php\/wp-json\/wp\/v2\/media?parent=775089"}],"wp:term":[{"taxonomy":"product_brand","embeddable":true,"href":"https:\/\/roveyayinevi.com.tr\/index.php\/wp-json\/wp\/v2\/product_brand?post=775089"},{"taxonomy":"product_cat","embeddable":true,"href":"https:\/\/roveyayinevi.com.tr\/index.php\/wp-json\/wp\/v2\/product_cat?post=775089"},{"taxonomy":"product_tag","embeddable":true,"href":"https:\/\/roveyayinevi.com.tr\/index.php\/wp-json\/wp\/v2\/product_tag?post=775089"}],"curies":[{"name":"wp","href":"https:\/\/api.w.org\/{rel}","templated":true}]}}