{"id":775085,"date":"2025-09-09T16:49:25","date_gmt":"2025-09-09T13:49:25","guid":{"rendered":"https:\/\/roveyayinevi.com.tr\/index.php\/urun\/enkaz-sinemasi\/"},"modified":"2026-04-16T03:11:50","modified_gmt":"2026-04-16T00:11:50","slug":"enkaz-sinemasi","status":"publish","type":"product","link":"https:\/\/roveyayinevi.com.tr\/index.php\/urun\/enkaz-sinemasi\/","title":{"rendered":"Enkaz Sinemas\u0131"},"content":{"rendered":"<p>yoruldum!   nereye baksam k\u00f6t\u00fcl\u00fc\u011f\u00fcn k\u0131l\u0131c\u0131 keskin arzunun elleri ac\u0131mas\u0131z s\u0131rt\u0131n\u0131 tene\u015fire vermi\u015f insan soyu   dolduram\u0131yor giden ard\u0131nda b\u0131rakt\u0131\u011f\u0131 bo\u015flu\u011fu   bir batakl\u0131k bu her g\u00fcn biraz daha b\u00fcy\u00fcyen leke ah! korkunun \u00e7\u0131\u011fl\u0131\u011f\u0131n\u0131 at\u0131yor herkes kendi cehenneminde   yeter! yaray\u0131 kan\u0131rt\u0131p durma tanr\u0131m hayat dedi\u011fin asabi bir kemik g\u00fcr\u00fclt\u00fcs\u00fc&#8230; <\/p>\n","protected":false},"excerpt":{"rendered":"<p>yoruldum! nereye baksam k\u00f6t\u00fcl\u00fc\u011f\u00fcn k\u0131l\u0131c\u0131 keskin arzunun elleri ac\u0131mas\u0131z s\u0131rt\u0131n\u0131 tene\u015fire vermi\u015f insan soyu dolduram\u0131yor giden ard\u0131nda b\u0131rakt\u0131\u011f\u0131 bo\u015flu\u011fu bir batakl\u0131k bu her g\u00fcn biraz daha<span class=\"excerpt-hellip\"> [\u2026]<\/span><\/p>\n","protected":false},"featured_media":0,"template":"","meta":{"_monsterinsights_skip_tracking":false,"_monsterinsights_sitenote_active":false,"_monsterinsights_sitenote_note":"","_monsterinsights_sitenote_category":0},"product_brand":[],"product_cat":[12291,12509],"product_tag":[],"class_list":{"0":"post-775085","1":"product","2":"type-product","3":"status-publish","5":"product_cat-edebiyat","6":"product_cat-siir","7":"pa_cilt-ciltsiz","8":"pa_tur-kitap","9":"pa_yayinevi-medakitap-yayinlari","10":"pa_yazar-aydan-yalcin","12":"first","13":"instock","14":"sale","15":"shipping-taxable","16":"purchasable","17":"product-type-simple"},"_links":{"self":[{"href":"https:\/\/roveyayinevi.com.tr\/index.php\/wp-json\/wp\/v2\/product\/775085","targetHints":{"allow":["GET"]}}],"collection":[{"href":"https:\/\/roveyayinevi.com.tr\/index.php\/wp-json\/wp\/v2\/product"}],"about":[{"href":"https:\/\/roveyayinevi.com.tr\/index.php\/wp-json\/wp\/v2\/types\/product"}],"wp:attachment":[{"href":"https:\/\/roveyayinevi.com.tr\/index.php\/wp-json\/wp\/v2\/media?parent=775085"}],"wp:term":[{"taxonomy":"product_brand","embeddable":true,"href":"https:\/\/roveyayinevi.com.tr\/index.php\/wp-json\/wp\/v2\/product_brand?post=775085"},{"taxonomy":"product_cat","embeddable":true,"href":"https:\/\/roveyayinevi.com.tr\/index.php\/wp-json\/wp\/v2\/product_cat?post=775085"},{"taxonomy":"product_tag","embeddable":true,"href":"https:\/\/roveyayinevi.com.tr\/index.php\/wp-json\/wp\/v2\/product_tag?post=775085"}],"curies":[{"name":"wp","href":"https:\/\/api.w.org\/{rel}","templated":true}]}}