{"id":775081,"date":"2025-09-09T16:39:40","date_gmt":"2025-09-09T13:39:40","guid":{"rendered":"https:\/\/roveyayinevi.com.tr\/index.php\/urun\/kolay-olmayacak\/"},"modified":"2026-04-16T03:10:40","modified_gmt":"2026-04-16T00:10:40","slug":"kolay-olmayacak","status":"publish","type":"product","link":"https:\/\/roveyayinevi.com.tr\/index.php\/urun\/kolay-olmayacak\/","title":{"rendered":"Kolay Olmayacak"},"content":{"rendered":"<p>Hangimizin a\u015fk hayat\u0131 ini\u015f-\u00e7\u0131k\u0131\u015flar ya\u015famad\u0131 ki! Eminim bir\u00e7o\u011fumuz do\u011fru insan\u0131 bulabilmek i\u00e7in yanl\u0131\u015f insanlara ne \u00e7ok de\u011fer verdik. T\u0131pk\u0131 \u00c7ilem gibi&#8230; \u00c7ilem tam bir a\u015fk kad\u0131n\u0131 fakat onu istemedi\u011fi bir evlili\u011fe s\u00fcr\u00fckleyen, a\u015famad\u0131\u011f\u0131 nedenleri var. Hayat\u0131n\u0131n ger\u00e7ek a\u015fk\u0131n\u0131 bulmak i\u00e7in \u00e7abalayan \u00c7ilem, a\u015fk\u0131 hi\u00e7 ummad\u0131\u011f\u0131 bir insanda ya\u015fayacak. Bu romanda hi\u00e7bir \u015fey \u201cKOLAY OLMAYACAK\u201d <\/p>\n","protected":false},"excerpt":{"rendered":"<p>Hangimizin a\u015fk hayat\u0131 ini\u015f-\u00e7\u0131k\u0131\u015flar ya\u015famad\u0131 ki! Eminim bir\u00e7o\u011fumuz do\u011fru insan\u0131 bulabilmek i\u00e7in yanl\u0131\u015f insanlara ne \u00e7ok de\u011fer verdik. T\u0131pk\u0131 \u00c7ilem gibi&#8230; \u00c7ilem tam bir a\u015fk kad\u0131n\u0131<span class=\"excerpt-hellip\"> [\u2026]<\/span><\/p>\n","protected":false},"featured_media":0,"template":"","meta":{"_monsterinsights_skip_tracking":false,"_monsterinsights_sitenote_active":false,"_monsterinsights_sitenote_note":"","_monsterinsights_sitenote_category":0},"product_brand":[],"product_cat":[12291,12711],"product_tag":[],"class_list":{"0":"post-775081","1":"product","2":"type-product","3":"status-publish","5":"product_cat-edebiyat","6":"product_cat-roman-oyku","7":"pa_cilt-ciltsiz","8":"pa_tur-kitap","9":"pa_yayinevi-zet-yayinlari","10":"pa_yazar-tugba-akin","12":"first","13":"instock","14":"sale","15":"shipping-taxable","16":"purchasable","17":"product-type-simple"},"_links":{"self":[{"href":"https:\/\/roveyayinevi.com.tr\/index.php\/wp-json\/wp\/v2\/product\/775081","targetHints":{"allow":["GET"]}}],"collection":[{"href":"https:\/\/roveyayinevi.com.tr\/index.php\/wp-json\/wp\/v2\/product"}],"about":[{"href":"https:\/\/roveyayinevi.com.tr\/index.php\/wp-json\/wp\/v2\/types\/product"}],"wp:attachment":[{"href":"https:\/\/roveyayinevi.com.tr\/index.php\/wp-json\/wp\/v2\/media?parent=775081"}],"wp:term":[{"taxonomy":"product_brand","embeddable":true,"href":"https:\/\/roveyayinevi.com.tr\/index.php\/wp-json\/wp\/v2\/product_brand?post=775081"},{"taxonomy":"product_cat","embeddable":true,"href":"https:\/\/roveyayinevi.com.tr\/index.php\/wp-json\/wp\/v2\/product_cat?post=775081"},{"taxonomy":"product_tag","embeddable":true,"href":"https:\/\/roveyayinevi.com.tr\/index.php\/wp-json\/wp\/v2\/product_tag?post=775081"}],"curies":[{"name":"wp","href":"https:\/\/api.w.org\/{rel}","templated":true}]}}