{"id":775073,"date":"2025-09-09T16:33:51","date_gmt":"2025-09-09T13:33:51","guid":{"rendered":"https:\/\/roveyayinevi.com.tr\/index.php\/urun\/praksis-sayi-63-ekokriz-kapitalist-tahribat-ve-alternatifler\/"},"modified":"2026-04-16T03:09:37","modified_gmt":"2026-04-16T00:09:37","slug":"praksis-sayi-63-ekokriz-kapitalist-tahribat-ve-alternatifler","status":"publish","type":"product","link":"https:\/\/roveyayinevi.com.tr\/index.php\/urun\/praksis-sayi-63-ekokriz-kapitalist-tahribat-ve-alternatifler\/","title":{"rendered":"Praksis Say\u0131 63 &#8211; Ekokriz: Kapitalist Tahribat ve Alternatifler"},"content":{"rendered":"<p>Praksis\u2019in 63. say\u0131s\u0131  Kapitalist Tahribat, Ekolojik Kriz ve Sosyalist Alternatif ba\u015fl\u0131kl\u0131 bu say\u0131m\u0131zda, kapitalist \u00fcretim bi\u00e7imine i\u00e7kin yap\u0131sal d\u00f6ng\u00fcy\u00fc k\u0131rman\u0131n alternatiflerini ara\u015ft\u0131rmaya soyunduk. T\u00fcrleri d\u0131\u015flayarak sistem i\u00e7i iyile\u015ftirme aray\u0131\u015flar\u0131n\u0131 besleyen derin ekoloji ya da eko-fa\u015fizm gibi ekoloji hareketlerine kar\u015f\u0131, Marksist ekoloji, eko-feminizm, ekososyalizm tart\u0131\u015fmay\u0131 hedefledi\u011fimiz hareketler aras\u0131nda.  G\u00fcn\u00fcm\u00fcz ekoloji hareketlerinin s\u0131n\u0131fla ba\u011flant\u0131s\u0131, suyun ticarile\u015ftirilmesi, HES\u2019ler, do\u011fal alanlar\u0131n tahribi, kentsel d\u00f6n\u00fc\u015f\u00fcm, madencilik faaliyetleri, ormanlar\u0131n yok edilmesi, silahlanma, end\u00fcstriyel at\u0131klar, \u00fc\u00e7\u00fcnc\u00fc d\u00fcnya \u00fclkelerine \u00e7\u00f6p ihracat\u0131, CO2 ticareti gibi, asl\u0131nda kapitalizmde v\u00fccut bulmu\u015f pek \u00e7ok konu merak\u0131m\u0131z\u0131 cezbetmeye devam ediyor.  Bu nedenle s\u00fcrmekte olan bu yap\u0131sal krize odaklanan \u00f6zel bir say\u0131 haz\u0131rlamak ka\u00e7\u0131n\u0131lmaz hale geldi. Amac\u0131m\u0131z ana ak\u0131m ekoloji tart\u0131\u015fmalar\u0131nda insan\u0131n do\u011faya egemen bir varl\u0131k olu\u015funa meydan okuma gibi g\u00f6sterilen meselenin do\u011fa-insan sava\u015f\u0131 gibi bir soyutlamadan \u00e7ok tarihsel ve s\u0131n\u0131fsal ba\u011flam\u0131yla birlikte ele al\u0131nmas\u0131 gerekti\u011fi tezini savunmak ve antroposen gibi soyut bir tan\u0131mlama yerine, asl\u0131nda sermayenin bir b\u00fct\u00fcn olarak do\u011faya ve eme\u011fe sald\u0131r\u0131s\u0131n\u0131 ortaya koymak.      \u2022 Deprem sonras\u0131nda afetin ve tar\u0131m\u0131n politik ekolojisi: Hatay \u00f6rne\u011fi \/ Cemil Y\u0131ld\u0131zcan     \u2022 Planl\u0131 Degrowth: Ekososyalizm ve S\u00fcrd\u00fcr\u00fclebilir \u0130nsani B\u00fcy\u00fcme \/John Bellamy Foster     \u2022 S\u00fcrd\u00fcr\u00fclebilir Kapitalizmin \u00c7imentosu: S\u00fcrd\u00fcr\u00fclebilir Kalk\u0131nmaya Ele\u015ftirel Bir Bak\u0131\u015f \/Ahmet Hamdi Ba\u015far     \u2022 Ayn\u0131lar Ayn\u0131 Yerde: Ekolojik Krize Kar\u015f\u0131 Ye\u015fil B\u00fcy\u00fcme ve K\u00fc\u00e7\u00fclme \u00d6nerilerine Emek Penceresinden Ele\u015ftirel Bak\u0131\u015f\/ Ahmet Yazar, Duygu Y\u0131ld\u0131z Karako\u00e7     \u2022 Ele\u015ftirel Do\u011fa Kuram\u0131: Frankfurt Okulu ve Toplum-Do\u011fa Diyalekti\u011fi Tart\u0131\u015fmas\u0131nda Yeni A\u00e7\u0131l\u0131mlar\/Berkay Co\u015fkun     \u2022 Kapitalist Ye\u015fil Boyama: Uluslararas\u0131 \u015eirketlerin Hegemonik Stratejisi\/ Tu\u011fba Kanc\u0131, Umutcan Tarcan     \u2022 Hegemonik Ak\u0131nt\u0131ya Kar\u015f\u0131 Durmak: T\u00fcrkiye\u2019de Yayg\u0131nla\u015fan Yenilenebilir Enerji Kar\u015f\u0131t\u0131 M\u00fccadeleler \u00dczerine D\u00fc\u015f\u00fcnceler\/Ethemcan Turan, Cem \u0130skender Ayd\u0131n     \u2022 Emek S\u00fcre\u00e7lerinde Ekolojik Y\u0131k\u0131m ve Emek S\u00f6m\u00fcr\u00fcs\u00fcn\u00fcn Kesi\u015fimselli\u011fi: Alia\u011fa Gemi S\u00f6k\u00fcm Tesisleri \u00d6rne\u011fi\/Ekinsu D. Dan\u0131\u015f, Irmak Ert\u00f6r     \u2022 Do\u011fu Karadeniz B\u00f6lgesi Vadilerinin Gezegensel Kentle\u015fme Deneyimi: F\u0131rt\u0131na 199- 200 Vadisinde Turizm End\u00fcstrisi ve Do\u011fa Koruma \u00c7er\u00e7evelerinin Geli\u015fimi ve Bunlara Kar\u015f\u0131 Geli\u015fen \u0130tirazlar\/Onur A\u00e7ar     \u2022      \u2022      \u2022      \u2022 Kapitalist K\u00fcreselle\u015fmenin \u00c7evre Sald\u0131r\u0131s\u0131 Kar\u015f\u0131s\u0131nda \u00d6rg\u00fctlenen Kad\u0131nlar: Yo\u011furt\u00e7u Kad\u0131n Forumu\/Sinem Bal     \u2022      \u2022 Brezilya Amazonlar\u0131nda Ormans\u0131zla\u015ft\u0131rma ve Ekolojik Direni\u015f: Yeni-Ekstraktivizmden Post-Ekstraktivizme Ge\u00e7i\u015f M\u00fcmk\u00fcn m\u00fc?\/Esra Akgemci     \u2022 Mahallede Mek\u00e2nsal Ayr\u0131\u015fma: Rezidansla Gecekondunun Kom\u015fulu\u011fu\/Leyla Bekta\u015f Ata     \u2022 Bitcoin ve Kripto Para Piyasas\u0131n\u0131n \u00c7evresel Maliyeti: Piyasan\u0131n Trajedisi \/Mehmet Onur Do\u011fan     \u2022 291-310 T\u00fcrkiye Ekonomisinde Sermaye Birikim Dinamikleri: \u00dcretken Olmayan Emek, Art\u0131k De\u011fer Oran\u0131 ve K\u00e2rl\u0131l\u0131k\/Ozan Mutlu      \u2022<\/p>\n","protected":false},"excerpt":{"rendered":"<p>Praksis\u2019in 63. say\u0131s\u0131 Kapitalist Tahribat, Ekolojik Kriz ve Sosyalist Alternatif ba\u015fl\u0131kl\u0131 bu say\u0131m\u0131zda, kapitalist \u00fcretim bi\u00e7imine i\u00e7kin yap\u0131sal d\u00f6ng\u00fcy\u00fc k\u0131rman\u0131n alternatiflerini ara\u015ft\u0131rmaya soyunduk. T\u00fcrleri d\u0131\u015flayarak sistem<span class=\"excerpt-hellip\"> [\u2026]<\/span><\/p>\n","protected":false},"featured_media":0,"template":"","meta":{"_monsterinsights_skip_tracking":false,"_monsterinsights_sitenote_active":false,"_monsterinsights_sitenote_note":"","_monsterinsights_sitenote_category":0},"product_brand":[],"product_cat":[13527],"product_tag":[],"class_list":{"0":"post-775073","1":"product","2":"type-product","3":"status-publish","5":"product_cat-sureli-yayinlar","6":"pa_cilt-ciltsiz","7":"pa_tur-dergi","8":"pa_yayinevi-dipnot-yayinlari","9":"pa_yazar-kolektif","11":"first","12":"instock","13":"sale","14":"shipping-taxable","15":"purchasable","16":"product-type-simple"},"_links":{"self":[{"href":"https:\/\/roveyayinevi.com.tr\/index.php\/wp-json\/wp\/v2\/product\/775073","targetHints":{"allow":["GET"]}}],"collection":[{"href":"https:\/\/roveyayinevi.com.tr\/index.php\/wp-json\/wp\/v2\/product"}],"about":[{"href":"https:\/\/roveyayinevi.com.tr\/index.php\/wp-json\/wp\/v2\/types\/product"}],"wp:attachment":[{"href":"https:\/\/roveyayinevi.com.tr\/index.php\/wp-json\/wp\/v2\/media?parent=775073"}],"wp:term":[{"taxonomy":"product_brand","embeddable":true,"href":"https:\/\/roveyayinevi.com.tr\/index.php\/wp-json\/wp\/v2\/product_brand?post=775073"},{"taxonomy":"product_cat","embeddable":true,"href":"https:\/\/roveyayinevi.com.tr\/index.php\/wp-json\/wp\/v2\/product_cat?post=775073"},{"taxonomy":"product_tag","embeddable":true,"href":"https:\/\/roveyayinevi.com.tr\/index.php\/wp-json\/wp\/v2\/product_tag?post=775073"}],"curies":[{"name":"wp","href":"https:\/\/api.w.org\/{rel}","templated":true}]}}